Holm, Orkney weather
Latitude N 59° 29' 09" Longitude W 02° 53' 30" Elevation 33 ft
NOAA Style Reports for xulih weather
Select a Year or Month report
Report for 2023 Feb Monthly Climatological Summary for Feb 2023 Name: xulih weather City: Holm State: Orkney Elevation: 33 ft Lat: N 58 53 53 Lon: W 002 53 30 Temperature (°C), Rain (mm), Wind Speed (mph) Heat Cool Avg Mean Deg Deg Wind Dom Day Temp High Time Low Time Days Days Rain Speed High Time Dir ---------------------------------------------------------------------------------- 01 5.2 7.3 12:18 2.4 18:27 13.1 0.0 1.0 23.8 68.0 01:48 WNW 02 7.3 10.1 18:07 3.7 00:18 11.0 0.0 16.0 17.6 52.8 23:06 WSW 03 6.7 8.3 23:35 5.0 04:53 11.6 0.0 1.0 15.2 45.9 00:13 WNW 04 7.4 9.3 11:53 3.4 20:25 10.9 0.0 2.0 17.5 44.3 14:14 WSW 05 6.3 7.4 23:54 4.8 00:03 12.0 0.0 0.0 12.2 25.7 02:47 WSW 06 8.1 10.1 14:04 6.4 07:24 10.2 0.0 0.0 13.7 25.3 11:59 SSW 07 7.0 8.9 12:26 4.5 22:02 11.3 0.0 0.0 9.6 24.4 23:37 SW 08 6.4 9.3 14:07 3.4 19:29 11.9 0.0 3.3 25.6 49.0 09:19 SW 09 5.0 7.1 11:04 3.1 04:24 13.3 0.0 6.1 24.0 61.5 09:52 W 10 8.4 10.5 15:54 5.1 00:00 9.9 0.0 4.3 22.6 46.5 15:13 W 11 9.3 10.2 12:35 8.6 21:39 9.0 0.0 0.0 15.8 30.2 00:04 W 12 8.5 10.1 12:21 6.0 22:35 9.8 0.0 0.0 12.2 23.0 08:24 SW 13 6.6 10.0 13:31 3.6 06:57 11.7 0.0 0.0 5.4 19.5 12:36 S 14 7.0 9.9 14:49 3.9 07:59 11.3 0.0 0.0 10.1 22.6 21:14 SSW 15 8.0 9.5 14:34 5.3 23:54 10.3 0.0 1.0 17.4 33.3 19:15 SW 16 5.8 7.5 13:16 4.4 04:56 12.5 0.0 1.0 12.6 31.1 01:38 SW 17 6.4 9.2 05:28 3.3 23:46 11.9 0.0 8.4 21.4 70.2 07:17 WNW 18 4.3 8.7 12:57 0.9 07:39 14.0 0.0 0.0 3.7 12.8 23:39 WNW 19 7.3 10.7 20:41 4.8 01:21 11.0 0.0 11.7 17.4 55.5 23:59 WSW 20 8.0 10.6 00:01 6.7 22:36 10.3 0.0 0.0 28.8 55.5 00:00 WNW 21 7.9 9.9 13:35 6.2 02:58 10.4 0.0 0.0 9.2 19.9 22:10 SSW 22 5.7 8.4 12:57 1.4 22:27 12.6 0.0 2.0 7.8 20.4 14:38 NNW 23 6.0 8.6 19:04 0.8 05:21 12.3 0.0 6.3 16.7 37.8 15:38 WNW 24 4.8 6.5 00:00 3.4 23:44 13.5 0.0 1.0 10.1 23.0 13:38 N 25 3.6 6.2 14:23 0.5 21:03 14.7 0.0 0.0 5.3 14.5 00:17 N 26 4.3 9.4 15:26 0.8 00:12 14.0 0.0 0.0 2.6 9.6 09:29 W 27 7.0 9.1 13:05 5.0 00:24 11.3 0.0 0.0 2.0 10.1 13:23 NNE 28 7.2 8.6 11:53 6.0 06:29 11.1 0.0 0.0 3.7 11.9 13:56 NNE ---------------------------------------------------------------------------------- 6.6 10.7 19 0.5 25 326.9 0.0 65.1 13.7 70.2 17 W Max >= 27.0 0 Max <= 0.0 0 Min <= 0.0 0 Min <= -18.0 0 Max Rain: 16.0 on day 2 Days of Rain: 14 (>= 0.2 mm) 9 (>= 2.0 mm) 0 (>= 20.0 mm) Heat Base: 18.3 Cool Base: 18.3 Method: Integration |
||
:Home::now::gauges::today: :yesterday::this month::this year::records::monthly records::reports::trends::forum: |
Page updated 09/04/2015 12:35:00
powered by
Cumulus
v1.9.4 (1099)