NOAA-style Climate Reports

Select a Year or Month report

Report for 2019 Sep
                   Monthly Climatological Summary for Sep 2019

Name: xulih weather   City: Holm   State: Orkney
Elevation: 33 ft  Lat: N 58 53' 54"   Lon: W 002 53' 31"

                  Temperature (C), Rain (mm), Wind Speed (mph)

                                      Heat  Cool        Avg
    Mean                              Deg   Deg         Wind                 Dom
Day Temp  High   Time   Low    Time   Days  Days  Rain  Speed High   Time    Dir
----------------------------------------------------------------------------------
 1  11.5  14.2   15:47   9.3   22:53   6.8   0.0   2.0  10.2  22.8   11:12    NW
 2  11.0  13.8   17:26   7.7   23:52   7.3   0.0   8.4   9.4  17.9   10:37   SSW
 3  11.5  15.3   12:57   5.6   07:10   6.8   0.0   4.3   8.4  25.1   23:04   SSE
 4  10.8  15.3   11:30   7.5   22:35   7.5   0.0   2.0  13.7  34.4   17:20    NW
 5  11.1  14.1   12:34   7.5   04:54   7.2   0.0   7.4  14.8  30.0   16:08   WNW
 6  12.1  15.4   14:35   8.0   23:45   6.2   0.0   2.0  14.7  27.1   10:48   WNW
 7  10.0  14.1   17:39   5.1   23:09   8.3   0.0   0.0   6.5  15.4   09:13   NNW
 8  11.8  16.6   16:21   5.4   00:00   6.5   0.0   0.0  12.2  22.4   18:07   SSE
 9  13.1  15.5   14:06  11.9   05:03   5.2   0.0   0.0  14.6  24.2   03:08   SSE
10  12.6  15.8   14:38   8.3   06:54   5.7   0.0   1.0  12.2  30.2   22:31   SSW
11  13.4  15.2   13:36  12.2   03:50   4.9   0.0   3.0  20.1  37.6   15:38     W
12  12.5  14.2   13:16   9.8   23:00   5.8   0.0   3.0  18.1  32.9   00:09     W
13  12.3  15.1   16:00  10.0   01:22   6.0   0.0   6.1  20.4  39.4   11:24     W
14  12.5  15.0   16:15  11.3   06:34   5.8   0.0   0.0  21.8  50.1   23:28   WSW
15  11.3  13.2   14:56   9.5   00:22   7.0   0.0   0.0  29.8  57.5   07:41   WNW
16  10.8  13.6   12:22   7.7   22:14   7.5   0.0   1.0  19.6  39.4   21:42   WNW
17   9.4  12.4   12:00   6.9   23:58   8.9   0.0   0.0  14.1  37.1   00:42    NW
18  10.0  13.7   15:30   5.4   02:31   8.3   0.0   0.0   6.5  17.4   21:40    SE
19  12.7  15.3   13:54  10.8   00:00   5.5   0.0   0.0  12.9  29.5   16:11     W
----------------------------------------------------------------------------------
    11.6  16.6     8     5.1     7   127.2   0.0  40.2  14.7  57.5    15       W

Max >=  27.0:  0
Max <=   0.0:  0
Min <=   0.0:  0
Min <= -18.0:  0
Max Rain: 8.4 on day 2
Days of Rain: 11 (>= 0.2 mm)  9 (>= 2.0 mm)  0 (>= 20.0 mm)
Heat Base: 18.3  Cool Base: 18.3  Method: Integration