NOAA-style Climate Reports

Select a Year or Month report

Report for 2021 Sep
                   Monthly Climatological Summary for Sep 2021

Name: xulih weather   City: Holm   State: Orkney
Elevation: 33 ft  Lat: N 58 53 53   Lon: W 002 53 30

                  Temperature (�C), Rain (mm), Wind Speed (mph)

                                      Heat  Cool        Avg
    Mean                              Deg   Deg         Wind                 Dom
Day Temp  High   Time   Low    Time   Days  Days  Rain  Speed High   Time    Dir
----------------------------------------------------------------------------------
01  12.4  14.0   10:53   9.8   03:58   5.9   0.0   0.0   6.1  17.7   08:37   NNW
02  12.5  13.6   13:33  11.4   03:36   5.8   0.0   0.0   1.6   6.5   02:13   WNW
03  13.3  16.8   15:25  11.1   06:35   5.0   0.0   0.0   1.9   8.5   11:26    SW
04  12.9  16.4   11:48   7.3   05:04   5.4   0.0   0.0   6.7  19.0   23:13   SSE
05  14.3  17.3   11:51  13.1   05:32   4.0   0.0   1.0   9.3  19.5   00:07     S
06  15.7  20.1   12:36  12.2   06:17   2.7   0.1   0.0   2.8   9.6   23:45     S
07  17.1  21.6   15:20  14.9   06:17   1.7   0.4   0.0   3.4  11.0   06:44   WSW
08  17.3  22.7   13:56  14.6   07:04   1.6   0.6   0.0   3.4  10.5   15:09    SE
09  13.9  14.8   00:17  13.3   08:12   4.4   0.0   4.3  10.0  22.1   16:25    NE
10  14.4  16.1   14:58  13.4   00:00   3.9   0.0   0.0   4.2  10.7   09:12    NE
11  12.8  14.0   10:51  10.3   21:27   5.5   0.0  25.1   5.9  20.4   20:07   NNE
12  11.9  16.3   17:32   7.9   23:50   6.4   0.0   0.0   4.1  12.8   10:49   NNW
13  13.0  18.5   16:38   6.1   00:55   5.3   0.0   0.0   7.1  16.1   14:54   SSE
14  15.1  20.0   15:46  11.9   01:30   3.4   0.2   0.0   5.9  12.5   11:23   SSE
15  15.2  20.1   13:22  12.6   04:04   3.2   0.1   0.0   3.6  13.0   23:31   SSE
16  14.6  19.6   16:35  12.3   06:56   3.8   0.1   3.0   9.0  23.9   22:09     S
17  14.4  17.3   13:08  12.5   22:51   3.9   0.0   9.7  13.9  27.5   13:38   SSE
18  14.1  18.6   14:08  11.3   06:32   4.2   0.0   0.0   7.9  17.4   16:08   SSE
19  13.7  16.2   17:19   8.6   23:04   4.6   0.0   5.1   6.7  20.1   06:31   SSE
20  12.3  15.7   13:09   7.8   05:41   6.0   0.0   1.3  10.2  28.4   18:43   WSW
21  14.5  18.1   17:05  12.5   00:00   3.8   0.0   0.0  12.0  26.2   23:55   WSW
22  13.2  15.1   06:20  11.7   08:18   5.1   0.0   2.0  16.9  34.4   02:01   WSW
23  11.2  12.9   13:32   8.7   06:29   7.1   0.0   5.3  20.8  53.0   05:07   WNW
24  13.3  16.3   13:22  10.9   20:39   5.0   0.0   0.0  20.0  42.7   10:22   WNW
25  14.1  18.7   15:06  11.2   00:20   4.2   0.0   0.0  10.6  23.7   10:58   SSW
26  15.1  18.9   16:05  12.1   23:54   3.2   0.0   3.0  13.9  29.5   11:34   SSE
27  10.0  12.1   00:00   8.7   14:42   8.3   0.0  31.5  11.2  31.1   20:17   WNW
----------------------------------------------------------------------------------
    13.8  22.7     8     6.1    13   123.4   1.5  91.3   8.5  53.0    23      SW

Max >=  27.0  0
Max <=   0.0  0
Min <=   0.0  0
Min <= -18.0  0
Max Rain: 31.5 on day 27
Days of Rain: 11 (>= 0.2 mm)  9 (>= 2.0 mm)  2 (>= 20.0 mm)
Heat Base: 18.3  Cool Base: 18.3  Method: Integration