Select a Year or Month report
Report for 2024 Apr
Monthly Climatological Summary for Apr 2024
Name: xulih weather City: Holm State: Orkney
Elevation: 33 ft Lat: N 58 53 53 Lon: W 002 53 30
Temperature (�C), Rain (mm), Wind Speed (mph)
Heat Cool Avg
Mean Deg Deg Wind Dom
Day Temp High Time Low Time Days Days Rain Speed High Time Dir
----------------------------------------------------------------------------------
01 8.0 9.9 13:02 6.5 06:38 10.3 0.0 0.0 14.3 30.0 21:30 ENE
02 6.8 8.7 12:31 4.4 21:47 11.5 0.0 0.0 21.2 30.6 15:14 ENE
03 5.0 6.8 11:23 3.9 21:01 13.3 0.0 0.0 22.7 34.4 01:59 ENE
04 4.5 8.8 18:23 1.6 22:32 13.8 0.0 0.0 11.9 27.7 07:59 NE
05 4.4 7.2 13:46 0.7 02:52 13.9 0.0 0.0 11.6 26.2 23:13 E
06 8.5 12.8 16:18 5.5 00:19 9.8 0.0 0.0 22.3 40.0 13:33 SE
07 9.8 13.9 14:05 8.0 04:23 8.5 0.0 0.0 20.0 37.1 11:35 SSW
08 9.8 13.8 13:30 7.0 06:21 8.5 0.0 0.0 15.5 34.7 02:33 SSW
09 7.2 8.9 19:12 5.5 23:14 11.1 0.0 0.0 7.6 24.4 19:22 NNW
10 7.7 10.3 11:53 5.1 01:01 10.6 0.0 0.0 16.1 30.0 02:16 SSW
11 12.1 16.1 16:54 9.6 00:00 6.2 0.0 0.0 18.7 37.1 07:37 WSW
12 12.8 19.3 16:28 9.9 05:58 5.5 0.0 0.0 12.1 26.2 21:05 SW
13 8.7 12.2 13:13 5.3 21:35 9.6 0.0 0.0 18.7 39.1 19:53 WSW
14 7.7 11.2 13:33 4.3 07:58 10.6 0.0 0.0 14.8 34.2 00:46 WSW
15 7.9 10.5 14:31 5.6 07:05 10.4 0.0 0.0 10.0 22.4 02:35 NW
16 6.2 8.9 13:37 4.2 06:39 12.1 0.0 0.0 17.3 37.1 19:36 NW
17 7.8 14.3 18:38 3.0 05:46 10.5 0.0 0.0 6.3 32.9 00:06 N
18 7.5 10.2 15:46 4.4 00:00 10.8 0.0 0.0 13.4 34.4 14:05 WNW
----------------------------------------------------------------------------------
7.9 19.3 12 0.7 5 187.0 0.0 0.0 15.2 40.0 6 WSW
Max >= 27.0 0
Max <= 0.0 0
Min <= 0.0 0
Min <= -18.0 0
Max Rain: 0.0 on day 0
Days of Rain: 0 (>= 0.2 mm) 0 (>= 2.0 mm) 0 (>= 20.0 mm)
Heat Base: 18.3 Cool Base: 18.3 Method: Integration