Holm, Orkney weather
Latitude N 59° 29' 09" Longitude W 02° 53' 30" Elevation 33 ft
NOAA Style Reports for xulih weather
Select a Year or Month report
Report for 2022 Nov Monthly Climatological Summary for Nov 2022 Name: xulih weather City: Holm State: Orkney Elevation: 33 ft Lat: N 58 53 53 Lon: W 002 53 30 Temperature (°C), Rain (mm), Wind Speed (mph) Heat Cool Avg Mean Deg Deg Wind Dom Day Temp High Time Low Time Days Days Rain Speed High Time Dir ---------------------------------------------------------------------------------- 01 11.2 12.2 00:20 9.4 21:43 7.1 0.0 26.4 15.0 32.2 17:03 SSW 02 12.0 20.6 18:33 7.6 07:17 6.7 0.4 3.3 21.1 52.1 16:55 S 03 20.2 20.2 00:00 20.2 00:00 0.0 1.9 4.1 20.4 49.2 04:52 WSW 04 12.6 20.2 00:00 7.5 23:57 6.3 0.6 2.0 14.1 32.2 05:53 WNW 05 8.6 10.5 19:47 4.1 06:29 9.7 0.0 2.3 7.8 19.7 20:20 WSW 06 9.7 11.3 11:16 5.6 05:39 8.6 0.0 0.0 11.4 25.5 14:19 S 07 10.8 12.5 11:32 9.5 04:24 7.5 0.0 1.0 13.3 32.9 23:41 SSE 08 11.4 12.4 13:30 9.6 23:58 6.9 0.0 1.0 16.0 35.6 00:36 S 09 9.9 13.3 12:47 8.3 04:14 8.4 0.0 1.0 12.6 27.7 23:52 SSW 10 12.7 14.6 18:58 10.1 00:00 5.6 0.0 3.3 19.2 34.7 11:09 SSW 11 12.5 14.8 15:50 10.5 22:18 5.8 0.0 8.4 12.0 32.7 13:09 SW 12 11.3 12.5 11:32 9.4 05:02 7.0 0.0 0.0 7.6 17.0 21:26 SSE 13 11.6 13.3 12:07 10.3 00:30 6.7 0.0 0.0 15.9 31.1 23:47 SSE 14 11.7 12.1 09:20 11.2 17:47 6.6 0.0 1.0 25.9 37.1 10:08 SSE 15 11.3 12.2 11:50 10.5 20:23 7.0 0.0 11.7 32.3 56.1 20:53 SE 16 10.8 11.5 02:14 10.2 17:19 7.5 0.0 7.4 22.8 47.0 00:37 SSE 17 9.8 11.5 02:22 7.9 17:34 8.5 0.0 3.0 31.2 47.6 02:57 SE 18 9.5 10.5 20:40 8.0 04:46 8.8 0.0 1.0 31.5 44.5 16:32 SE 19 9.9 10.4 00:07 9.3 23:20 8.4 0.0 0.0 32.9 46.5 01:15 SSE 20 8.3 9.5 01:31 3.9 23:23 10.0 0.0 2.0 22.4 49.7 01:07 SSE 21 7.5 9.0 14:01 4.2 00:06 10.8 0.0 4.3 15.0 29.5 09:48 SE 22 6.7 8.1 12:55 5.5 04:47 11.6 0.0 11.7 17.6 31.3 04:27 SSE 23 8.7 10.1 11:54 6.5 01:37 9.6 0.0 2.0 21.7 43.8 16:26 SSE 24 9.2 10.5 17:37 7.6 08:41 9.1 0.0 0.0 20.1 40.3 18:16 S 25 8.9 9.9 17:52 7.8 06:39 9.4 0.0 1.0 18.9 35.6 01:38 SSW 26 10.2 11.2 14:12 8.5 00:00 8.1 0.0 2.0 22.6 44.5 22:09 S 27 10.0 11.2 02:07 8.9 08:23 8.3 0.0 0.0 18.4 40.9 00:17 S 28 7.8 10.8 12:24 2.0 22:32 10.5 0.0 0.0 6.5 27.3 00:38 S 29 4.8 8.9 13:11 1.0 07:29 13.5 0.0 0.0 2.3 11.0 22:15 S 30 8.5 9.3 12:00 7.0 00:32 9.8 0.0 0.0 15.5 31.1 23:45 S ---------------------------------------------------------------------------------- 10.3 20.6 2 1.0 29 243.8 2.9 99.9 18.1 56.1 15 S Max >= 27.0 0 Max <= 0.0 0 Min <= 0.0 0 Min <= -18.0 0 Max Rain: 26.4 on day 1 Days of Rain: 21 (>= 0.2 mm) 15 (>= 2.0 mm) 1 (>= 20.0 mm) Heat Base: 18.3 Cool Base: 18.3 Method: Integration |
||
:Home::now::gauges::today: :yesterday::this month::this year::records::monthly records::reports::trends::forum: |
Page updated 09/04/2015 12:35:00
powered by
Cumulus
v1.9.4 (1099)