Holm, Orkney weather

 Latitude N 59° 29' 09"    Longitude W 02° 53' 30"    Elevation 33 ft

NOAA Style Reports for xulih weather


Report for 2020 Dec
                   Monthly Climatological Summary for Dec 2020

Name: xulih weather   City: Holm   State: Orkney
Elevation: 33 ft  Lat: N 58 53 53   Lon: W 002 53 30

                  Temperature (C), Rain (mm), Wind Speed (mph)

                                      Heat  Cool        Avg
    Mean                              Deg   Deg         Wind                 Dom
Day Temp  High   Time   Low    Time   Days  Days  Rain  Speed High   Time    Dir
----------------------------------------------------------------------------------
01   5.5   9.1   21:42   1.0   04:52  12.8   0.0   0.0   6.7  17.0   12:51   SSW
02   6.1   8.5   02:18   3.8   20:51  12.3   0.0   0.0  16.8  29.5   13:05    SW
03   2.2   4.3   14:10   0.0   16:29  16.1   0.0   0.0   5.9  20.6   01:21    SW
04   5.7   7.2   13:31   1.0   00:00  12.6   0.0   0.0  13.5  27.1   16:28   ENE
05   5.9   6.8   00:22   2.7   23:55  12.4   0.0   0.0   8.3  25.9   05:00   ENE
06   5.3   6.9   11:20   2.5   00:02  13.0   0.0   0.0   5.1  16.8   10:16   ENE
07   5.7   7.1   12:02   2.8   01:50  12.6   0.0   0.0   9.7  27.7   23:20    NE
08   7.4   8.2   10:36   6.3   06:07  10.9   0.0   0.0  21.4  37.4   14:41   ESE
09   8.0   8.7   12:21   7.6   05:34  10.3   0.0   0.0  24.0  39.1   22:17   SSE
10   8.3   8.6   18:16   7.9   00:00  10.0   0.0   0.0  29.2  50.3   21:37   SSE
11   8.0   8.5   01:20   7.6   12:12  10.3   0.0   0.0  32.0  50.3   00:00   SSE
12   7.8   8.0   11:18   7.4   07:37  10.5   0.0   0.0  20.6  36.7   01:53   SSE
13   8.0   9.0   23:35   7.3   20:25  10.3   0.0   0.0  27.5  49.0   20:20    SE
14   8.7   9.8   10:58   6.8   23:42   9.6   0.0   0.0  15.2  32.9   00:04     S
15   7.5   9.0   12:22   6.1   23:59  10.8   0.0   0.0  10.0  19.9   04:20   SSW
16   8.1   9.1   18:14   5.5   01:04  10.2   0.0   0.0  20.3  39.6   17:16   SSE
17   7.9   8.6   00:00   6.9   19:03  10.4   0.0   0.0  13.7  31.1   22:46   SSW
18   9.0  10.1   16:33   8.0   09:18   9.3   0.0   0.0  14.2  32.0   15:59     S
19   8.6   9.3   02:33   7.3   23:44   9.7   0.0   0.0  15.1  30.6   20:21     S
20   6.9   8.0   03:17   5.8   18:05  11.4   0.0   0.0  19.0  32.9   03:00   SSW
21   6.5   7.6   11:40   4.7   19:53  11.8   0.0   2.0  14.2  27.3   00:00    SW
22   6.0   7.4   06:35   4.2   23:39  12.3   0.0   2.0  15.4  37.4   03:12   WNW
23   3.1   5.2   12:41   0.5   20:33  15.2   0.0   3.3   4.4  17.4   23:57     N
24   2.2   3.2   10:01   0.7   02:34  16.1   0.0   0.0   8.8  22.6   08:36     N
25   5.8   7.7   19:16   2.3   00:00  12.5   0.0   1.0  15.9  39.8   21:51   WSW
26   5.9   6.6   11:00   4.7   23:39  12.4   0.0   6.4  20.8  36.7   17:14    SW
27   2.8   4.8   00:00   0.6   23:47  15.5   0.0   1.0  10.3  33.1   00:23    SW
28   0.9   3.0   22:36  -0.8   08:08  17.4   0.0   0.0   2.1  12.3   22:31     N
29   2.7   4.8   12:48   0.6   21:17  15.6   0.0   2.0   6.3  19.0   13:18   NNW
30   1.9   3.8   23:54  -0.6   17:57  16.4   0.0   3.3   5.5  18.6   06:23     W
31   5.1   6.1   12:26   3.8   00:00  13.2   0.0   5.1   8.5  20.1   05:44   NNE
----------------------------------------------------------------------------------
     5.9  10.1    18    -0.8    28   383.9   0.0  26.1  14.2  50.3    10       S

Max >=  27.0  0
Max <=   0.0  0
Min <=   0.0  3
Min <= -18.0  0
Max Rain: 6.4 on day 26
Days of Rain: 9 (>= 0.2 mm)  7 (>= 2.0 mm)  0 (>= 20.0 mm)
Heat Base: 18.3  Cool Base: 18.3  Method: Integration
:Home::now::gauges::today: :yesterday::this month::this year::records::monthly records::reports::trends::forum:


Page updated 09/04/2015 12:35:00
powered by Cumulus v1.9.4 (1099)