Holm, Orkney weather

 Latitude N 59° 29' 09"    Longitude W 02° 53' 30"    Elevation 33 ft

NOAA Style Reports for xulih weather

Select a Year or Month report

Report for 2020 Aug
                   Monthly Climatological Summary for Aug 2020

Name: xulih weather   City: Holm   State: Orkney
Elevation: 33 ft  Lat: N 58 53 53   Lon: W 002 53 30

                  Temperature (C), Rain (mm), Wind Speed (mph)

                                      Heat  Cool        Avg
    Mean                              Deg   Deg         Wind                 Dom
Day Temp  High   Time   Low    Time   Days  Days  Rain  Speed High   Time    Dir
----------------------------------------------------------------------------------
01  14.7  17.6   15:05  13.1   07:04   3.6   0.0   0.0   7.7  19.7   04:25   WNW
02  13.4  16.5   13:18  10.7   05:20   4.9   0.0   1.0   7.3  19.7   14:33   WNW
03  13.0  16.2   16:50  11.0   03:52   5.3   0.0   0.0  11.2  23.5   14:29     W
04  13.3  15.3   10:38  11.8   05:56   5.0   0.0   6.4  14.0  32.7   15:11     S
05  15.5  20.2   11:48  14.0   00:03   2.9   0.1   2.0   2.9  12.8   04:31    SW
06  16.1  20.0   14:44  12.9   06:41   2.4   0.2   0.0   7.9  23.0   17:29    SE
07  16.0  20.7   16:35  11.8   23:50   2.5   0.2   2.3   8.7  19.7   20:56     S
08  14.7  20.7   17:17  10.8   23:30   3.7   0.1   0.0   6.9  17.7   10:46     W
09  15.5  19.9   16:18  10.3   00:13   3.1   0.3   0.0  10.2  17.0   20:15   SSE
10  15.1  19.5   17:20  13.0   01:53   3.2   0.0   0.0  10.4  20.4   06:38    SE
11  15.9  19.2   17:49  13.0   01:10   2.5   0.0   0.0  10.0  23.0   16:14   ESE
12  16.6  21.9   16:13  14.1   05:24   2.1   0.5  10.4   3.9  15.7   09:21    SE
13  14.1  15.8   16:05  12.7   23:48   4.2   0.0   0.0   5.0  14.8   04:22     N
14  15.2  21.5   15:33  11.8   05:19   3.4   0.3   0.0   2.8  13.4   18:43    SW
15  16.1  21.8   17:29  13.0   00:48   2.8   0.6   0.0   6.1  13.0   21:19   SSE
16  13.9  16.3   13:27  12.4   06:10   4.4   0.0   0.0   7.8  15.4   16:30   ESE
17  14.4  16.6   14:01  13.1   05:11   3.9   0.0   0.0   9.8  17.4   15:33     E
18  15.3  18.3   16:46  13.6   01:00   3.0   0.0   0.0   6.3  11.0   00:26   ESE
19  16.0  20.5   13:19  14.5   21:40   2.4   0.1   0.0   7.2  17.2   22:02   ESE
20  16.3  20.2   18:14  14.5   01:35   2.2   0.2   6.3  17.0  32.7   08:09    SE
21  16.5  21.0   16:56  14.3   23:50   2.1   0.3   0.0  13.3  26.2   04:19   SSE
22  14.3  16.6   13:42  12.6   23:05   4.0   0.0   0.0  12.3  20.8   12:13   WNW
23  11.6  13.8   17:26   9.6   21:49   6.7   0.0   0.0   8.8  17.4   00:57   NNW
24  11.5  15.0   15:46   6.4   23:56   6.8   0.0   2.0   7.1  19.7   13:13   WNW
25  11.7  15.7   13:05   5.3   02:44   6.6   0.0   0.0  12.9  27.3   12:08     E
26  11.7  14.9   14:19   9.0   05:28   6.6   0.0   0.0   6.9  19.7   00:04   NNE
27  11.4  16.1   15:49   7.3   22:37   6.9   0.0   0.0   3.3  10.5   14:06   ENE
28  11.3  14.3   12:29   8.5   00:00   7.0   0.0   2.3   7.8  22.8   12:17   NNE
29  10.4  14.6   14:17   6.8   22:41   7.9   0.0   1.0   6.4  19.0   14:31     N
30  11.5  18.7   16:49   6.9   23:57   6.8   0.0   2.0   3.2  15.7   01:57   NNE
31  12.7  18.5   15:52   5.8   01:04   5.5   0.0   0.0   9.5  19.0   11:25   SSE
----------------------------------------------------------------------------------
    14.1  21.9    12     5.3    25   134.4   2.9  35.7   8.2  32.7     4      SE

Max >=  27.0  0
Max <=   0.0  0
Min <=   0.0  0
Min <= -18.0  0
Max Rain: 10.4 on day 12
Days of Rain: 10 (>= 0.2 mm)  8 (>= 2.0 mm)  0 (>= 20.0 mm)
Heat Base: 18.3  Cool Base: 18.3  Method: Integration
:Home::now::gauges::today: :yesterday::this month::this year::records::monthly records::reports::trends::forum:


Page updated 09/04/2015 12:35:00
powered by Cumulus v1.9.4 (1099)