Holm, Orkney weather

 Latitude N 59° 29' 09"    Longitude W 02° 53' 30"    Elevation 33 ft

NOAA Style Reports for xulih weather

Select a Year or Month report

Report for 2020 May
                   Monthly Climatological Summary for May 2020

Name: xulih weather   City: Holm   State: Orkney
Elevation: 33 ft  Lat: N 58 53 53   Lon: W 002 53 30

                  Temperature (C), Rain (mm), Wind Speed (mph)

                                      Heat  Cool        Avg
    Mean                              Deg   Deg         Wind                 Dom
Day Temp  High   Time   Low    Time   Days  Days  Rain  Speed High   Time    Dir
----------------------------------------------------------------------------------
01   8.0  10.2   12:17   6.1   00:41  10.3   0.0   0.0   9.8  20.1   14:14     N
02   9.0  12.9   17:48   3.8   23:58   9.3   0.0   1.0   6.1  18.1   07:31   NNE
03   7.6  13.9   12:35   2.0   05:11  10.7   0.0   0.0   3.0  12.1   15:42    NE
04   7.0  13.3   13:49   1.2   04:26  11.3   0.0   0.0   3.8  13.0   09:07    NE
05   9.0  13.7   12:55   3.1   00:06   9.3   0.0   0.0   6.5  17.4   14:57   WSW
06   9.6  14.7   19:42   3.4   01:07   8.7   0.0   0.0   6.4  17.4   13:03   WNW
07  10.5  18.2   15:39   2.8   05:14   7.8   0.0   0.0   4.0   9.8   13:23   SSE
08  10.5  15.6   14:08   5.8   05:23   7.8   0.0   0.0   2.9   9.4   14:24    SW
09   7.6  10.1   12:44   2.7   23:45  10.7   0.0   5.3   6.7  24.2   23:38    NE
10   4.1   8.4   18:11   1.3   06:24  14.2   0.0   1.0  11.3  26.8   12:09     N
11   6.2  11.0   14:40   1.5   01:11  12.1   0.0   0.0  13.7  31.1   13:07    NW
12   4.8   8.1   17:40   0.8   10:38  13.5   0.0   7.4   9.9  32.4   10:02     N
13   5.3   8.8   15:10   1.1   03:29  13.0   0.0   0.0  10.7  23.5   23:42    NW
14   8.4  11.3   18:12   6.5   05:49   9.9   0.0   3.3  18.6  32.2   14:43   WNW
15   9.2  12.2   14:41   6.0   23:55   9.1   0.0   6.3  20.5  37.6   12:09   WNW
16   7.2   9.4   11:21   4.9   02:04  11.1   0.0   6.4  12.9  32.0   23:52    NW
17   7.9   9.8   12:18   6.0   05:20  10.4   0.0   5.1   5.7  31.8   00:06   ENE
18   8.8  12.6   14:54   6.4   06:53   9.5   0.0   7.4  13.7  27.1   18:28    SE
19  10.5  14.5   12:02   6.2   05:13   7.8   0.0   0.0   4.7  14.8   14:50   SSE
20  12.5  16.4   13:43  10.1   02:59   5.8   0.0   0.0   7.4  17.7   16:30    SE
21  11.6  15.8   10:01   8.0   04:40   6.7   0.0   0.0   5.0  20.1   13:43   WNW
22  11.6  17.2   16:52   8.7   04:43   6.7   0.0   6.4  18.6  34.2   20:34     S
23  10.4  13.2   14:21   8.9   20:14   7.9   0.0   6.4  24.3  48.3   22:54   WSW
24  10.8  13.7   14:35   9.1   04:56   7.5   0.0   0.0  22.2  50.3   00:27   WNW
25  12.6  17.5   16:22   9.0   02:21   5.7   0.0   0.0   9.2  21.9   10:56     S
26  11.5  14.8   12:07   8.4   04:34   6.8   0.0   0.0  12.7  26.6   12:18     W
27  12.6  19.5   18:57   9.4   04:28   5.8   0.0   0.0  10.8  20.4   02:27     W
28  12.0  13.8   11:03  10.3   01:36   6.3   0.0   1.0   8.0  22.4   02:53    SW
29  13.7  18.5   18:08  10.4   03:02   4.6   0.0   0.0   9.9  20.1   22:04    SE
30  14.0  17.5   15:58  11.1   04:00   4.3   0.0   0.0  16.3  25.3   20:36   SSE
31  14.0  19.0   15:50  10.4   03:47   4.3   0.0   0.0  15.2  28.0   06:00   SSE
----------------------------------------------------------------------------------
     9.6  19.5    27     0.8    12   268.9   0.0  57.0  10.7  50.3    24       W

Max >=  27.0  0
Max <=   0.0  0
Min <=   0.0  0
Min <= -18.0  0
Max Rain: 7.4 on day 12
Days of Rain: 12 (>= 0.2 mm)  9 (>= 2.0 mm)  0 (>= 20.0 mm)
Heat Base: 18.3  Cool Base: 18.3  Method: Integration
:Home::now::gauges::today: :yesterday::this month::this year::records::monthly records::reports::trends::forum:


Page updated 09/04/2015 12:35:00
powered by Cumulus v1.9.4 (1099)