Holm, Orkney weather

 Latitude N 59° 29' 09"    Longitude W 02° 53' 30"    Elevation 33 ft

NOAA Style Reports for xulih weather

Select a Year or Month report
V/Λ2021 > Jan Feb Mar Apr May Jun Jul Aug Sep Oct Nov Dec
V/Λ2020 > Jan Feb Mar Apr May Jun Jul Aug Sep Oct Nov Dec
V/Λ2019 > Jan Feb Mar Apr May Jun Jul Aug Sep Oct Nov Dec
V/Λ2018 > Jan Feb Mar Apr May Jun Jul Aug Sep Oct Nov Dec
V/Λ2017 > Jan Feb Mar Apr May Jun Jul Aug Sep Oct Nov Dec
V/Λ2016 > Jan Feb Mar Apr May Jun Jul Aug Sep Oct Nov Dec
V/Λ2015 > Jan Feb Mar Apr May Jun Jul Aug Sep Oct Nov Dec

Report for 2020 Apr
                   Monthly Climatological Summary for Apr 2020

Name: xulih weather   City: Holm   State: Orkney
Elevation: 33 ft  Lat: N 58 53 53   Lon: W 002 53 30

                  Temperature (C), Rain (mm), Wind Speed (mph)

                                      Heat  Cool        Avg
    Mean                              Deg   Deg         Wind                 Dom
Day Temp  High   Time   Low    Time   Days  Days  Rain  Speed High   Time    Dir
----------------------------------------------------------------------------------
01   7.3   9.8   14:41   6.2   03:36  11.0   0.0   1.0  22.3  36.9   13:42   WNW
02   3.5   7.1   01:07   0.2   16:03  14.7   0.0   3.3  27.7  62.9   05:18   WNW
03   3.8   9.1   16:05   0.0   04:45  14.5   0.0   0.0   6.8  18.6   07:45   WSW
04   7.1  10.6   15:21   3.7   00:46  11.2   0.0   1.0   9.8  19.7   08:38   SSW
05   8.5  11.0   16:00   6.7   04:23   9.8   0.0   0.0  21.2  38.5   23:47   SSE
06   9.5  12.0   10:50   6.2   23:34   8.8   0.0   0.0  17.4  37.1   00:52   SSW
07   8.8  13.2   14:16   5.4   02:36   9.5   0.0   0.0  13.8  26.6   14:09   SSW
08   7.3   9.8   15:52   2.8   23:28  11.0   0.0   1.0   9.7  20.4   18:01   WNW
09   7.0  12.6   15:05   1.0   05:13  11.3   0.0   0.0   7.3  21.3   22:30   SSE
10   9.4  13.8   14:20   7.4   01:03   8.9   0.0   0.0   8.3  22.1   00:41   SSE
11   9.2  11.8   14:09   7.4   23:35   9.1   0.0   4.1  12.5  32.7   20:09     W
12   6.4   8.1   11:45   3.4   23:49  11.9   0.0   0.0  13.5  30.0   04:19   NNW
13   4.4   6.0   16:05   3.2   06:33  13.9   0.0   0.0   8.8  17.7   16:30    NW
14   6.7   8.8   14:01   4.5   03:54  11.4   0.0   0.0  18.0  35.6   14:17     W
15   8.7  11.3   13:23   6.6   22:18   9.6   0.0   0.0  23.1  39.1   15:21   WNW
16   7.1  11.0   12:41   2.8   23:09  11.2   0.0   0.0   4.1  14.8   04:14   NNW
17   7.5  13.2   16:10   1.3   04:26  10.8   0.0   0.0   7.8  16.8   15:11    SE
18   8.4  12.7   16:27   5.4   03:55   9.9   0.0   0.0  12.2  18.8   17:51    SE
19   9.4  13.1   18:06   6.6   00:05   8.9   0.0   0.0  15.3  25.5   21:06   SSE
20   9.7  14.3   16:32   6.6   05:18   8.6   0.0   0.0  13.3  23.9   02:32    SE
21  10.3  14.4   17:26   6.9   01:34   8.0   0.0   0.0  10.0  16.8   14:10    SE
22  11.0  15.7   17:46   7.8   03:02   7.2   0.0   0.0   8.7  18.6   14:42   ESE
23  10.1  17.1   16:56   5.7   03:02   8.2   0.0   0.0   6.1  11.4   12:48     E
24   9.5  15.7   17:47   5.0   05:46   8.8   0.0   0.0   5.9  12.5   10:42   ESE
25  10.0  14.6   16:18   7.8   23:30   8.3   0.0   0.0   9.0  15.4   10:54   SSE
26   8.6  11.9   12:03   5.8   05:41   9.7   0.0   3.3   6.2  17.2   12:09   WNW
27   7.5  11.5   14:23   5.2   23:28  10.8   0.0   1.0   8.6  19.7   11:54    NE
28   7.4  12.5   17:54   2.7   03:18  10.9   0.0   1.0   6.7  15.2   09:31    NE
29   9.8  16.0   14:09   3.8   04:09   8.5   0.0   0.0   8.5  22.1   21:53    SE
30   9.1  13.7   13:04   6.3   05:50   9.2   0.0   1.0  11.1  20.1   18:03     E
----------------------------------------------------------------------------------
     8.1  17.1    23     0.0     3   305.6   0.0  16.7  11.8  62.9     2      SW

Max >=  27.0  0
Max <=   0.0  0
Min <=   0.0  1
Min <= -18.0  0
Max Rain: 4.1 on day 11
Days of Rain: 9 (>= 0.2 mm)  3 (>= 2.0 mm)  0 (>= 20.0 mm)
Heat Base: 18.3  Cool Base: 18.3  Method: Integration
:Home::now::gauges::today: :yesterday::this month::this year::records::monthly records::reports::trends::forum:


Page updated 09/04/2015 12:35:00
powered by Cumulus v1.9.4 (1099)