Holm, Orkney weather

 Latitude N 59° 29' 09"    Longitude E 03° 29' 02"    Elevation 33 ft

NOAA Style Reports for xulih weather

Select a Year or Month report

Report for 2019 May
                   Monthly Climatological Summary for May 2019

Name: xulih weather   City: Holm   State: Orkney
Elevation: 33 ft  Lat: N 58 53' 54"   Lon: W 002 53' 31"

                  Temperature (C), Rain (mm), Wind Speed (mph)

                                      Heat  Cool        Avg
    Mean                              Deg   Deg         Wind                 Dom
Day Temp  High   Time   Low    Time   Days  Days  Rain  Speed High   Time    Dir
----------------------------------------------------------------------------------
 1   9.8  15.5   15:49   7.3   01:00   8.5   0.0   0.0   4.6  10.5   19:19    NE
 2   7.7  10.0   12:28   5.2   22:47  10.6   0.0   0.0  10.3  22.8   12:56     N
 3   5.5   9.3   14:31   1.8   03:39  12.8   0.0   0.0  14.1  31.3   08:10     N
 4   5.9   9.4   15:44   2.1   01:00  12.4   0.0   0.0  12.5  25.7   06:45   NNW
 5   6.3  10.5   14:08   2.8   23:41  12.0   0.0   1.0  19.2  35.6   10:59    NW
 6   5.7  10.5   14:05   2.0   23:42  12.6   0.0   0.8   8.1  21.5   14:24     N
 7   4.9   9.7   18:03   0.4   04:12  13.4   0.0   2.0   3.5  15.4   12:27     N
 8   5.1  10.9   16:26  -0.8   05:14  13.2   0.0   0.0   6.7  20.1   14:56     E
 9   6.5  12.4   16:47   0.2   04:17  11.8   0.0   0.0   5.3  15.4   16:47     N
10   7.3  13.9   13:05   1.2   04:08  11.0   0.0   0.0   2.7  11.4   10:54    NE
11   7.3  11.8   14:15   2.2   05:11  11.0   0.0   0.0   7.6  24.6   07:04    NW
12   8.2  15.4   16:20   1.4   04:11  10.1   0.0   0.0   5.2  13.9   23:12     W
13  12.1  17.2   19:48   6.9   23:42   6.2   0.0   0.0   7.4  19.0   14:58   SSE
14  13.0  21.1   17:49   5.4   05:10   5.6   0.3   0.0   3.5  10.3   20:27   ESE
15  13.0  16.9   16:10   9.8   04:21   5.3   0.0   0.0  11.4  20.1   18:04   ESE
16  11.4  15.4   16:03   8.6   05:41   6.9   0.0   0.0  20.2  29.1   16:43    SE
17  13.1  19.5   18:41   8.4   23:11   5.2   0.0   0.0  11.4  23.9   00:43     E
18  10.6  12.5   09:32   8.9   00:45   7.7   0.0   0.0   6.9  16.1   15:08   ENE
19  13.8  19.9   17:14   9.9   23:12   4.7   0.2   0.0   5.5  11.2   05:49    SE
20  11.8  15.0   11:31   9.0   00:09   6.5   0.0   0.0   5.0  11.6   08:10   ESE
21  10.3  12.3   13:42   9.0   22:47   8.0   0.0   2.0  11.8  23.3   17:45   WNW
22   9.2  10.4   10:32   7.8   22:29   9.1   0.0  14.7  11.2  25.3   23:56    NW
23   8.4   9.8   13:24   7.8   00:00   9.9   0.0   3.0  21.6  32.9   13:10   WNW
24   9.5  11.6   20:11   7.8   03:21   8.8   0.0   0.0  15.5  25.5   00:44    NW
25   9.0  10.6   15:50   6.6   23:43   9.3   0.0   0.0   8.5  18.3   05:14   WNW
26   7.7  10.2   12:12   5.9   23:59  10.6   0.0   5.1   8.9  20.4   17:51     E
27   8.0  11.5   18:06   4.1   23:04  10.3   0.0   1.0   5.7  15.0   18:59     N
28   6.6  10.4   14:55   3.0   04:34  11.7   0.0   1.0  10.7  25.7   16:07    NW
29   9.1  14.5   15:51   3.4   00:13   9.2   0.0   0.0   8.2  19.9   05:41    NW
30   9.7  14.6   16:16   6.2   23:47   8.6   0.0   0.0   4.8  17.9   16:13   NNE
31   9.2  11.6   21:25   5.6   04:38   9.1   0.0  14.5  11.4  27.5   10:22    SE
----------------------------------------------------------------------------------
     8.9  21.1    14    -0.8     8   292.1   0.5  45.1   9.3  35.6     5       N

Max >=  27.0:  0
Max <=   0.0:  0
Min <=   0.0:  1
Min <= -18.0:  0
Max Rain: 14.7 on day 22
Days of Rain: 10 (>= 0.2 mm)  6 (>= 2.0 mm)  0 (>= 20.0 mm)
Heat Base: 18.3  Cool Base: 18.3  Method: Integration
:Home::now::gauges::today::yesterday::this month::this year::records::monthly records::reports::trends::forum:


Page updated 09/04/2015 12:35:00
powered by Cumulus v1.9.4 (1099)