Holm, Orkney weather

 Latitude N 59° 29' 09"    Longitude E 03° 29' 02"    Elevation 33 ft

NOAA Style Reports for xulih weather

Select a Year or Month report

Report for 2018 Dec
                   Monthly Climatological Summary for Dec 2018

Name: xulih weather   City: Holm   State: Orkney
Elevation: 33 ft  Lat: N 58 53' 54"   Lon: W 002 53' 31"

                  Temperature (C), Rain (mm), Wind Speed (mph)

                                      Heat  Cool        Avg
    Mean                              Deg   Deg         Wind                 Dom
Day Temp  High   Time   Low    Time   Days  Days  Rain  Speed High   Time    Dir
----------------------------------------------------------------------------------
 1   6.0   7.1   00:00   5.3   03:17  12.3   0.0   1.0  16.4  39.4   01:24   WSW
 2   6.5   9.1   12:34   3.0   08:20  11.8   0.0   5.3   6.0  18.1   20:35     S
 3   3.7   6.0   00:00   0.9   21:21  14.6   0.0   1.0  11.3  27.3   09:08   NNW
 4   3.2   5.6   12:51   0.2   04:53  15.1   0.0   2.0   5.1  17.7   21:52   WNW
 5   4.5   7.0   23:12   1.4   10:10  13.8   0.0   0.0   7.4  23.0   23:57   SSE
 6   8.3   9.5   14:09   6.9   00:00  10.0   0.0   6.1  20.2  40.0   08:29     S
 7   7.8   8.8   05:19   6.7   17:46  10.5   0.0   3.0  21.0  43.4   06:20     S
 8   6.4   7.3   00:00   4.9   21:15  11.9   0.0   2.0  12.5  24.8   10:03   NNW
 9   3.7   5.7   00:08   1.9   23:40  14.6   0.0   1.0  11.5  32.2   02:33   NNW
10   3.2   4.7   12:58   0.9   19:47  15.1   0.0   0.0   7.7  25.3   00:42    NW
11   7.3   8.5   12:26   4.4   00:00  11.0   0.0   0.0  24.7  36.9   20:44   SSE
12   8.2   8.6   12:44   7.8   22:24  10.1   0.0   0.0  30.1  45.2   17:04   SSE
13   7.3   7.8   00:00   7.0   06:02  11.0   0.0   0.0  33.6  47.6   00:29   SSE
14   6.2   7.1   00:00   5.5   18:36  12.1   0.0   0.0  31.2  52.1   18:32     S
15   6.1   6.8   16:19   5.4   00:31  12.2   0.0   0.0  44.1  66.0   17:18   SSE
16   6.1   7.5   07:42   5.3   16:38  12.2   0.0   2.0  23.2  57.7   00:32   SSE
17   6.6   8.4   23:56   5.1   07:15  11.7   0.0   0.0  17.8  45.6   22:13     S
18   8.9   9.2   09:29   8.1   23:51   9.4   0.0   3.0  32.5  52.6   10:39   SSE
19   7.2   8.2   12:49   6.2   08:22  11.1   0.0   0.0  14.6  25.9   23:13     S
20   7.3   8.1   11:22   6.7   21:15  11.0   0.0   0.0  16.6  25.1   07:21   SSE
21   5.7   7.1   04:11   2.0   17:46  12.6   0.0   0.0   5.7  17.4   00:08   SSE
22   5.3   6.6   11:44   3.2   06:11  13.0   0.0   3.0   3.8  15.9   17:47     W
23   4.1   6.3   12:25   2.0   22:29  14.2   0.0   0.0   1.1   7.8   00:23   NNW
24   6.3   7.8   13:24   2.9   00:11  12.0   0.0   0.0  10.7  23.0   17:50     W
25   6.2   7.8   13:41   4.0   05:40  12.1   0.0   0.0   4.0  14.8   01:49   WSW
26   8.6  10.0   15:03   7.5   00:00   9.7   0.0   4.1   4.5  22.4   15:20     W
27   8.0   9.3   01:42   7.1   15:05  10.3   0.0   1.0  11.6  26.6   08:46     W
28   8.0   9.4   09:57   5.6   17:37  10.3   0.0   0.8  12.6  33.1   11:56     W
29   6.8   7.5   16:14   5.8   08:41  11.5   0.0   7.4  11.5  30.4   04:17     W
30   8.7  10.5   14:38   7.1   04:34   9.6   0.0   3.0  15.9  33.8   15:14     W
31   9.5  11.4   12:10   5.3   22:46   8.8   0.0   0.0  27.5  53.7   20:12     W
----------------------------------------------------------------------------------
     6.5  11.4    31     0.2     4   365.6   0.0  45.7  16.0  66.0    15     SSW

Max >=  27.0:  0
Max <=   0.0:  0
Min <=   0.0:  0
Min <= -18.0:  0
Max Rain: 7.4 on day 29
Days of Rain: 16 (>= 0.2 mm)  11 (>= 2.0 mm)  0 (>= 20.0 mm)
Heat Base: 18.3  Cool Base: 18.3  Method: Integration
:Home::now::gauges::today::yesterday::this month::this year::records::monthly records::reports::trends::forum:


Page updated 09/04/2015 12:35:00
powered by Cumulus v1.9.4 (1099)