Holm, Orkney weather

 Latitude N 59° 29' 09"    Longitude E 03° 29' 02"    Elevation 33 ft

NOAA Style Reports for xulih weather

Select a Year or Month report

Report for 2017 Nov
                   Monthly Climatological Summary for Nov 2017

Name: xulih weather   City: Holm   State: Orkney
Elevation: 33 ft  Lat: N 58 53' 54"   Lon: W 002 53' 31"

                  Temperature (C), Rain (mm), Wind Speed (mph)

                                      Heat  Cool        Avg
    Mean                              Deg   Deg         Wind                 Dom
Day Temp  High   Time   Low    Time   Days  Days  Rain  Speed High   Time    Dir
----------------------------------------------------------------------------------
 1  10.4  12.3   00:00   6.6   23:53   7.9   0.0   5.1  19.1  36.2   07:10   WNW
 2   7.8   8.7   11:53   6.4   00:04  10.5   0.0   0.0   8.6  19.7   23:18   WNW
 3   9.2  11.8   12:55   7.9   04:41   9.1   0.0   1.0  13.9  23.5   03:42   WSW
 4   7.9   9.6   11:41   4.6   23:56  10.4   0.0   0.0  13.7  23.3   12:02     W
 5   4.5   6.3   11:24   2.3   23:58  13.8   0.0   1.0  12.6  32.0   12:21     N
 6   7.2  11.2   23:53   0.6   01:55  11.1   0.0   6.1  16.5  31.1   21:39   SSW
 7   7.6  11.2   00:00   6.2   18:31  10.7   0.0   5.1  10.9  22.1   06:01     W
 8   8.1  11.7   23:51   6.1   05:27  10.2   0.0   3.0  19.5  36.2   16:43    SW
 9   7.9  11.7   00:00   4.8   22:46  10.4   0.0  12.4  27.1  52.3   08:40   WNW
10   5.1   7.0   01:42   3.1   04:25  13.2   0.0   4.1  20.3  49.4   03:22    NW
11   4.3   7.0   12:16   2.3   03:54  14.0   0.0   1.0  13.5  31.1   09:26   NNW
12   4.1   6.3   12:37   2.4   23:36  14.2   0.0   4.1  13.5  30.6   08:48     N
13   4.9   9.0   21:35   1.9   00:59  13.4   0.0  10.4   8.9  29.1   17:25    SW
14   7.7   8.6   10:26   6.4   08:24  10.6   0.0   6.1  11.2  28.2   18:31   WNW
15   7.2   8.7   23:58   5.7   03:04  11.1   0.0   3.0   9.3  32.4   20:52    SW
16   7.1   9.7   03:00   4.2   17:02  11.2   0.0   6.1   4.4  41.8   07:17    SW
17   6.2   8.0   02:48   1.4   23:26  12.1   0.0  11.2   7.3  43.2   21:50    NW
18   5.0   6.8   10:41   1.6   00:00  13.3   0.0   5.3  22.4  43.6   09:48   NNW
19   3.8   6.6   12:03   2.4   18:59  14.5   0.0   0.0   6.3  24.2   13:59   NNW
20   5.2   6.4   12:03   2.8   00:00  13.1   0.0   0.0   8.1  17.9   05:47     E
21   5.5   6.3   20:46   4.8   01:04  12.8   0.0  20.8  17.5  37.1   18:50   ESE
22   5.2   6.2   00:00   3.8   22:17  13.1   0.0  19.8  11.1  26.6   00:24   ENE
23   3.2   4.5   23:45   1.2   14:39  15.1   0.0   7.4  12.4  44.7   23:49     N
24   4.1   5.2   05:56   2.0   00:00  14.2   0.0   5.1  21.1  38.9   09:45   WNW
25   4.3   5.7   12:08   1.9   01:58  14.0   0.0  10.2  22.2  39.8   06:24    NW
26   4.2   5.0   13:04   2.9   16:18  14.1   0.0   9.1  15.5  34.0   00:38   NNW
27   4.7   6.8   03:18   2.7   21:09  13.6   0.0   8.4  13.9  38.7   09:09   NNW
28   4.6   6.5   12:35   3.5   23:38  13.7   0.0   2.8  11.5  25.5   12:40    NE
29   2.2   4.0   00:44   0.7   21:42  16.1   0.0   4.1  11.8  27.1   18:08     N
30   2.1   4.3   13:38   0.5   04:10  16.2   0.0   2.0  10.2  30.2   16:22   NNE
----------------------------------------------------------------------------------
     5.7  12.3     1     0.5    30   377.7   0.0 174.7  13.8  52.3     9      NW

Max >=  27.0:  0
Max <=   0.0:  0
Min <=   0.0:  0
Min <= -18.0:  0
Max Rain: 20.8 on day 21
Days of Rain: 26 (>= 0.2 mm)  23 (>= 2.0 mm)  1 (>= 20.0 mm)
Heat Base: 18.3  Cool Base: 18.3  Method: Integration
:Home::now::gauges::today::yesterday::this month::this year::records::monthly records::reports::trends::forum:


Page updated 09/04/2015 12:35:00
powered by Cumulus v1.9.4 (1099)