Holm, Orkney weather

 Latitude N 59° 29' 09"    Longitude W 02° 53' 30"    Elevation 33 ft

NOAA Style Reports for xulih weather

Select a Year or Month report
V/Λ2020 > Jan Feb Mar Apr May Jun Jul Aug Sep Oct Nov Dec
V/Λ2019 > Jan Feb Mar Apr May Jun Jul Aug Sep Oct Nov Dec
V/Λ2018 > Jan Feb Mar Apr May Jun Jul Aug Sep Oct Nov Dec
V/Λ2017 > Jan Feb Mar Apr May Jun Jul Aug Sep Oct Nov Dec
V/Λ2016 > Jan Feb Mar Apr May Jun Jul Aug Sep Oct Nov Dec
V/Λ2015 > Jan Feb Mar Apr May Jun Jul Aug Sep Oct Nov Dec

Report for 2017 Aug
                   Monthly Climatological Summary for Aug 2017

Name: xulih weather   City: Holm   State: Orkney
Elevation: 33 ft  Lat: N 58 53' 54"   Lon: W 002 53' 31"

                  Temperature (C), Rain (mm), Wind Speed (mph)

                                      Heat  Cool        Avg
    Mean                              Deg   Deg         Wind                 Dom
Day Temp  High   Time   Low    Time   Days  Days  Rain  Speed High   Time    Dir
----------------------------------------------------------------------------------
 1  17.2  23.6   17:07  12.0   04:41   2.3   1.2   0.0   5.6  13.9   13:16   SSW
 2  16.1  22.3   13:42  10.3   04:25   3.0   0.8   0.0   8.7  17.9   18:57     S
 3  15.2  18.6   17:08  12.5   04:10   3.1   0.0   6.1  10.7  25.3   03:56     E
 4  14.3  17.3   14:12  11.9   21:43   4.0   0.0   2.0  11.7  24.6   08:59     N
 5  13.1  16.3   12:36  11.4   23:02   5.2   0.0   1.0  11.3  25.1   15:27    NW
 6  14.7  20.3   15:06  10.9   04:26   3.8   0.2   1.0   9.3  21.7   19:38   SSE
 7  14.2  18.8   14:31  12.0   08:20   4.1   0.0   4.1   6.7  17.7   10:59     E
 8  14.7  18.8   18:25  10.6   23:40   3.6   0.0   0.0   5.5  12.5   14:53   ENE
 9  13.7  16.5   13:43  10.7   00:00   4.6   0.0   0.0  10.2  22.4   22:50   NNW
10  14.6  17.0   18:57  13.1   04:48   3.7   0.0   0.0  13.2  24.8   03:15     W
11  14.5  18.8   15:48  12.2   23:05   3.8   0.0   9.4  13.7  26.4   17:40   WSW
12  12.9  16.3   17:18   9.7   22:31   5.4   0.0   0.0   8.3  19.9   14:20    NW
13  13.1  17.2   19:15  10.2   04:52   5.2   0.0   1.0   9.5  23.3   09:01   WNW
14  14.0  15.9   11:11  12.7   03:52   4.3   0.0   2.0  17.4  32.7   13:58     S
15  14.7  20.4   17:34  12.5   07:53   3.6   0.0   7.1   7.1  18.1   11:36   WSW
16  14.6  18.1   11:49  11.5   05:35   3.7   0.0   1.0  15.9  30.9   19:53     S
17  16.3  22.7   17:29  11.9   00:00   2.5   0.5   2.0   9.7  23.7   00:09   SSW
18  13.7  18.2   13:52   9.2   05:21   4.6   0.0  16.8   5.9  21.3   23:49    NW
19  13.6  16.9   14:45  12.3   23:19   4.7   0.0   2.0  16.9  26.6   18:26    NW
20  12.9  15.6   13:29   7.9   23:55   5.4   0.0   0.0  10.0  20.8   00:13   NNW
21  12.1  17.5   14:25   5.6   03:44   6.2   0.0   0.0   7.7  16.8   23:39    SE
24  13.5  15.0   11:08  11.8   03:32   4.2   0.0   0.0  22.1  26.6   16:02    SE
25  14.1  14.1   00:00  14.1   00:00   4.2   0.0   0.0  22.1  22.1   00:00    SE
26  14.1  14.1   00:00  14.1   00:00   4.2   0.0   0.0  22.1  22.1   00:00    SE
27  14.1  14.1   00:00  14.1   00:00   4.2   0.0   0.0  22.1  22.1   00:00    SE
28  14.1  14.1   00:00  14.1   00:00   4.2   0.0   0.0  22.1  22.1   00:00    SE
29  14.1  14.1   00:00  14.1   00:00   4.2   0.0   0.0  22.1  22.1   00:00    SE
30  14.1  14.1   00:00  14.1   00:00   4.2   0.0   0.0  22.1  22.1   00:00    SE
31  14.1  14.1   00:00  14.1   00:00   4.2   0.0   0.0  22.1  22.1   00:00    SE
----------------------------------------------------------------------------------
    14.2  23.6     1     5.6    21   120.4   2.7  55.5  13.3  32.7    14     SSE

Max >=  27.0:  0
Max <=   0.0:  0
Min <=   0.0:  0
Min <= -18.0:  0
Max Rain: 16.8 on day 18
Days of Rain: 13 (>= 0.2 mm)  9 (>= 2.0 mm)  0 (>= 20.0 mm)
Heat Base: 18.3  Cool Base: 18.3  Method: Integration
:Home::now::gauges::today: :yesterday::this month::this year::records::monthly records::reports::trends::forum:


Page updated 09/04/2015 12:35:00
powered by Cumulus v1.9.4 (1099)