Holm, Orkney weather

 Latitude N 59° 29' 09"    Longitude W 02° 53' 30"    Elevation 33 ft

NOAA Style Reports for xulih weather

Select a Year or Month report
V/Λ2020 > Jan Feb Mar Apr May Jun Jul Aug Sep Oct Nov Dec
V/Λ2019 > Jan Feb Mar Apr May Jun Jul Aug Sep Oct Nov Dec
V/Λ2018 > Jan Feb Mar Apr May Jun Jul Aug Sep Oct Nov Dec
V/Λ2017 > Jan Feb Mar Apr May Jun Jul Aug Sep Oct Nov Dec
V/Λ2016 > Jan Feb Mar Apr May Jun Jul Aug Sep Oct Nov Dec
V/Λ2015 > Jan Feb Mar Apr May Jun Jul Aug Sep Oct Nov Dec

Report for 2017 May
                   Monthly Climatological Summary for May 2017

Name: xulih weather   City: Holm   State: Orkney
Elevation: 33 ft  Lat: N 58 53' 54"   Lon: W 002 53' 31"

                  Temperature (C), Rain (mm), Wind Speed (mph)

                                      Heat  Cool        Avg
    Mean                              Deg   Deg         Wind                 Dom
Day Temp  High   Time   Low    Time   Days  Days  Rain  Speed High   Time    Dir
----------------------------------------------------------------------------------
 1   9.9  13.2   12:45   7.9   04:31   8.4   0.0   0.0  20.5  29.8   11:09    NE
 2  10.8  14.4   18:59   8.0   23:58   7.5   0.0   0.0  13.2  19.9   12:49    NE
 3  10.1  15.6   14:36   5.0   06:03   8.2   0.0   0.0   9.5  17.7   16:43    NE
 4  10.2  14.8   13:55   6.9   23:40   8.1   0.0   0.0   7.2  15.4   11:52    NE
 5   9.3  12.9   17:30   5.8   01:50   9.0   0.0   0.0   6.7  15.2   14:17    NE
 6   9.8  16.1   15:28   4.7   05:03   8.5   0.0   0.0   7.0  17.2   17:25    NE
 7   9.1  11.6   14:53   7.5   05:41   9.2   0.0   0.0  11.8  26.6   21:26    NE
 8   8.9  13.0   15:50   7.3   23:50   9.4   0.0   0.0   9.5  23.7   00:51    NE
 9   7.7   8.6   13:18   6.6   05:00  10.6   0.0   0.0   9.7  21.9   15:05    NW
10   8.6  10.6   13:58   7.2   03:33   9.7   0.0   0.0   8.6  19.2   09:39    NW
11   9.1  13.5   14:49   6.7   05:54   9.2   0.0   0.0  17.5  25.9   09:39    NE
12  10.5  14.2   15:51   8.3   04:01   7.8   0.0   0.0  20.4  28.6   17:23    NE
13  10.1  11.9   15:16   9.1   02:25   8.2   0.0   0.0  15.7  24.6   00:56    NE
14  11.6  16.7   18:24   9.5   22:53   6.7   0.0   0.0   6.7  15.2   05:33     N
15  11.3  15.1   18:35   9.4   04:04   7.0   0.0   0.0  16.7  40.7   15:30    NW
16  13.4  19.2   14:40   9.1   23:23   5.0   0.0   0.0  13.0  31.8   19:10   NNE
17  12.8  19.0   15:35   8.7   02:19   5.5   0.0   0.0   9.8  20.4   11:53    NW
18  12.9  18.6   14:25   7.6   05:50   5.4   0.0   0.0   6.2  16.3   16:24   NNE
19  11.6  15.4   13:08   8.4   05:03   6.7   0.0   0.0   9.1  18.8   23:32    NE
20   9.9  11.3   18:25   9.3   00:00   8.4   0.0   0.0  12.5  32.7   18:40    NE
21  12.1  16.8   14:56   8.3   05:13   6.2   0.0   0.0   7.9  15.9   15:00   NNW
22  12.6  16.1   12:11  10.1   23:42   5.7   0.0   0.0  11.4  24.4   12:10    NW
23  12.1  15.3   15:15   9.6   04:18   6.2   0.0   0.0  12.0  22.8   15:37    NW
24  12.7  16.2   17:10  10.7   00:56   5.6   0.0   0.0   7.1  20.6   06:01    NW
25  14.9  20.6   17:33  11.2   04:49   3.7   0.4   0.0   9.2  23.9   00:16   NNW
26  15.6  21.1   18:02  10.1   05:07   3.1   0.4   0.0   7.2  16.1   14:35     N
27  15.2  19.7   15:35  11.9   23:58   3.2   0.1   0.0   6.6  17.4   09:52   NNW
28  12.1  15.6   16:22   6.8   23:49   6.2   0.0   0.0  10.8  24.4   11:41     N
29  12.8  18.7   14:10   6.8   00:10   5.5   0.0   0.0   5.1  12.5   21:20    NW
30  12.2  16.1   13:41  10.0   21:59   6.1   0.0   0.0  12.6  39.1   21:52    NW
31  14.0  18.9   17:20   9.8   01:12   4.3   0.0   0.0  14.5  32.4   00:08    NW
----------------------------------------------------------------------------------
    11.4  21.1    26     4.7     6   214.3   0.9   0.0  10.8  40.7    15       N

Max >=  27.0:  0
Max <=   0.0:  0
Min <=   0.0:  0
Min <= -18.0:  0
Max Rain: 0.0 on day 0
Days of Rain: 0 (>= 0.2 mm)  0 (>= 2.0 mm)  0 (>= 20.0 mm)
Heat Base: 18.3  Cool Base: 18.3  Method: Integration
:Home::now::gauges::today: :yesterday::this month::this year::records::monthly records::reports::trends::forum:


Page updated 09/04/2015 12:35:00
powered by Cumulus v1.9.4 (1099)