Holm, Orkney weather

 Latitude N 59° 29' 09"    Longitude E 03° 29' 02"    Elevation 33 ft

NOAA Style Reports for xulih weather

Select a Year or Month report

Report for 2015 Aug
                   Monthly Climatological Summary for Aug 2015

Name: xulih weather   City: Holm   State: Orkney
Elevation: 33 ft  Lat: N 58 53' 54"   Lon: W 002 53' 31"

                  Temperature (C), Rain (mm), Wind Speed (mph)

                                      Heat  Cool        Avg
    Mean                              Deg   Deg         Wind                 Dom
Day Temp  High   Time   Low    Time   Days  Days  Rain  Speed High   Time    Dir
----------------------------------------------------------------------------------
 1  14.0  19.1   12:18  10.8   23:54   4.3   0.0   6.6   5.7  19.7   15:21   SSW
 2  13.8  19.4   13:35   9.9   04:09   4.6   0.1   4.1  10.7  22.4   23:22     S
 3  14.4  19.2   16:11  12.7   00:33   4.0   0.0   2.0  15.1  30.6   08:29   SSE
 4  15.2  19.5   17:51  12.5   03:42   3.1   0.0   0.0  17.3  30.6   06:10     S
 5  15.6  20.2   15:41  12.6   00:32   2.9   0.2   0.0  10.8  23.0   12:53   SSW
 6  14.3  16.8   16:47  13.0   09:35   4.0   0.0  17.0   8.7  19.5   00:51     W
 7  14.4  18.9   15:39  11.4   05:02   3.9   0.0   0.0   5.3  12.8   22:14     W
 8  14.6  19.2   13:58  12.1   04:30   3.7   0.0   2.0   9.5  23.9   23:11    SW
 9  16.6  23.8   16:23  12.6   03:49   2.4   0.7   0.0   9.1  19.9   00:33    SW
10  15.9  21.8   13:30  13.5   03:29   2.8   0.4   7.4   7.8  15.4   05:41     S
11  13.0  15.9   14:37  10.5   06:01   5.3   0.0   7.4  10.9  26.4   01:07    NW
12  14.9  19.7   13:22  11.7   03:54   3.5   0.1   0.0   5.4  13.2   14:13   SSW
13  15.5  20.4   13:42  11.5   02:20   3.1   0.3   0.0   6.1  14.5   15:27     S
14  13.8  16.1   10:45  11.7   23:42   4.5   0.0   5.3   7.4  17.7   08:28   SSE
15  12.9  18.2   18:04  11.4   23:54   5.4   0.0   3.3   6.7  13.6   06:14    NW
16  13.7  19.5   16:37   6.5   04:36   4.8   0.1   0.0   6.2  15.4   17:45   SSE
17  14.2  21.0   13:49   9.1   04:40   4.3   0.2   0.0   4.6  13.4   23:11     E
18  13.6  14.1   08:46  13.1   00:16   4.7   0.0  58.9  13.1  23.5   12:11   ESE
19  14.5  17.9   17:33  13.5   00:00   3.8   0.0   0.0  15.2  29.5   19:04   SSE
20  15.6  19.7   13:56  13.7   01:23   2.8   0.2   0.0  12.9  26.6   18:49     S
21  16.3  21.3   16:10  14.1   01:48   2.2   0.2   0.0  13.4  25.9   02:50     S
22  15.3  19.3   13:41  13.5   02:39   1.8   0.0   0.0   6.6  15.4   19:19   SSE
23  15.7  17.8   14:43  13.8   03:16   2.6   0.0   2.0  20.1  34.0   12:30    SE
24  15.2  17.7   12:23  13.8   23:13   3.1   0.0   0.0  19.1  30.9   12:07    SE
25  14.0  17.4   10:29  12.1   23:26   4.3   0.0   1.0   7.0  17.2   14:06   NNW
26  13.8  17.3   10:47  11.5   23:44   4.3   0.0   3.3   8.7  15.9   09:03   SSW
27  13.8  19.1   13:11  10.6   04:34   4.6   0.0   1.0   5.6  17.2   19:46   WSW
28  13.9  19.1   12:34  10.7   06:28   4.4   0.0  13.7   6.6  13.4   23:52   SSW
29  14.6  18.2   14:07  12.9   23:33   3.7   0.0   4.3   8.3  17.4   05:20    SW
30  13.8  16.8   10:07  11.8   05:04   4.7   0.0   0.0   9.5  18.8   15:28     W
31  12.8  15.2   12:05  10.8   23:56   5.5   0.0   2.0  11.2  19.7   13:17     N
----------------------------------------------------------------------------------
    14.5  23.8     9     6.5    16   119.1   2.5 141.3   9.9  34.0    23       S

Max >=  27.0:  0
Max <=   0.0:  0
Min <=   0.0:  0
Min <= -18.0:  0
Max Rain: 58.9 on day 18
Days of Rain: 17 (>= 0.2 mm)  15 (>= 2.0 mm)  1 (>= 20.0 mm)
Heat Base: 18.3  Cool Base: 18.3  Method: Integration
:Home::now::gauges::today::yesterday::this month::this year::records::monthly records::reports::trends::forum:


Page updated 09/04/2015 12:35:00
powered by Cumulus v1.9.4 (1099)