Holm, Orkney weather

 Latitude N 59° 29' 09"    Longitude E 03° 29' 02"    Elevation 33 ft

NOAA Style Reports for xulih weather

Select a Year or Month report

Report for 2015 Jun
                   Monthly Climatological Summary for Jun 2015

Name:  xulih weather   City:  Holm   State:  Orkney
Elevation: 33 ft  Lat: N 58 53' 54"   Lon: W 002 53' 31"

                  Temperature (C), Rain (mm), Wind Speed (mph)

                                      Heat  Cool        Avg
    Mean                              Deg   Deg         Wind                 Dom
Day Temp  High   Time   Low    Time   Days  Days  Rain  Speed High   Time    Dir
----------------------------------------------------------------------------------
 1   9.9  15.7   14:46   6.2   03:57   8.3   0.0   7.4  18.6  39.6   20:20   SSW
 2   9.4  13.8   14:33   6.7   03:25   8.9   0.0   7.6  11.1  35.1   00:13    NW
 3   9.8  12.2   16:03   7.1   01:19   8.5   0.0   2.0  17.0  31.1   11:53    NW
 4  10.9  16.9   12:31   8.1   02:36   7.4   0.0   1.0  10.9  20.1   02:12    SW
 5  11.2  15.3   20:01   9.5   23:44   7.1   0.0   4.3  14.9  30.9   09:50   SSE
 6  11.1  15.4   11:31   9.0   20:50   7.2   0.0   1.0  19.4  37.6   19:30   WSW
 7  10.0  12.6   13:31   7.3   23:02   8.3   0.0   1.0  14.9  30.4   12:45   NNW
 8  10.0  12.9   14:46   7.3   00:00   8.3   0.0   0.0  10.7  19.7   11:20    NW
 9  11.0  13.4   14:07   8.4   02:25   7.3   0.0   0.0  13.7  25.7   18:10    NW
10  11.5  14.6   13:22   9.0   22:44   6.8   0.0   0.0  15.6  30.6   03:06    NW
11  11.1  15.4   14:08   8.1   02:28   7.2   0.0   0.0   6.6  16.1   07:15   WNW
12  10.7  14.3   13:03   6.8   01:42   7.6   0.0   0.0   5.1  15.4   08:33    NW
13   9.4  12.5   15:10   4.0   23:38   8.9   0.0   0.0   6.5  16.3   05:57    NE
14   8.3  12.4   15:02   2.8   02:48  10.0   0.0   0.0  12.2  30.4   11:51   NNW
15  10.5  17.7   15:23   3.7   02:08   7.8   0.0   0.0   6.9  17.4   09:37   WNW
16  12.5  17.0   12:52   8.8   02:29   5.8   0.0  12.7  11.1  21.9   12:49     S
17  11.2  13.2   13:43   9.3   22:47   7.1   0.0   0.0  17.8  32.0   21:41   WNW
18  10.3  12.7   11:13   8.3   03:05   8.0   0.0   2.3  16.6  28.9   01:02    NW
19  10.3  12.9   13:38   8.4   02:17   8.0   0.0   2.0   8.3  19.7   01:49    NW
20  12.6  17.1   13:45   9.5   01:44   5.7   0.0   1.0   5.2  12.3   14:01     S
21  10.9  13.1   16:48   9.1   22:24   7.4   0.0  53.8   6.0  22.8   21:45   ENE
22  10.9  13.8   12:10   9.3   03:05   7.4   0.0   0.0   8.5  23.0   11:28   ENE
23  10.6  13.2   13:15   8.5   23:46   7.7   0.0   0.0   6.0  16.6   11:42   NNE
24  10.5  14.2   12:07   8.1   02:43   7.8   0.0   0.0   3.0   8.9   08:59   NNW
25  11.7  15.0   13:08   7.9   04:14   6.3   0.0   0.0   8.1  17.7   20:39    SE
26  12.3  17.3   14:25  10.5   03:33   6.0   0.0  22.1  11.4  25.3   05:25    SE
27  13.9  19.5   17:38  10.9   04:39   4.4   0.0   6.4   8.5  18.1   11:02    NW
28  13.5  16.6   15:04  11.6   00:19   5.0   0.0  20.1   8.4  19.7   16:57     S
29  14.5  18.8   17:34  11.2   01:31   3.8   0.0   0.0   4.9  14.5   08:13   SSW
30  16.2  22.5   18:23  12.4   02:36   2.7   0.6   0.0   9.5  19.2   06:20   SSE
----------------------------------------------------------------------------------
    11.2  22.5    30     2.8    14   212.7   0.6 144.7  10.6  39.6     1     WNW

Max >=  27.0:  0
Max <=   0.0:  0
Min <=   0.0:  0
Min <= -18.0:  0
Max Rain: 53.8 on day 21
Days of Rain: 15 (>= 0.2 mm)  11 (>= 2.0 mm)  3 (>= 20.0 mm)
Heat Base: 18.3  Cool Base: 18.3  Method: Integration
:Home::now::gauges::today::yesterday::this month::this year::records::monthly records::reports::trends::forum:


Page updated 09/04/2015 12:35:00
powered by Cumulus v1.9.4 (1099)