Holm, Orkney weather

 Latitude N 59° 29' 09"    Longitude E 03° 29' 02"    Elevation 33 ft

NOAA Style Reports for xulih weather

Select a Year or Month report

Report for 2015 May
                   Monthly Climatological Summary for May 2015

Name:  xulih weather   City:  Holm   State:  Orkney
Elevation: 33 ft  Lat: N 59 29' 09"   Lon: E 003 29' 02"

                  Temperature (C), Rain (mm), Wind Speed (mph)

                                      Heat  Cool        Avg
    Mean                              Deg   Deg         Wind                 Dom
Day Temp  High   Time   Low    Time   Days  Days  Rain  Speed High   Time    Dir
----------------------------------------------------------------------------------
 1   4.9   9.4   18:26   0.6   23:56  13.4   0.0   2.0   6.2  17.4   00:48   ENE
 2   6.1  12.4   16:38  -0.9   04:37  12.2   0.0   0.0  11.0  29.1   23:35    SE
 3   6.2   8.0   13:11   4.9   18:17  12.1   0.0   8.4  25.1  35.6   17:14    SE
 4  10.3  16.9   17:01   7.1   00:00   8.0   0.0   0.0   9.9  31.1   00:01   SSW
 5   8.8  10.4   12:01   7.6   23:30   9.5   0.0   6.4  14.8  30.4   14:08   ESE
 6   6.9   8.4   10:57   4.7   22:35  11.4   0.0   4.3  12.4  31.1   22:45     N
 7   6.0   8.3   15:00   4.4   04:22  12.3   0.0   0.0  25.6  40.7   03:19    NW
 8   9.1  15.1   15:50   4.4   02:30   9.2   0.0   0.0  12.6  23.3   00:32    SW
 9  10.0  16.8   12:20   2.8   23:52   8.3   0.0   0.0   6.3  16.6   00:00     S
10   8.1  12.3   12:44   1.5   03:26  10.2   0.0   4.1  11.8  27.7   15:18     S
11  11.1  15.6   11:21   8.6   02:52   7.2   0.0   4.3  13.8  35.3   12:27    SW
12   9.5  13.1   14:00   7.2   23:55   8.8   0.0   2.0  23.0  42.3   16:43     W
13   7.8  11.1   14:19   5.1   23:52  10.5   0.0   0.0  10.1  28.4   00:41     N
14   8.4  14.6   15:21   1.9   03:08   9.9   0.0   0.0   6.6  15.2   19:28    SE
15   8.9  12.2   11:23   5.8   00:00   9.4   0.0   1.0  13.3  27.7   21:48   SSW
16   8.2  10.6   12:52   5.8   15:51  10.1   0.0   3.3  19.8  42.5   14:01   WNW
17   8.7  11.7   17:16   6.2   03:07   9.6   0.0   0.0  14.7  27.7   20:59     W
18   8.7  12.1   12:05   5.5   23:08   9.6   0.0   0.0   6.8  19.9   01:59     W
19   7.8  11.5   16:51   4.6   01:26  10.5   0.0   8.4  11.9  23.9   05:58     N
20   9.6  12.5   14:46   7.9   03:24   8.7   0.0   3.0  11.5  21.0   09:09   NNW
21   9.9  12.3   13:39   7.8   04:26   8.4   0.0   5.6  13.1  25.1   12:17     W
22   9.3  11.6   14:26   7.8   09:26   9.0   0.0   4.3  20.2  38.3   17:54    NW
23  10.2  14.8   13:31   7.4   03:15   8.1   0.0  22.1   9.9  20.6   15:04    SW
24   9.5  11.7   15:51   8.1   04:48   8.8   0.0   0.0  16.9  30.0   11:59    NW
25   9.6  12.5   13:35   7.8   02:04   8.7   0.0   0.0  15.5  31.1   07:42    NW
26   9.5  11.8   11:59   8.2   22:55   8.8   0.0   0.0  16.6  29.8   13:57    NW
27   9.4  12.6   13:12   7.4   23:18   8.9   0.0  11.4  11.1  23.9   08:15     W
28   8.9  11.8   14:12   6.7   05:24   9.4   0.0   1.3  15.9  26.2   15:15   WNW
29   8.9  12.2   14:39   5.1   04:15   9.4   0.0   4.3  13.3  25.3   21:20    NW
30  10.3  15.6   16:46   6.9   01:11   8.0   0.0   2.0   8.0  23.5   00:38     N
31   8.8  10.5   07:45   7.1   22:22   9.5   0.0  17.8  18.0  32.4   21:52    SW
----------------------------------------------------------------------------------
     8.7  16.9     4    -0.9     2   297.9   0.0 116.0  13.7  42.5    16     WNW

Max >=  27.0:  0
Max <=   0.0:  0
Min <=   0.0:  1
Min <= -18.0:  0
Max Rain: 22.1 on day 23
Days of Rain: 19 (>= 0.2 mm)  17 (>= 2.0 mm)  1 (>= 20.0 mm)
Heat Base: 18.3  Cool Base: 18.3  Method: Integration
:Home::now::gauges::today::yesterday::this month::this year::records::monthly records::reports::trends::forum:


Page updated 09/04/2015 12:35:00
powered by Cumulus v1.9.4 (1099)