Select a Year or Month report
Report for 2024 Mar
Monthly Climatological Summary for Mar 2024
Name: xulih weather City: Holm State: Orkney
Elevation: 33 ft Lat: N 58 53 53 Lon: W 002 53 30
Temperature (�C), Rain (mm), Wind Speed (mph)
Heat Cool Avg
Mean Deg Deg Wind Dom
Day Temp High Time Low Time Days Days Rain Speed High Time Dir
----------------------------------------------------------------------------------
01 4.3 6.8 16:39 1.3 07:49 14.0 0.0 0.0 4.8 15.7 14:13 SW
02 5.2 7.7 14:42 2.3 01:02 13.1 0.0 0.0 16.3 42.1 12:45 ESE
03 6.7 7.9 14:01 5.6 08:56 11.6 0.0 0.0 19.1 37.4 06:27 SE
04 7.6 10.9 14:44 5.8 06:10 10.7 0.0 0.0 14.5 26.2 23:55 SSE
05 7.9 10.1 12:38 6.7 02:16 10.4 0.0 0.0 27.9 42.1 14:25 SSE
06 7.1 8.5 15:05 6.5 07:01 11.2 0.0 0.0 23.2 32.0 23:52 SSE
07 8.0 11.0 13:19 6.5 00:04 10.3 0.0 0.0 19.4 30.4 00:53 SSE
08 6.2 7.3 00:00 5.1 23:40 12.1 0.0 0.0 18.6 30.0 08:18 ESE
09 6.2 8.5 13:40 4.9 03:29 12.1 0.0 0.0 17.1 26.6 12:23 E
10 5.6 6.7 11:25 4.7 01:27 12.7 0.0 0.0 22.7 32.0 13:25 SE
11 5.8 6.9 11:12 5.1 00:59 12.5 0.0 0.0 20.0 30.2 00:02 SE
12 7.4 10.9 15:46 6.1 00:00 10.9 0.0 0.0 17.3 32.2 21:59 SSE
13 8.6 11.1 15:15 7.4 00:23 9.7 0.0 0.0 19.5 32.0 19:57 SW
14 8.3 11.3 14:19 6.3 21:32 10.0 0.0 0.0 12.5 34.4 01:37 W
15 6.1 8.3 16:17 4.1 23:43 12.2 0.0 0.0 9.4 17.7 03:58 NNE
16 5.9 10.8 14:10 0.6 06:32 12.4 0.0 0.0 12.4 39.8 22:25 SSE
17 8.6 12.1 13:15 6.8 00:00 9.7 0.0 0.0 17.9 39.4 01:26 SSE
18 9.9 14.2 13:38 7.1 05:28 8.4 0.0 0.0 10.9 35.8 22:54 SSE
19 8.4 10.7 12:19 5.8 21:55 9.9 0.0 0.0 17.1 36.5 03:13 WSW
20 7.6 12.6 16:42 4.0 02:20 10.7 0.0 0.0 6.4 24.2 23:50 SW
21 8.6 12.1 15:14 7.0 04:11 9.7 0.0 0.0 23.6 41.6 19:28 SW
22 6.4 8.3 13:15 4.4 09:35 11.9 0.0 0.0 30.9 57.3 18:30 W
23 6.3 9.1 13:36 5.0 01:58 12.0 0.0 0.0 25.2 47.4 03:31 NW
24 6.3 9.6 15:45 4.4 23:23 12.0 0.0 0.0 7.8 23.0 00:50 NNE
25 4.7 8.4 15:57 2.3 10:39 13.6 0.0 0.0 6.2 15.7 08:35 ENE
26 4.3 9.0 13:16 1.4 06:35 14.0 0.0 0.0 9.3 20.1 15:57 ENE
27 5.3 7.4 17:28 3.0 01:59 13.0 0.0 0.0 15.9 30.6 20:02 E
28 7.6 10.1 11:32 6.3 23:22 10.7 0.0 0.0 15.8 27.1 14:41 ESE
29 8.3 12.6 15:01 5.1 23:42 10.0 0.0 0.0 6.7 17.9 15:30 S
30 9.0 14.0 16:29 4.5 00:37 9.3 0.0 0.0 5.6 16.1 10:01 SSE
31 9.3 16.5 16:33 4.9 06:47 8.6 0.0 0.0 5.8 12.3 00:12 SSW
----------------------------------------------------------------------------------
7.0 16.5 31 0.6 16 349.4 0.0 0.0 15.5 57.3 22 SSE
Max >= 27.0 0
Max <= 0.0 0
Min <= 0.0 0
Min <= -18.0 0
Max Rain: 0.0 on day 0
Days of Rain: 0 (>= 0.2 mm) 0 (>= 2.0 mm) 0 (>= 20.0 mm)
Heat Base: 18.3 Cool Base: 18.3 Method: Integration