Select a Year or Month report
Report for 2023 Nov
Monthly Climatological Summary for Nov 2023
Name: xulih weather City: Holm State: Orkney
Elevation: 33 ft Lat: N 58 53 53 Lon: W 002 53 30
Temperature (°C), Rain (mm), Wind Speed (mph)
Heat Cool Avg
Mean Deg Deg Wind Dom
Day Temp High Time Low Time Days Days Rain Speed High Time Dir
----------------------------------------------------------------------------------
01 5.7 10.1 23:20 2.4 06:26 12.6 0.0 0.0 13.3 32.2 20:45 ENE
02 9.3 11.5 11:31 7.9 23:34 9.0 0.0 0.0 14.0 27.3 22:56 ESE
03 8.6 10.9 13:59 6.3 20:48 9.7 0.0 0.0 11.1 26.2 09:52 NE
04 6.6 11.5 15:13 3.6 23:28 11.7 0.0 0.0 2.1 10.1 12:34 WSW
05 6.5 10.5 12:43 3.0 00:49 11.8 0.0 0.0 1.5 7.8 07:10 NNE
06 7.9 10.7 13:42 3.7 02:52 10.4 0.0 0.0 2.3 13.0 13:52 SE
07 8.0 11.0 13:25 5.7 22:23 10.3 0.0 0.0 3.2 10.5 19:40 NW
08 7.2 9.8 09:52 2.8 03:31 11.1 0.0 0.0 14.5 39.8 10:58 S
09 6.0 10.0 14:17 2.5 17:59 12.3 0.0 0.0 6.5 17.9 01:35 SSW
10 5.4 7.6 13:56 2.3 00:34 12.9 0.0 0.0 5.2 21.9 11:27 N
11 6.6 9.6 13:02 3.8 21:03 11.7 0.0 0.0 4.6 15.2 02:06 NNW
12 6.4 9.3 13:19 2.6 03:40 11.9 0.0 0.0 8.2 25.9 22:46 SSE
13 8.8 9.9 11:13 7.8 15:33 9.5 0.0 0.0 24.7 41.6 08:35 ESE
14 7.8 9.7 11:55 6.6 19:04 10.5 0.0 0.0 10.5 23.0 01:15 ESE
15 4.7 9.9 13:21 1.6 23:00 13.6 0.0 0.0 3.1 8.5 00:58 N
16 4.9 7.8 14:02 0.4 04:09 13.4 0.0 0.0 5.7 14.8 15:51 E
17 5.1 7.9 23:48 1.7 17:08 13.2 0.0 0.0 6.8 23.9 23:56 E
18 9.2 10.1 17:59 7.8 00:00 9.1 0.0 0.0 23.4 40.3 10:56 SE
19 9.2 11.7 12:37 5.4 07:54 9.1 0.0 0.0 0.7 11.0 00:08 S
20 7.8 9.9 00:00 3.4 23:00 10.5 0.0 0.0 8.9 28.6 11:31 NE
21 6.1 9.4 22:45 2.4 04:46 12.2 0.0 0.0 8.9 25.1 19:12 SSW
22 10.7 11.9 05:45 9.1 01:06 7.6 0.0 0.0 25.8 49.7 23:23 W
23 6.0 10.0 00:00 1.7 22:57 12.3 0.0 0.0 31.3 61.1 05:54 NW
24 3.7 5.0 13:44 2.1 00:00 14.6 0.0 0.0 19.9 38.9 08:49 NNW
25 5.3 7.2 12:33 3.8 05:37 13.0 0.0 0.0 5.7 19.0 00:03 NNW
26 6.0 7.0 13:38 4.6 04:23 12.3 0.0 0.0 6.3 23.9 23:35 NW
27 5.9 8.1 11:03 3.2 18:36 12.4 0.0 0.0 12.2 31.1 06:05 NE
28 3.9 5.1 00:22 2.7 22:26 14.4 0.0 0.0 10.9 23.0 14:47 NE
29 3.7 4.6 10:46 2.8 01:01 14.6 0.0 0.0 7.9 25.1 08:00 NE
30 3.4 5.1 11:37 1.1 23:38 14.9 0.0 0.0 4.0 17.7 03:20 NE
----------------------------------------------------------------------------------
6.5 11.9 22 0.4 16 352.6 0.0 0.0 10.1 61.1 23 ENE
Max >= 27.0 0
Max <= 0.0 0
Min <= 0.0 0
Min <= -18.0 0
Max Rain: 0.0 on day 0
Days of Rain: 0 (>= 0.2 mm) 0 (>= 2.0 mm) 0 (>= 20.0 mm)
Heat Base: 18.3 Cool Base: 18.3 Method: Integration