Select a Year or Month report
Report for 2023 Aug
Monthly Climatological Summary for Aug 2023
Name: xulih weather City: Holm State: Orkney
Elevation: 33 ft Lat: N 58 53 53 Lon: W 002 53 30
Temperature (°C), Rain (mm), Wind Speed (mph)
Heat Cool Avg
Mean Deg Deg Wind Dom
Day Temp High Time Low Time Days Days Rain Speed High Time Dir
----------------------------------------------------------------------------------
01 15.5 18.4 19:35 12.7 02:08 2.8 0.0 0.0 3.9 8.7 01:19 NE
02 15.0 18.8 14:13 13.2 05:03 3.3 0.0 0.0 5.7 15.2 11:31 NNE
03 14.0 16.4 14:59 11.8 23:14 4.3 0.0 0.0 10.0 20.4 18:10 NNW
04 12.2 14.1 11:47 10.1 23:58 6.1 0.0 0.0 9.5 23.0 10:15 NW
05 12.7 18.4 15:58 5.7 03:42 5.6 0.0 0.0 2.4 11.0 14:57 SE
06 13.9 20.7 13:35 8.0 04:46 4.5 0.2 0.0 3.2 8.7 14:04 SSE
07 14.6 20.0 19:29 11.7 04:03 3.8 0.0 1.0 2.5 13.0 11:43 WSW
08 12.5 15.9 12:35 10.1 21:22 5.8 0.0 0.0 13.9 30.2 21:56 NW
09 13.3 16.4 14:59 10.3 02:08 5.0 0.0 0.0 19.0 35.1 10:24 WNW
10 16.7 21.7 16:04 12.8 00:00 2.2 0.7 0.0 7.6 19.7 20:19 SE
11 16.2 20.3 12:06 14.0 23:57 2.2 0.1 0.0 9.4 25.7 06:55 SSE
12 16.2 20.1 16:41 13.6 03:00 2.3 0.2 0.0 9.5 19.0 15:17 SE
13 15.6 19.5 14:00 10.5 23:19 2.7 0.1 0.0 3.1 11.0 13:23 W
14 16.8 23.2 17:50 10.6 01:52 2.9 1.4 0.0 3.2 10.5 15:13 SE
15 14.9 16.9 15:38 13.2 01:31 3.4 0.0 0.0 4.0 10.7 09:45 N
16 15.0 18.6 15:35 12.9 04:36 3.3 0.0 0.0 4.0 10.5 22:56 SE
17 15.6 19.1 18:05 12.3 05:21 2.8 0.1 0.0 11.9 22.4 19:32 SE
18 15.4 18.1 14:32 14.2 05:57 2.9 0.0 0.0 14.4 24.2 22:41 ESE
19 15.8 18.2 17:37 14.4 01:02 2.5 0.0 0.0 18.8 37.1 08:20 ESE
20 17.3 23.2 15:27 13.8 06:07 1.7 0.7 0.0 5.2 13.6 02:41 S
21 17.1 22.0 14:46 14.6 05:20 1.7 0.5 0.0 8.9 18.6 10:35 S
22 15.9 18.7 16:13 13.8 23:19 2.4 0.0 0.0 9.8 23.3 21:22 WSW
23 15.6 20.9 14:55 12.3 07:03 3.0 0.3 0.0 9.7 19.5 00:09 SW
24 15.7 21.1 17:37 12.1 21:28 3.0 0.4 0.0 4.0 10.5 04:54 SSE
25 13.8 16.5 15:09 12.4 07:39 4.5 0.0 0.0 10.2 23.7 08:37 NE
26 14.7 17.1 15:54 13.1 00:30 3.6 0.0 0.0 4.7 15.4 02:00 NE
27 13.8 16.1 15:54 11.8 23:59 4.5 0.0 0.0 7.8 21.3 20:45 NW
28 13.7 16.4 14:31 11.2 00:10 4.6 0.0 0.0 9.7 23.7 05:50 WNW
29 12.2 13.9 10:19 10.0 23:35 6.1 0.0 0.0 8.3 19.9 00:21 WNW
30 12.5 17.8 13:41 7.3 05:30 5.8 0.0 0.0 3.7 12.8 17:27 N
31 14.2 21.2 14:38 8.4 05:19 4.5 0.4 0.0 4.6 10.7 16:42 E
----------------------------------------------------------------------------------
14.8 23.2 14 5.7 5 113.8 5.1 1.0 7.8 37.1 19 SE
Max >= 27.0 0
Max <= 0.0 0
Min <= 0.0 0
Min <= -18.0 0
Max Rain: 1.0 on day 7
Days of Rain: 1 (>= 0.2 mm) 0 (>= 2.0 mm) 0 (>= 20.0 mm)
Heat Base: 18.3 Cool Base: 18.3 Method: Integration