Select a Year or Month report
Report for 2023 Jul
Monthly Climatological Summary for Jul 2023
Name: xulih weather City: Holm State: Orkney
Elevation: 33 ft Lat: N 58 53 53 Lon: W 002 53 30
Temperature (°C), Rain (mm), Wind Speed (mph)
Heat Cool Avg
Mean Deg Deg Wind Dom
Day Temp High Time Low Time Days Days Rain Speed High Time Dir
----------------------------------------------------------------------------------
01 14.0 16.9 11:01 11.5 20:12 4.3 0.0 2.0 12.8 32.2 23:21 WNW
02 11.5 12.4 08:48 10.7 03:17 6.8 0.0 0.0 21.5 36.5 01:50 WNW
03 12.4 14.7 19:51 11.1 00:01 5.8 0.0 0.0 11.9 25.3 09:58 NW
04 12.6 15.7 18:29 9.2 23:22 5.7 0.0 0.0 8.0 17.2 13:02 NW
05 12.9 18.9 18:14 6.4 02:24 5.4 0.0 0.0 5.3 15.2 16:13 SE
06 15.3 19.5 15:26 12.4 00:48 3.1 0.1 0.0 10.9 22.4 21:48 SE
07 17.0 21.7 15:27 13.5 04:21 2.0 0.7 0.0 12.9 27.5 03:40 SSE
08 17.4 21.2 19:15 14.2 04:27 1.6 0.7 0.0 13.6 27.1 17:34 SE
09 15.8 19.6 14:53 13.1 23:59 2.5 0.0 0.0 10.8 23.7 09:39 ESE
10 17.3 23.8 18:21 12.2 02:20 2.2 1.2 0.0 4.4 11.0 16:31 SE
11 15.2 17.5 11:40 13.1 23:06 3.1 0.0 0.0 9.1 20.1 11:16 NE
12 14.0 15.7 11:20 12.9 03:49 4.3 0.0 0.0 12.1 22.8 16:55 NW
13 14.0 17.1 16:41 9.8 23:20 4.3 0.0 0.0 7.3 17.4 14:04 WNW
14 14.2 18.8 14:23 10.1 00:01 4.1 0.0 0.0 8.1 17.7 17:17 ESE
15 15.6 20.9 18:52 13.4 03:10 2.9 0.2 0.0 13.3 33.8 08:31 ESE
16 13.8 15.9 11:13 10.5 04:41 4.5 0.0 0.0 7.1 18.1 15:57 WNW
17 12.5 15.6 13:50 10.7 23:23 5.8 0.0 0.0 13.6 25.9 15:04 WNW
18 13.4 17.9 14:02 8.8 04:56 4.9 0.0 0.0 9.2 19.7 01:13 WNW
19 12.1 14.4 13:03 10.4 23:56 6.2 0.0 0.0 13.4 27.3 13:03 NW
20 11.6 14.4 13:43 8.4 23:51 6.7 0.0 0.0 12.6 24.6 15:18 NW
21 11.8 14.5 15:07 8.4 00:00 6.5 0.0 0.0 9.8 19.9 15:06 NW
22 14.1 19.3 17:04 8.4 00:35 4.2 0.0 0.0 4.7 13.6 18:48 ENE
23 14.0 17.8 18:15 11.4 01:05 4.3 0.0 0.0 9.4 19.9 11:09 NE
24 11.7 14.6 15:53 9.8 04:58 6.6 0.0 0.0 9.6 22.8 14:36 NNW
25 12.1 15.1 15:01 8.7 02:56 6.2 0.0 0.0 7.7 22.4 09:47 NNW
26 13.3 18.6 17:52 10.2 03:37 5.0 0.0 0.0 6.2 13.0 08:18 N
27 14.2 17.8 13:07 11.6 02:02 4.1 0.0 0.0 13.8 22.8 16:23 SE
28 16.1 21.6 15:49 13.9 02:27 2.5 0.3 0.0 7.0 16.3 22:13 SE
29 15.6 20.2 18:26 13.7 23:39 2.7 0.0 0.0 7.5 14.5 17:03 SE
30 14.9 19.6 13:53 9.8 05:29 3.5 0.1 0.0 4.0 14.5 18:00 WNW
31 16.5 19.7 17:16 13.0 23:54 2.1 0.2 0.0 8.3 19.9 14:15 ESE
----------------------------------------------------------------------------------
14.1 23.8 10 6.4 5 133.9 3.5 2.0 9.9 36.5 2 NNW
Max >= 27.0 0
Max <= 0.0 0
Min <= 0.0 0
Min <= -18.0 0
Max Rain: 2.0 on day 1
Days of Rain: 1 (>= 0.2 mm) 1 (>= 2.0 mm) 0 (>= 20.0 mm)
Heat Base: 18.3 Cool Base: 18.3 Method: Integration