Select a Year or Month report
Report for 2023 May
Monthly Climatological Summary for May 2023
Name: xulih weather City: Holm State: Orkney
Elevation: 33 ft Lat: N 58 53 53 Lon: W 002 53 30
Temperature (°C), Rain (mm), Wind Speed (mph)
Heat Cool Avg
Mean Deg Deg Wind Dom
Day Temp High Time Low Time Days Days Rain Speed High Time Dir
----------------------------------------------------------------------------------
01 7.1 9.8 01:15 5.2 23:58 11.2 0.0 1.3 10.0 22.8 05:48 N
02 7.0 10.8 16:08 1.4 04:15 11.3 0.0 0.0 4.2 12.3 01:15 ENE
03 8.6 11.4 15:57 6.1 00:57 9.7 0.0 0.0 13.1 23.0 22:48 ESE
04 8.5 10.5 14:01 7.4 06:49 9.8 0.0 2.0 21.0 29.5 05:17 ESE
05 9.3 12.1 12:21 7.9 00:00 9.0 0.0 0.0 24.7 34.0 14:28 SE
06 9.6 12.0 12:14 8.2 03:15 8.7 0.0 0.0 21.2 33.3 17:24 SSE
07 9.9 12.7 12:45 8.9 00:28 8.4 0.0 0.0 20.9 31.1 20:37 SSE
08 10.6 13.2 11:35 9.0 04:44 7.7 0.0 4.1 12.5 31.1 00:51 SSE
09 12.3 17.7 19:12 9.9 04:45 6.0 0.0 4.3 5.2 15.2 11:08 NW
10 9.9 13.0 13:31 7.6 23:46 8.4 0.0 0.0 10.5 17.9 17:23 ESE
11 9.4 11.7 14:09 7.4 04:14 8.9 0.0 0.0 7.8 14.8 10:03 ENE
12 12.2 17.5 16:08 8.8 04:05 6.1 0.0 0.0 5.0 12.8 16:50 SSE
13 11.5 16.4 13:45 8.1 03:01 6.8 0.0 0.0 6.1 11.0 15:34 SSE
14 10.8 13.1 10:50 7.5 23:31 7.5 0.0 3.3 9.4 23.0 15:40 W
15 10.1 13.6 15:39 5.8 02:39 8.2 0.0 0.0 13.1 25.7 22:05 WNW
16 9.6 12.4 14:22 4.8 23:42 8.7 0.0 1.0 11.7 26.8 00:41 NW
17 9.7 14.9 13:03 3.8 01:06 8.6 0.0 8.4 6.7 15.9 11:26 SW
18 12.0 14.7 12:32 10.2 00:00 6.3 0.0 3.0 8.2 20.8 03:13 WSW
19 13.2 19.4 17:49 10.0 00:47 5.1 0.0 0.0 7.3 16.1 11:42 SW
20 12.9 17.7 13:57 11.0 03:31 5.4 0.0 7.4 5.8 16.6 21:45 S
21 13.1 18.5 15:31 9.1 03:53 5.2 0.0 0.0 6.9 13.2 18:33 SSE
22 11.4 14.4 13:23 8.9 23:45 6.9 0.0 0.0 11.0 25.1 14:24 WNW
23 11.1 14.0 19:49 8.9 00:00 7.1 0.0 0.0 13.0 25.5 21:32 W
24 11.6 13.6 12:37 9.6 23:14 6.7 0.0 0.0 19.2 37.8 17:11 WNW
25 10.8 13.5 14:36 8.8 02:26 7.5 0.0 0.0 15.2 27.5 18:04 WNW
26 11.8 16.6 15:34 8.9 04:23 6.5 0.0 0.0 8.9 18.6 06:51 W
27 11.3 13.5 15:41 8.5 23:16 7.0 0.0 0.0 15.4 34.7 15:54 W
28 10.0 12.8 17:15 7.2 03:59 8.3 0.0 0.0 12.3 22.4 00:22 WNW
29 11.4 14.8 15:05 9.5 00:17 6.9 0.0 0.0 16.3 28.9 12:02 WNW
30 11.3 13.4 11:36 9.5 04:55 7.0 0.0 0.0 9.7 20.8 11:53 WNW
31 11.1 13.6 10:54 9.3 23:39 7.2 0.0 0.0 11.5 22.4 17:46 NW
----------------------------------------------------------------------------------
10.6 19.4 19 1.4 2 238.1 0.0 34.8 11.7 37.8 24 SW
Max >= 27.0 0
Max <= 0.0 0
Min <= 0.0 0
Min <= -18.0 0
Max Rain: 8.4 on day 17
Days of Rain: 9 (>= 0.2 mm) 7 (>= 2.0 mm) 0 (>= 20.0 mm)
Heat Base: 18.3 Cool Base: 18.3 Method: Integration