Select a Year or Month report
Report for 2023 Apr
Monthly Climatological Summary for Apr 2023
Name: xulih weather City: Holm State: Orkney
Elevation: 33 ft Lat: N 58 53 53 Lon: W 002 53 30
Temperature (°C), Rain (mm), Wind Speed (mph)
Heat Cool Avg
Mean Deg Deg Wind Dom
Day Temp High Time Low Time Days Days Rain Speed High Time Dir
----------------------------------------------------------------------------------
01 8.1 13.1 15:55 5.2 07:29 10.2 0.0 0.0 10.9 22.4 00:10 SSE
02 8.0 13.8 13:29 5.4 05:39 10.2 0.0 0.0 7.7 15.7 05:03 SSW
03 8.6 12.5 16:37 6.5 06:32 9.7 0.0 0.0 15.6 25.5 16:41 SSE
04 8.8 13.8 17:18 5.8 05:45 9.5 0.0 0.0 9.2 20.6 23:39 S
05 9.6 13.5 16:48 8.0 07:01 8.7 0.0 2.0 10.9 23.5 11:12 S
06 8.4 9.8 15:11 6.0 23:41 9.9 0.0 9.7 6.2 23.0 18:05 NW
07 8.7 14.7 15:13 2.7 06:31 9.6 0.0 0.0 6.7 21.3 23:56 SE
08 9.5 12.6 15:17 7.7 22:09 8.8 0.0 0.0 19.9 27.5 10:28 SSE
09 8.3 11.3 14:34 7.5 05:45 10.0 0.0 0.0 26.3 41.6 18:16 SSE
10 8.8 13.3 15:15 5.9 21:18 9.4 0.0 8.4 15.3 37.6 01:16 SSE
11 8.7 13.6 17:51 6.4 00:09 9.6 0.0 0.0 11.0 25.3 22:26 W
12 8.2 11.8 16:12 6.3 06:32 10.1 0.0 2.0 26.8 52.6 07:45 SE
13 8.2 11.8 13:33 5.6 02:10 10.1 0.0 1.0 11.0 32.2 02:00 E
14 9.5 14.0 13:27 5.7 23:34 8.8 0.0 2.0 7.2 19.0 07:22 SSE
15 10.0 15.3 16:49 4.7 07:28 8.3 0.0 0.0 9.9 25.1 22:36 SSE
16 11.3 16.4 15:55 8.6 01:47 7.0 0.0 0.0 10.5 26.8 01:32 SSE
17 10.8 14.4 15:06 8.9 23:41 7.5 0.0 0.0 13.2 23.5 12:51 SSE
18 10.2 14.7 17:32 7.4 05:22 8.1 0.0 0.0 14.7 22.8 05:35 SSE
19 10.5 14.4 14:41 7.4 23:36 7.8 0.0 0.0 9.3 17.7 14:59 ESE
20 10.1 15.5 18:00 5.3 04:26 8.2 0.0 0.0 5.4 12.1 12:02 ENE
21 10.1 16.6 17:41 5.1 01:28 8.2 0.0 0.0 3.9 10.5 12:55 E
22 8.4 10.7 14:00 6.8 06:11 9.9 0.0 0.0 13.7 27.7 15:44 ENE
23 6.3 8.2 00:00 4.1 19:03 12.0 0.0 1.3 19.6 34.7 12:05 NE
24 4.7 8.0 13:02 1.6 20:07 13.6 0.0 3.0 11.2 26.6 03:35 N
25 3.8 8.8 15:45 1.0 02:36 14.5 0.0 1.0 10.1 25.7 08:38 NNW
26 4.3 8.8 13:37 0.3 23:30 14.0 0.0 0.0 6.7 23.3 10:27 NNW
27 4.4 8.5 12:58 -1.2 03:58 13.9 0.0 6.4 12.3 29.8 20:56 SE
28 7.8 10.3 14:06 4.4 23:27 10.5 0.0 1.0 8.7 26.2 00:41 NNW
29 6.2 13.6 17:28 1.1 03:47 12.1 0.0 0.0 4.1 11.4 08:44 NNE
30 9.2 14.7 16:05 5.2 00:24 9.1 0.0 2.0 9.7 24.6 09:06 SE
----------------------------------------------------------------------------------
8.3 16.6 21 -1.2 27 299.3 0.0 39.8 11.6 52.6 12 SE
Max >= 27.0 0
Max <= 0.0 0
Min <= 0.0 1
Min <= -18.0 0
Max Rain: 9.7 on day 6
Days of Rain: 12 (>= 0.2 mm) 8 (>= 2.0 mm) 0 (>= 20.0 mm)
Heat Base: 18.3 Cool Base: 18.3 Method: Integration