Select a Year or Month report
Report for 2023 Mar
Monthly Climatological Summary for Mar 2023
Name: xulih weather City: Holm State: Orkney
Elevation: 33 ft Lat: N 58 53 53 Lon: W 002 53 30
Temperature (°C), Rain (mm), Wind Speed (mph)
Heat Cool Avg
Mean Deg Deg Wind Dom
Day Temp High Time Low Time Days Days Rain Speed High Time Dir
----------------------------------------------------------------------------------
01 7.8 10.9 13:59 6.0 04:50 10.5 0.0 0.0 5.5 13.2 19:00 NNE
02 6.0 9.5 16:01 2.5 19:40 12.3 0.0 0.0 4.4 13.2 12:55 NE
03 5.9 8.6 13:09 4.1 01:41 12.4 0.0 0.0 8.6 19.9 14:20 NW
04 4.9 8.0 14:40 2.3 03:44 13.4 0.0 1.3 4.3 17.2 22:33 NW
05 4.6 7.3 14:17 2.8 06:44 13.7 0.0 0.0 5.9 18.1 23:00 SE
06 2.1 4.1 12:16 -0.5 22:47 16.2 0.0 2.0 12.8 36.5 11:17 NE
07 -0.1 3.6 13:26 -4.3 21:20 18.4 0.0 1.0 6.4 26.4 02:13 NNE
08 -0.2 4.7 12:40 -5.4 02:21 18.5 0.0 4.3 4.1 13.9 11:38 NNW
09 1.6 6.3 14:12 -2.4 00:09 16.7 0.0 0.0 4.5 13.9 04:07 NNE
10 0.8 6.1 13:21 -3.3 04:56 17.5 0.0 0.0 6.6 19.7 11:02 NW
11 1.5 5.4 15:37 -3.3 06:45 16.8 0.0 1.0 8.9 28.0 23:11 NNW
12 4.4 7.2 17:12 3.2 02:26 13.9 0.0 0.0 9.7 28.4 01:40 SSW
13 2.8 5.3 14:53 -1.2 23:59 15.5 0.0 5.1 17.0 46.3 10:40 NNE
14 1.3 3.8 12:04 -1.6 00:17 17.0 0.0 2.3 17.7 47.2 23:39 NW
15 4.8 10.3 16:11 1.5 05:37 13.5 0.0 0.0 14.9 45.9 00:03 W
16 6.2 8.7 12:01 4.3 00:25 12.1 0.0 3.0 10.7 28.6 02:10 SSE
17 7.1 10.4 14:31 5.6 02:16 11.2 0.0 0.0 5.1 15.2 23:31 NE
18 7.2 8.2 10:55 6.2 02:45 11.1 0.0 0.0 16.3 32.4 13:46 ESE
19 7.0 9.1 14:51 5.1 21:39 11.3 0.0 0.0 7.3 25.3 04:43 WNW
20 6.5 9.0 14:01 2.0 05:49 11.8 0.0 2.0 11.5 28.9 19:10 SE
21 9.4 14.5 13:48 7.4 00:00 8.9 0.0 4.3 8.4 23.3 01:22 SSE
22 7.7 9.4 09:13 5.3 13:58 10.6 0.0 6.3 20.0 48.8 13:45 SSW
23 7.3 12.9 16:39 3.5 05:23 11.0 0.0 2.0 5.2 21.0 10:58 WSW
24 7.1 9.2 11:26 4.5 23:49 11.2 0.0 6.4 13.2 25.3 23:31 ENE
25 5.2 8.8 13:59 1.9 21:26 13.1 0.0 0.0 10.6 24.6 02:12 NE
26 2.6 6.0 15:15 1.0 04:12 15.0 0.0 1.0 9.1 20.8 17:47 N
27 3.7 8.5 15:26 -0.7 05:56 14.6 0.0 0.0 7.7 17.4 00:00 WNW
28 5.9 10.0 13:56 2.6 06:17 12.4 0.0 0.0 8.7 17.7 15:30 SE
29 7.7 8.3 14:53 6.8 02:20 10.6 0.0 5.3 19.6 30.2 15:37 SE
30 9.6 14.2 14:49 7.1 04:30 8.7 0.0 0.0 6.3 22.1 00:00 SE
31 7.6 9.3 13:09 6.5 20:05 10.7 0.0 0.0 15.6 25.1 10:33 ESE
----------------------------------------------------------------------------------
5.0 14.5 21 -5.4 8 410.6 0.0 47.3 9.9 48.8 22 ENE
Max >= 27.0 0
Max <= 0.0 0
Min <= 0.0 9
Min <= -18.0 0
Max Rain: 6.4 on day 24
Days of Rain: 15 (>= 0.2 mm) 11 (>= 2.0 mm) 0 (>= 20.0 mm)
Heat Base: 18.3 Cool Base: 18.3 Method: Integration