Select a Year or Month report
Report for 2022 Aug
Monthly Climatological Summary for Aug 2022
Name: xulih weather City: Holm State: Orkney
Elevation: 33 ft Lat: N 58 53 53 Lon: W 002 53 30
Temperature (°C), Rain (mm), Wind Speed (mph)
Heat Cool Avg
Mean Deg Deg Wind Dom
Day Temp High Time Low Time Days Days Rain Speed High Time Dir
----------------------------------------------------------------------------------
01 15.3 21.6 15:37 11.7 02:58 3.5 0.5 2.3 10.7 13.9 21:53 WNW
02 16.9 21.4 14:41 13.8 02:12 1.8 0.4 5.1 11.5 28.9 17:42 SW
03 14.7 17.8 11:29 11.2 23:54 3.6 0.0 5.3 10.8 22.6 16:19 W
04 13.0 16.6 14:46 8.7 23:58 5.3 0.0 0.0 6.1 19.9 14:52 WNW
05 12.2 16.6 14:26 6.2 03:56 6.1 0.0 0.0 10.0 25.1 18:16 WNW
06 13.5 15.4 13:22 11.4 04:28 4.8 0.0 6.3 11.6 19.5 19:09 WSW
07 15.4 16.7 11:23 14.1 08:32 2.9 0.0 0.0 13.6 24.2 11:25 WNW
08 17.0 20.4 12:13 14.5 04:07 1.4 0.1 2.0 4.9 13.0 08:41 SW
09 19.4 27.6 16:39 15.9 02:27 0.8 1.9 1.3 7.4 17.0 13:59 SSW
10 18.9 24.6 13:47 16.2 05:50 0.8 1.4 0.0 11.9 23.7 20:52 SW
11 16.0 17.9 14:19 13.5 23:41 2.3 0.0 0.0 2.9 8.7 21:26 SW
12 14.7 16.4 13:02 13.0 03:30 3.6 0.0 0.0 5.3 12.3 13:12 ESE
13 16.3 19.0 14:56 14.7 02:24 2.1 0.1 0.0 4.9 11.9 04:19 SSE
14 17.0 19.7 14:30 15.6 23:53 1.4 0.1 4.1 6.8 16.1 17:51 SSE
15 15.8 18.2 13:58 13.5 02:16 2.5 0.0 0.0 3.3 12.1 09:16 NNE
16 13.9 15.2 14:28 11.3 23:38 4.4 0.0 11.7 7.4 14.5 09:41 N
17 13.4 18.9 16:50 10.8 05:24 4.9 0.0 0.0 7.2 23.0 23:36 SE
18 16.3 22.2 18:20 13.2 01:10 2.3 0.4 0.0 13.3 28.0 08:13 S
19 15.5 20.8 14:25 12.7 04:13 2.9 0.1 2.0 5.8 17.9 10:04 SSW
20 14.4 18.4 15:58 11.7 02:24 3.9 0.0 2.0 11.9 29.5 09:02 SW
21 14.2 17.1 13:53 11.8 23:19 4.1 0.0 0.0 13.9 24.6 11:36 W
22 14.9 20.0 16:12 9.2 04:39 3.5 0.1 0.0 8.3 19.7 13:11 SE
23 17.5 22.1 14:06 15.2 00:00 1.3 0.5 0.0 7.9 16.6 11:38 SSE
24 17.1 21.7 15:12 14.8 23:04 1.6 0.4 2.3 6.3 15.2 14:59 SE
25 16.6 23.0 16:00 14.0 23:31 2.1 0.5 0.0 7.8 15.4 04:13 SW
26 14.9 18.7 15:20 11.4 23:29 3.4 0.0 0.0 7.9 16.1 16:44 W
27 15.3 21.1 16:19 10.6 23:46 3.2 0.2 0.0 4.0 8.5 19:29 SSW
28 14.3 17.1 12:58 10.5 00:01 4.0 0.0 0.0 7.0 14.5 16:59 ESE
29 14.5 18.5 13:17 10.5 23:43 3.8 0.0 0.0 7.6 13.0 07:26 ESE
30 13.0 16.9 13:13 10.4 00:01 5.3 0.0 0.0 3.9 11.0 19:21 ENE
31 13.6 16.7 18:27 11.6 06:30 4.7 0.0 0.0 2.3 8.5 00:36 ESE
----------------------------------------------------------------------------------
15.3 27.6 9 6.2 5 98.3 6.7 44.4 7.9 29.5 20 SW
Max >= 27.0 1
Max <= 0.0 0
Min <= 0.0 0
Min <= -18.0 0
Max Rain: 11.7 on day 16
Days of Rain: 11 (>= 0.2 mm) 10 (>= 2.0 mm) 0 (>= 20.0 mm)
Heat Base: 18.3 Cool Base: 18.3 Method: Integration