Select a Year or Month report
Report for 2022 Jul
Monthly Climatological Summary for Jul 2022
Name: xulih weather City: Holm State: Orkney
Elevation: 33 ft Lat: N 58 53 53 Lon: W 002 53 30
Temperature (°C), Rain (mm), Wind Speed (mph)
Heat Cool Avg
Mean Deg Deg Wind Dom
Day Temp High Time Low Time Days Days Rain Speed High Time Dir
----------------------------------------------------------------------------------
01 14.4 19.6 19:07 10.0 01:36 3.9 0.0 0.0 3.3 12.5 14:55 NNE
02 15.2 22.5 13:45 12.7 01:38 3.4 0.3 0.0 3.8 12.1 20:58 SSW
03 13.8 16.7 12:53 12.1 02:56 4.5 0.0 0.0 13.8 28.6 11:20 WSW
04 12.6 15.5 15:00 10.8 22:01 5.7 0.0 0.0 15.4 30.6 15:13 W
05 13.2 16.8 17:29 9.9 03:38 5.1 0.0 0.0 11.7 22.8 12:21 WNW
06 14.0 15.9 12:28 11.2 23:33 4.3 0.0 0.0 18.6 32.7 11:52 WNW
07 13.8 16.2 17:15 11.3 00:00 4.4 0.0 0.0 14.6 30.4 18:27 WNW
08 14.9 16.7 11:55 13.4 22:25 3.4 0.0 0.0 18.2 31.1 14:10 WNW
09 14.5 16.3 14:56 12.4 04:54 3.7 0.0 0.0 14.6 25.7 23:57 WNW
10 16.9 20.6 17:37 14.6 05:47 1.8 0.3 0.0 16.6 35.3 07:29 WNW
11 17.7 21.3 15:14 15.4 02:53 1.1 0.6 0.0 7.7 29.1 21:35 SSE
12 16.6 18.6 14:47 13.2 23:43 1.7 0.0 0.0 14.5 35.6 17:47 W
13 13.5 15.7 15:57 11.7 04:50 4.8 0.0 0.0 21.3 36.9 12:40 W
14 13.5 16.9 14:50 10.8 05:56 4.8 0.0 0.0 11.6 21.3 05:40 WNW
15 13.5 16.7 14:48 9.1 23:58 4.8 0.0 0.0 10.7 24.4 17:26 WNW
16 14.5 22.0 16:44 8.3 02:09 3.9 0.1 0.0 6.1 18.8 16:16 SSW
17 16.3 21.5 18:15 14.1 01:57 2.1 0.1 0.0 5.0 13.0 13:40 WSW
18 17.4 21.9 17:18 14.0 02:45 1.6 0.7 0.0 4.6 13.4 18:49 ESE
19 18.7 25.1 12:38 15.3 02:33 1.3 1.6 8.4 3.3 17.7 19:11 NNW
20 15.8 18.6 11:37 13.0 04:24 2.5 0.0 0.0 9.5 23.7 17:10 WNW
21 14.0 17.0 14:29 9.3 23:43 4.3 0.0 0.0 9.0 19.9 03:43 WNW
22 13.8 20.2 15:33 8.0 03:18 4.6 0.1 0.0 4.7 12.3 12:03 E
23 14.0 16.0 12:02 11.7 05:07 4.3 0.0 1.0 13.2 27.1 22:29 ESE
24 16.8 20.8 14:54 14.5 00:02 1.7 0.2 5.3 7.7 24.4 00:00 SSE
25 13.9 16.2 00:00 10.9 23:17 4.4 0.0 7.4 10.5 25.1 13:47 N
26 13.3 16.5 16:23 9.9 05:12 5.0 0.0 0.0 12.2 21.3 03:13 NW
27 15.6 23.3 18:08 11.1 00:34 3.2 0.5 0.0 5.2 13.2 02:20 W
28 16.7 20.8 17:40 13.7 04:39 2.1 0.5 0.0 10.5 17.7 17:23 SSE
29 17.9 22.2 16:29 14.5 02:05 1.5 1.1 0.0 12.3 23.3 17:41 SSE
30 15.4 18.0 12:21 11.7 23:29 2.9 0.0 4.1 14.0 28.6 15:17 WSW
31 14.1 17.4 15:53 11.6 04:13 4.2 0.0 0.0 9.4 16.8 10:10 WNW
----------------------------------------------------------------------------------
15.0 25.1 19 8.0 22 107.0 6.1 26.2 10.8 36.9 13 W
Max >= 27.0 0
Max <= 0.0 0
Min <= 0.0 0
Min <= -18.0 0
Max Rain: 8.4 on day 19
Days of Rain: 5 (>= 0.2 mm) 4 (>= 2.0 mm) 0 (>= 20.0 mm)
Heat Base: 18.3 Cool Base: 18.3 Method: Integration