Select a Year or Month report
Report for 2022 Apr
Monthly Climatological Summary for Apr 2022
Name: xulih weather City: Holm State: Orkney
Elevation: 33 ft Lat: N 58 53 53 Lon: W 002 53 30
Temperature (°C), Rain (mm), Wind Speed (mph)
Heat Cool Avg
Mean Deg Deg Wind Dom
Day Temp High Time Low Time Days Days Rain Speed High Time Dir
----------------------------------------------------------------------------------
01 3.9 8.7 14:29 0.0 06:33 14.4 0.0 0.0 4.1 13.2 02:39 NW
02 3.8 9.2 13:44 -1.1 05:01 14.5 0.0 0.0 5.0 19.9 19:23 NW
03 6.5 9.3 20:17 2.0 00:31 11.8 0.0 8.4 17.3 37.1 20:16 W
04 6.8 9.1 00:05 2.6 23:55 11.5 0.0 2.0 15.5 39.8 04:20 NW
05 4.8 9.6 14:30 2.5 00:00 13.5 0.0 2.0 7.7 26.4 21:51 SE
06 3.5 4.7 12:05 2.2 23:27 14.8 0.0 32.8 26.9 48.3 21:32 E
07 4.8 8.6 17:42 2.1 00:45 13.5 0.0 0.0 15.3 45.0 00:43 NE
08 4.4 7.8 13:23 1.9 02:13 13.9 0.0 4.1 15.3 31.1 10:57 NNW
09 3.5 7.0 18:50 1.0 04:13 14.8 0.0 1.0 10.8 29.3 13:51 NNW
10 4.6 8.3 16:31 1.3 06:22 13.7 0.0 2.3 3.6 11.0 11:55 E
11 6.7 9.3 13:08 4.0 00:00 11.5 0.0 0.0 20.9 34.2 21:00 SE
12 7.6 9.6 16:16 6.4 00:00 10.7 0.0 0.0 22.2 35.6 00:15 SE
13 7.3 8.3 15:32 4.9 23:54 11.0 0.0 7.4 11.0 19.9 04:13 ENE
14 7.5 12.8 14:21 1.4 05:46 10.8 0.0 0.0 7.1 16.3 18:53 SE
15 9.7 14.5 15:20 7.6 04:23 8.6 0.0 1.0 13.2 26.4 22:09 SSE
16 9.5 12.3 13:55 8.1 23:56 8.8 0.0 1.0 17.9 29.3 03:46 SSE
17 10.8 15.7 16:10 7.4 01:44 7.5 0.0 0.0 9.1 29.8 22:09 SSE
18 10.2 14.8 18:31 8.0 23:36 8.1 0.0 0.0 14.1 27.5 00:06 S
19 10.3 15.2 17:09 7.8 00:45 8.0 0.0 0.0 9.5 23.9 02:22 SW
20 9.4 14.4 14:25 7.1 05:32 8.9 0.0 0.0 13.4 23.9 20:05 SE
21 8.8 12.7 12:57 5.9 06:08 9.4 0.0 0.0 12.7 26.2 15:03 E
22 9.2 12.3 14:40 7.7 00:43 9.1 0.0 1.0 13.7 25.5 13:42 NE
23 8.7 11.1 14:03 7.3 02:35 9.6 0.0 0.0 8.8 17.7 00:37 NE
24 8.6 10.2 14:52 7.3 02:42 9.7 0.0 0.0 7.9 16.1 11:22 NE
25 8.5 10.8 15:02 7.0 23:45 9.8 0.0 0.0 8.9 17.2 08:12 NE
26 8.1 12.2 14:49 5.3 05:22 10.2 0.0 0.0 6.3 15.7 11:18 NE
27 10.2 15.2 17:53 6.4 03:12 8.1 0.0 0.0 5.7 14.3 16:42 SSE
28 8.5 12.8 11:08 2.2 05:34 9.8 0.0 0.0 4.7 14.8 23:00 W
29 10.6 17.6 14:46 4.7 05:19 7.7 0.0 0.0 5.6 13.9 23:39 S
30 9.1 11.0 12:27 8.1 01:32 9.2 0.0 1.0 13.6 23.3 07:15 SSE
----------------------------------------------------------------------------------
7.5 17.6 29 -1.1 2 322.9 0.0 64.0 11.6 48.3 6 ESE
Max >= 27.0 0
Max <= 0.0 0
Min <= 0.0 2
Min <= -18.0 0
Max Rain: 32.8 on day 6
Days of Rain: 12 (>= 0.2 mm) 7 (>= 2.0 mm) 1 (>= 20.0 mm)
Heat Base: 18.3 Cool Base: 18.3 Method: Integration