Holm, Orkney weather
Latitude N 59° 29' 09" Longitude W 02° 53' 30" Elevation 33 ft
NOAA Style Reports for xulih weather
Select a Year or Month report
Report for 2022 May Monthly Climatological Summary for May 2022 Name: xulih weather City: Holm State: Orkney Elevation: 33 ft Lat: N 58 53 53 Lon: W 002 53 30 Temperature (°C), Rain (mm), Wind Speed (mph) Heat Cool Avg Mean Deg Deg Wind Dom Day Temp High Time Low Time Days Days Rain Speed High Time Dir ---------------------------------------------------------------------------------- 01 10.0 12.3 13:15 8.6 00:00 8.3 0.0 0.0 10.8 23.3 05:56 SSE 02 9.1 12.0 17:17 4.7 23:54 9.2 0.0 0.0 7.5 17.7 12:15 N 03 8.4 13.5 13:26 3.0 05:43 9.9 0.0 0.0 7.3 17.9 14:18 SSE 04 10.0 12.6 13:51 8.1 04:45 8.3 0.0 0.0 10.8 27.5 16:22 W 05 11.3 15.1 16:16 8.4 00:19 7.0 0.0 0.0 7.7 17.7 00:00 SW 06 11.4 14.3 13:38 5.7 23:51 6.9 0.0 0.0 12.2 26.4 12:13 W 07 10.7 19.7 16:05 4.0 02:57 7.6 0.1 0.0 4.6 14.8 23:50 SSW 08 12.4 17.6 15:11 8.8 04:28 5.9 0.0 0.0 14.1 25.7 18:52 SSE 09 10.8 11.6 11:18 9.8 01:50 7.5 0.0 1.0 16.9 34.4 16:33 S 10 11.2 14.7 13:30 8.3 03:50 7.1 0.0 0.0 11.5 24.6 11:16 SW 11 9.8 12.1 11:15 7.7 23:41 8.5 0.0 1.0 19.4 39.1 13:06 W 12 9.5 11.3 11:50 7.2 06:57 8.8 0.0 3.0 13.8 26.2 02:50 WSW 13 10.0 12.7 15:10 8.7 22:07 8.3 0.0 4.3 14.7 33.3 15:06 W 14 11.5 14.7 14:51 9.0 00:00 6.8 0.0 0.0 10.1 24.6 13:01 W 15 12.2 16.8 13:29 7.5 05:19 6.1 0.0 0.0 8.5 20.1 21:43 SE 16 10.4 12.7 12:01 9.4 04:17 7.9 0.0 0.0 16.5 26.4 10:33 ESE 17 11.4 13.5 14:50 10.2 01:48 6.9 0.0 0.0 16.6 34.2 23:11 SE 18 14.1 22.0 16:48 11.2 00:00 4.4 0.2 0.0 14.1 36.2 02:01 S 19 13.8 19.5 15:40 10.2 05:26 4.5 0.1 0.0 12.2 30.4 02:48 S 20 14.1 20.8 15:52 10.0 04:25 4.4 0.2 0.0 7.3 19.2 11:40 S 21 12.5 17.0 16:06 9.5 02:11 5.8 0.0 0.0 6.5 19.5 11:32 WSW 22 13.1 16.2 13:51 10.8 23:57 5.2 0.0 0.0 7.4 16.8 06:05 SSE 23 11.1 13.4 14:06 8.6 23:38 7.2 0.0 0.0 3.6 10.7 11:41 NNW 24 11.6 15.4 18:34 8.6 00:00 6.7 0.0 0.0 6.7 17.4 16:34 NW 25 11.2 14.7 13:21 9.0 23:31 7.1 0.0 3.0 14.3 29.5 17:41 WSW 26 9.5 12.3 11:34 6.6 18:40 8.8 0.0 8.4 17.0 36.5 17:26 W 27 10.7 14.0 16:50 7.4 23:05 7.6 0.0 0.0 14.4 28.4 15:50 NW 28 8.9 10.9 12:47 7.3 00:30 9.4 0.0 0.0 11.3 23.3 12:28 NNW 29 8.3 10.6 13:34 6.7 22:07 10.0 0.0 1.3 10.3 20.6 08:13 NNW ---------------------------------------------------------------------------------- 11.0 22.0 18 3.0 3 212.1 0.6 22.0 11.3 39.1 11 SW Max >= 27.0 0 Max <= 0.0 0 Min <= 0.0 0 Min <= -18.0 0 Max Rain: 8.4 on day 26 Days of Rain: 7 (>= 0.2 mm) 4 (>= 2.0 mm) 0 (>= 20.0 mm) Heat Base: 18.3 Cool Base: 18.3 Method: Integration |
||
:Home::now::gauges::today: :yesterday::this month::this year::records::monthly records::reports::trends::forum: |
Page updated 09/04/2015 12:35:00
powered by
Cumulus
v1.9.4 (1099)