Holm, Orkney weather
Latitude N 59° 29' 09" Longitude W 02° 53' 30" Elevation 33 ft
NOAA Style Reports for xulih weather
Select a Year or Month report
Report for 2022 Feb Monthly Climatological Summary for Feb 2022 Name: xulih weather City: Holm State: Orkney Elevation: 33 ft Lat: N 58 53 53 Lon: W 002 53 30 Temperature (°C), Rain (mm), Wind Speed (mph) Heat Cool Avg Mean Deg Deg Wind Dom Day Temp High Time Low Time Days Days Rain Speed High Time Dir ---------------------------------------------------------------------------------- 01 6.9 9.6 00:26 4.0 21:25 11.4 0.0 3.0 30.4 59.3 11:43 NW 02 7.3 8.7 22:29 4.5 02:14 11.0 0.0 7.4 9.2 25.9 04:41 W 03 7.3 10.2 13:48 2.0 22:02 11.0 0.0 8.6 19.0 53.5 21:52 WSW 04 3.3 5.1 14:37 1.6 22:57 15.0 0.0 3.0 24.0 47.4 09:46 WNW 05 4.2 6.9 11:45 1.5 22:55 14.1 0.0 3.0 25.5 51.4 14:07 W 06 2.2 3.3 02:45 0.8 10:06 16.1 0.0 7.4 18.3 39.6 13:21 NW 07 5.2 8.5 18:06 1.1 07:31 13.1 0.0 2.3 17.0 42.7 20:40 WSW 08 5.7 7.0 15:47 3.7 09:36 12.6 0.0 2.0 26.6 49.2 03:37 W 09 2.9 5.2 00:22 0.9 07:37 15.4 0.0 6.4 26.9 53.0 02:18 W 10 2.7 6.3 11:30 -0.3 23:55 15.6 0.0 3.0 13.1 35.3 01:53 W 11 3.9 5.9 12:23 -0.9 01:34 14.4 0.0 3.3 15.0 35.3 23:48 SW 12 7.0 9.9 14:26 5.5 00:00 11.3 0.0 0.0 18.6 30.6 03:36 SSW 13 6.0 8.0 13:16 3.0 20:03 12.3 0.0 0.0 7.7 21.0 01:08 SW 14 4.0 6.4 09:24 -0.7 23:47 14.3 0.0 1.0 7.9 30.9 11:20 NE 15 3.7 5.8 13:41 -1.4 01:03 14.6 0.0 6.3 17.5 39.6 13:57 W 16 3.7 5.9 12:49 1.8 22:07 14.6 0.0 1.0 5.1 15.4 06:08 SSE 17 4.0 6.1 12:20 2.2 19:02 14.3 0.0 4.3 18.6 50.8 18:34 WNW 18 3.5 5.8 14:32 1.3 07:12 14.8 0.0 1.0 7.3 24.6 21:24 NW 19 3.2 6.4 15:46 0.9 08:14 15.1 0.0 3.0 9.2 30.6 23:59 WSW 20 5.2 8.4 11:34 2.2 17:56 13.1 0.0 11.7 23.4 45.4 17:46 WSW 21 4.0 7.3 13:11 1.0 20:59 14.3 0.0 3.0 8.1 28.6 12:27 NNW 22 5.6 7.4 14:01 3.7 17:51 12.7 0.0 4.3 24.9 45.0 14:09 WSW 23 4.5 6.4 11:09 2.5 22:30 13.8 0.0 11.4 25.4 50.6 13:34 SW 24 3.1 5.4 14:08 1.6 21:19 15.2 0.0 3.3 21.4 45.0 05:01 WSW 25 4.8 8.4 13:31 2.2 04:38 13.5 0.0 2.0 11.9 29.3 21:56 SW 26 7.9 9.9 15:12 6.8 00:00 10.4 0.0 0.0 18.6 35.3 11:41 SSW 27 7.3 9.8 12:48 6.1 19:28 11.0 0.0 0.0 22.1 37.8 23:19 S 28 6.9 9.2 11:53 4.6 19:37 11.4 0.0 0.0 17.0 39.8 00:13 SSW ---------------------------------------------------------------------------------- 4.9 10.2 3 -1.4 15 376.4 0.0 101.7 17.5 59.3 1 WSW Max >= 27.0 0 Max <= 0.0 0 Min <= 0.0 4 Min <= -18.0 0 Max Rain: 11.7 on day 20 Days of Rain: 23 (>= 0.2 mm) 20 (>= 2.0 mm) 0 (>= 20.0 mm) Heat Base: 18.3 Cool Base: 18.3 Method: Integration |
||
:Home::now::gauges::today: :yesterday::this month::this year::records::monthly records::reports::trends::forum: |
Page updated 09/04/2015 12:35:00
powered by
Cumulus
v1.9.4 (1099)