Holm, Orkney weather
Latitude N 59° 29' 09" Longitude W 02° 53' 30" Elevation 33 ft
NOAA Style Reports for xulih weather
Select a Year or Month report
Report for 2021 Nov Monthly Climatological Summary for Nov 2021 Name: xulih weather City: Holm State: Orkney Elevation: 33 ft Lat: N 58 53 53 Lon: W 002 53 30 Temperature (°C), Rain (mm), Wind Speed (mph) Heat Cool Avg Mean Deg Deg Wind Dom Day Temp High Time Low Time Days Days Rain Speed High Time Dir ---------------------------------------------------------------------------------- 01 9.6 11.8 13:06 7.8 05:59 8.7 0.0 0.0 7.0 24.2 01:11 NW 02 8.1 10.3 12:13 5.3 21:07 10.2 0.0 0.0 5.6 14.5 00:49 NW 03 6.6 7.6 11:16 5.3 00:04 11.7 0.0 0.0 11.8 25.1 13:20 NNW 04 7.8 10.2 20:19 5.7 02:39 10.5 0.0 0.0 12.7 22.1 21:03 NW 05 10.0 12.0 12:16 8.1 03:15 8.3 0.0 1.0 12.9 25.9 14:16 WNW 06 9.8 11.6 14:07 7.6 19:46 8.5 0.0 14.7 23.6 50.8 21:52 W 07 8.5 9.8 14:35 7.2 21:48 9.8 0.0 1.0 29.7 63.8 13:57 WNW 08 9.9 12.5 20:30 7.1 03:05 8.4 0.0 5.3 12.5 39.8 11:26 SSW 09 9.7 11.3 12:01 7.6 23:35 8.6 0.0 1.0 15.9 32.2 22:14 SW 10 8.4 9.9 14:25 6.8 03:09 9.9 0.0 6.4 18.9 35.8 04:31 WSW 11 9.0 11.0 12:38 7.3 08:55 9.3 0.0 3.0 17.2 40.9 23:53 SW 12 10.6 12.1 12:46 8.5 22:11 7.7 0.0 2.3 14.2 38.3 00:15 SSE 13 10.6 11.2 22:22 9.3 05:33 7.7 0.0 0.0 5.3 20.6 23:53 WSW 14 11.4 12.1 12:13 10.8 01:39 6.9 0.0 7.4 16.5 33.3 04:22 S 15 10.0 11.3 13:02 8.9 17:13 8.3 0.0 3.0 9.9 22.6 19:19 SW 16 9.2 10.7 14:50 5.0 22:43 9.1 0.0 6.3 17.9 40.0 19:49 SW 17 7.7 9.1 21:20 5.5 06:00 10.6 0.0 3.3 17.2 39.6 13:39 WNW 18 12.3 13.5 19:40 9.0 00:00 6.0 0.0 0.0 21.9 40.7 20:45 W 19 11.0 13.2 02:17 9.3 17:34 7.3 0.0 0.0 14.4 44.5 03:22 WNW 20 7.7 9.6 00:01 4.0 23:54 10.6 0.0 0.0 11.7 36.7 14:54 NW 21 5.5 8.6 13:22 3.7 02:45 12.8 0.0 0.0 10.2 26.6 02:36 NNW 22 8.8 10.0 08:32 7.0 00:00 9.5 0.0 0.0 19.2 32.4 07:39 WNW 23 9.5 10.3 16:53 8.3 00:04 8.8 0.0 0.0 18.4 34.4 12:07 W 24 6.5 9.6 00:16 4.1 23:04 11.8 0.0 0.0 19.7 37.6 19:20 WNW 25 4.5 6.7 22:11 2.4 09:16 13.8 0.0 0.0 14.3 33.1 03:31 NW 26 4.1 6.4 00:09 1.1 09:04 14.2 0.0 0.0 24.3 53.5 15:45 NNE 27 1.9 3.4 11:44 0.1 07:27 16.4 0.0 0.8 13.0 30.2 02:33 N 28 1.2 3.5 12:33 -0.1 22:49 17.1 0.0 3.3 4.1 17.7 13:52 N 29 4.5 8.7 13:12 -0.7 00:48 13.8 0.0 2.0 14.6 32.2 14:51 W 30 4.8 6.9 18:07 2.0 08:22 13.5 0.0 6.3 10.7 27.7 20:34 ESE ---------------------------------------------------------------------------------- 8.0 13.5 18 -0.7 29 309.8 0.0 67.1 14.8 63.8 7 W Max >= 27.0 0 Max <= 0.0 0 Min <= 0.0 2 Min <= -18.0 0 Max Rain: 14.7 on day 6 Days of Rain: 16 (>= 0.2 mm) 12 (>= 2.0 mm) 0 (>= 20.0 mm) Heat Base: 18.3 Cool Base: 18.3 Method: Integration |
||
:Home::now::gauges::today: :yesterday::this month::this year::records::monthly records::reports::trends::forum: |
Page updated 09/04/2015 12:35:00
powered by
Cumulus
v1.9.4 (1099)