Holm, Orkney weather

 Latitude N 59° 29' 09"    Longitude W 02° 53' 30"    Elevation 33 ft

NOAA Style Reports for xulih weather


Report for 2021 Jul
                   Monthly Climatological Summary for Jul 2021

Name: xulih weather   City: Holm   State: Orkney
Elevation: 33 ft  Lat: N 58 53 53   Lon: W 002 53 30

                  Temperature (C), Rain (mm), Wind Speed (mph)

                                      Heat  Cool        Avg
    Mean                              Deg   Deg         Wind                 Dom
Day Temp  High   Time   Low    Time   Days  Days  Rain  Speed High   Time    Dir
----------------------------------------------------------------------------------
01  13.7  19.0   16:47   7.6   04:37   4.6   0.0   0.0   5.5  13.2   16:51   NNE
02  14.9  20.0   16:10  12.1   04:01   3.5   0.1   0.0   4.9  13.0   21:50    SE
03  14.7  18.3   12:40  12.6   00:46   3.6   0.0   0.0  11.9  19.7   06:02   SSE
04  13.7  15.6   14:05  13.0   03:05   4.6   0.0   0.0  14.7  24.4   14:04   ESE
05  13.8  18.0   17:54  12.7   22:25   4.5   0.0   1.3  11.8  20.1   12:20   ESE
13  14.7  18.8   16:06  12.4   02:48   2.7   0.0   0.0  ----  20.1   10:31   ESE
14  17.7  22.0   16:48   0.0   08:31   0.7   0.3   2.0   9.5  26.8   23:17   SSW
15  15.3  19.2   17:50  11.9   05:05   3.0   0.0   0.0  12.4  26.4   00:39   WNW
16  16.6  19.4   11:13  13.6   02:23   1.8   0.1   0.0  13.0  29.3   14:34     W
17  14.9  17.8   13:34  12.0   23:57   3.4   0.0   0.0  17.7  35.8   16:35   WNW
18  13.9  16.7   17:22  11.0   05:01   4.4   0.0   0.0   7.5  20.4   03:42   WNW
19  13.9  16.3   16:18  12.1   04:34   4.4   0.0   0.0   7.4  19.9   18:59     W
20  14.3  18.0   18:31  12.5   05:02   4.0   0.0   0.0   6.8  15.9   14:20    NW
21  14.3  17.9   16:26  12.5   02:24   4.0   0.0   0.0   5.7  12.8   17:15    SW
22  14.5  19.2   16:27  12.4   23:26   3.8   0.0   0.0   6.1  14.5   03:56    NW
23  14.5  20.5   15:12  10.8   05:39   4.1   0.3   0.0   4.2  10.7   16:35    SE
24  15.0  19.5   17:37  12.2   01:52   3.4   0.1   0.0   7.7  13.9   17:12    SE
25  16.4  21.0   15:55  12.5   04:48   2.5   0.6   0.0   9.6  18.1   14:36   ESE
26  16.3  20.9   15:45  14.3   23:40   2.2   0.2   4.1   8.6  21.9   12:21    NE
27  15.3  20.5   16:19  12.8   23:48   3.0   0.1   0.0   7.2  14.8   23:59    NW
28  13.1  14.6   16:26  12.4   05:47   5.2   0.0   2.3  10.3  19.9   07:51   ENE
29  13.5  15.6   14:30  12.6   00:44   4.8   0.0   1.0   8.6  13.6   08:34   NNW
30  13.4  15.6   13:51  11.7   23:28   4.9   0.0   0.0   6.6  13.2   04:51   NNW
31  12.1  15.7   13:41   9.5   04:53   6.2   0.0   0.0   7.4  15.4   17:05     N
----------------------------------------------------------------------------------
    14.6  22.0    14     0.0    14    89.3   1.8  10.7   8.9  35.8    17      NW

Max >=  27.0  0
Max <=   0.0  0
Min <=   0.0  1
Min <= -18.0  0
Max Rain: 4.1 on day 26
Days of Rain: 5 (>= 0.2 mm)  3 (>= 2.0 mm)  0 (>= 20.0 mm)
Heat Base: 18.3  Cool Base: 18.3  Method: Integration
:Home::now::gauges::today: :yesterday::this month::this year::records::monthly records::reports::trends::forum:


Page updated 09/04/2015 12:35:00
powered by Cumulus v1.9.4 (1099)