Holm, Orkney weather

 Latitude N 59° 29' 09"    Longitude W 02° 53' 30"    Elevation 33 ft

NOAA Style Reports for xulih weather


Report for 2021 May
                   Monthly Climatological Summary for May 2021

Name: xulih weather   City: Holm   State: Orkney
Elevation: 33 ft  Lat: N 58 53 53   Lon: W 002 53 30

                  Temperature (C), Rain (mm), Wind Speed (mph)

                                      Heat  Cool        Avg
    Mean                              Deg   Deg         Wind                 Dom
Day Temp  High   Time   Low    Time   Days  Days  Rain  Speed High   Time    Dir
----------------------------------------------------------------------------------
01   6.4  13.4   18:43   2.6   04:48  11.9   0.0   0.0   3.4  15.2   12:10     N
02   6.1   9.8   12:01   2.0   05:02  12.2   0.0   0.0   2.7  13.0   12:19   NNW
03   6.0  12.8   14:17   0.1   05:35  12.2   0.0   0.0   7.4  19.0   18:30     E
04   6.9  10.2   16:58   3.4   22:18  11.4   0.0   0.0  14.8  29.5   05:16    NE
05   5.4   9.2   14:51   3.0   20:49  12.9   0.0   0.0  12.9  30.9   17:47   NNW
06   7.6  12.4   14:50   4.0   23:59  10.7   0.0   2.0   8.4  21.9   12:08     N
07   6.6  10.9   15:28   1.9   04:18  11.7   0.0   0.0   8.1  20.1   14:24    NW
08   6.4  10.6   12:10   1.9   04:05  11.9   0.0   3.3  13.6  35.6   22:56   ESE
09   8.7  14.4   14:33   6.0   00:00   9.6   0.0   0.0  11.2  31.1   00:04     E
10   9.4  11.7   13:13   7.4   01:59   8.9   0.0   2.0   9.7  17.4   23:12     E
11  10.1  15.7   12:49   6.0   23:15   8.2   0.0   2.0   8.4  17.2   00:22   ESE
12   8.5  11.4   14:29   5.7   02:22   9.8   0.0   2.0   9.6  24.4   20:33   ENE
13   8.9  11.9   13:18   7.0   02:50   9.4   0.0   0.0   9.5  18.6   02:25   ENE
14   8.4  10.8   12:10   7.0   04:42   9.9   0.0   1.3   5.3  15.4   13:22    NE
15   8.5  10.8   10:14   6.5   04:37   9.8   0.0   1.0   5.7  15.7   15:33    NW
16  10.9  16.2   17:04   7.1   02:09   7.4   0.0   0.0   8.4  15.4   11:49     S
17  11.7  18.3   14:02   8.2   04:29   6.6   0.0   0.0   6.5  13.4   01:40   SSE
18   9.7  13.3   14:15   7.0   23:31   8.6   0.0   0.0   6.6  17.7   12:16    NW
19   8.5  12.6   18:15   5.2   03:17   9.8   0.0   0.0   4.9  17.2   11:31     N
20   7.8  12.6   13:22   4.0   03:52  10.5   0.0   0.0  11.8  28.6   22:19     E
21   7.9   9.8   12:13   6.0   00:42  10.4   0.0   0.0  16.7  30.6   07:40   ENE
22   7.2  10.9   14:35   3.3   04:15  11.1   0.0   0.0   8.6  19.5   09:25   NNW
23   8.8  14.3   16:43   1.4   05:01   9.5   0.0   0.0  13.4  27.7   19:44    SE
24   8.6   9.8   17:55   7.9   14:39   9.7   0.0   7.4  15.8  32.9   11:38     E
25  10.3  14.1   16:46   8.1   01:06   8.0   0.0   0.0   7.8  15.2   18:14    NE
26   9.6  11.0   14:07   8.6   06:12   8.7   0.0   0.0   7.3  19.5   06:17   NNE
27  10.6  16.0   19:36   8.4   04:14   7.7   0.0   0.0   2.2   7.4   15:46   SSW
28  10.5  13.7   16:36   8.6   23:19   7.8   0.0   0.0   6.5  16.3   23:12    SE
29  10.6  15.4   17:12   8.2   23:16   7.7   0.0   0.0   6.7  17.0   02:36   SSE
30  10.2  13.5   12:08   7.2   03:50   8.1   0.0   0.0   9.6  20.4   18:45   SSE
31  11.9  17.4   17:47   8.7   02:53   6.3   0.0   0.0  13.2  30.9   23:09   SSE
----------------------------------------------------------------------------------
     8.7  18.3    17     0.1     3   298.4   0.0  21.0   8.9  35.6     8     ENE

Max >=  27.0  0
Max <=   0.0  0
Min <=   0.0  0
Min <= -18.0  0
Max Rain: 7.4 on day 24
Days of Rain: 8 (>= 0.2 mm)  6 (>= 2.0 mm)  0 (>= 20.0 mm)
Heat Base: 18.3  Cool Base: 18.3  Method: Integration
:Home::now::gauges::today: :yesterday::this month::this year::records::monthly records::reports::trends::forum:


Page updated 09/04/2015 12:35:00
powered by Cumulus v1.9.4 (1099)