Holm, Orkney weather

 Latitude N 59° 29' 09"    Longitude W 02° 53' 30"    Elevation 33 ft

NOAA Style Reports for xulih weather


Report for 2021 Feb
                   Monthly Climatological Summary for Feb 2021

Name: xulih weather   City: Holm   State: Orkney
Elevation: 33 ft  Lat: N 58 53 53   Lon: W 002 53 30

                  Temperature (C), Rain (mm), Wind Speed (mph)

                                      Heat  Cool        Avg
    Mean                              Deg   Deg         Wind                 Dom
Day Temp  High   Time   Low    Time   Days  Days  Rain  Speed High   Time    Dir
----------------------------------------------------------------------------------
01   1.0   4.3   14:00  -1.0   19:04  17.3   0.0   2.0   4.4  12.8   04:13   NNE
02   2.7   4.3   10:39   0.6   01:07  15.6   0.0   0.0  13.2  27.1   15:42     E
03   2.4   3.7   11:14   1.2   22:41  15.9   0.0   0.0  16.7  29.3   09:57   ESE
04   2.3   3.2   18:52   0.4   02:53  16.0   0.0   0.0  17.5  30.0   19:19   ESE
05   2.3   3.2   00:34   1.1   08:32  16.0   0.0   0.0  23.5  40.7   08:27   ESE
06   1.5   2.4   00:11   0.2   21:53  16.8   0.0   0.0  23.7  39.6   12:34   ESE
07   1.2   2.1   11:38   0.3   00:14  17.1   0.0   1.3  18.0  34.0   01:48   ESE
08   0.1   1.9   14:07  -2.9   21:52  18.2   0.0   0.0  11.7  26.4   09:28     E
09  -1.1   2.1   14:47  -5.0   06:16  19.4   0.0   0.0   9.9  23.5   06:31   ENE
10  -1.7   1.3   13:53  -5.2   09:14  20.0   0.0   0.0   3.8  14.8   01:47    NE
11  -0.3   3.0   13:21  -4.3   07:40  18.6   0.0   0.0   5.0  19.9   22:53     E
12   2.6   3.2   13:14   1.7   00:00  15.7   0.0   1.0  28.5  45.2   23:14   SSE
13   2.8   3.6   13:17   2.1   02:52  15.5   0.0   0.0  36.1  52.8   09:03   SSE
14   4.4   5.5   18:48   2.8   02:04  13.9   0.0   1.0  37.7  55.7   17:54   SSE
15   6.5   8.7   13:11   5.3   00:29  11.8   0.0   1.0  11.3  20.8   07:38     S
16   6.7   8.6   14:43   5.1   23:47  11.6   0.0   1.0  20.8  35.8   08:34     S
17   6.1   8.5   13:11   5.1   00:00  12.2   0.0   3.3  21.5  50.3   09:16     S
18   6.8   9.0   14:38   5.3   20:29  11.5   0.0   4.1  21.9  39.8   11:06     S
19   6.2   7.4   19:42   4.4   04:16  12.1   0.0   1.0  20.9  49.0   11:10     S
20   7.3   9.0   11:58   5.8   03:37  11.0   0.0   2.3  16.9  45.2   19:54   SSE
21   7.2  10.4   13:41   5.8   23:56  11.1   0.0   0.0  18.2  32.4   05:08   SSW
22   7.1  10.2   13:53   5.6   01:00  11.2   0.0   0.0  10.3  18.1   19:21   SSW
23   7.3  10.4   16:36   5.7   00:02  11.0   0.0   0.0  23.6  49.7   14:22     S
24   8.3  11.5   14:16   6.0   22:36  10.0   0.0   0.0  15.1  27.7   12:39   SSW
25   7.2   9.6   13:30   5.8   01:31  11.1   0.0   0.0  19.9  38.5   12:06     W
26   7.9  11.8   13:08   5.9   00:36  10.4   0.0   0.0   9.1  22.1   05:54   WSW
27   7.7  10.8   15:59   3.2   23:00  10.6   0.0   0.0   7.1  17.7   12:29   WSW
28   5.3   9.9   13:55  -0.7   05:34  13.0   0.0   0.0   2.9  13.0   11:42   SSW
----------------------------------------------------------------------------------
     4.2  11.8    26    -5.2    10   394.6   0.0  18.0  16.8  55.7    14     SSE

Max >=  27.0  0
Max <=   0.0  0
Min <=   0.0  6
Min <= -18.0  0
Max Rain: 4.1 on day 18
Days of Rain: 10 (>= 0.2 mm)  4 (>= 2.0 mm)  0 (>= 20.0 mm)
Heat Base: 18.3  Cool Base: 18.3  Method: Integration
:Home::now::gauges::today: :yesterday::this month::this year::records::monthly records::reports::trends::forum:


Page updated 09/04/2015 12:35:00
powered by Cumulus v1.9.4 (1099)