Holm, Orkney weather

 Latitude N 59° 29' 09"    Longitude W 02° 53' 30"    Elevation 33 ft

NOAA Style Reports for xulih weather


Report for 2021 Jan
                   Monthly Climatological Summary for Jan 2021

Name: xulih weather   City: Holm   State: Orkney
Elevation: 33 ft  Lat: N 58 53 53   Lon: W 002 53 30

                  Temperature (C), Rain (mm), Wind Speed (mph)

                                      Heat  Cool        Avg
    Mean                              Deg   Deg         Wind                 Dom
Day Temp  High   Time   Low    Time   Days  Days  Rain  Speed High   Time    Dir
----------------------------------------------------------------------------------
01   3.4   5.0   12:34   1.2   22:57  14.9   0.0   2.3   7.9  17.2   00:58   NNW
02   3.0   5.0   13:28   1.3   02:59  15.3   0.0   4.1   7.6  16.3   21:20     N
03   4.4   6.8   12:48   2.7   03:16  13.9   0.0   2.3   6.0  17.9   01:06   ENE
04   3.8   4.5   01:03   3.0   17:50  14.5   0.0   0.0   2.9  10.1   01:39    NE
05   2.6   6.0   12:53   0.2   06:44  15.7   0.0   0.0   1.7   9.8   15:33     N
06   3.9   5.1   21:52   1.8   01:20  14.4   0.0   2.0   8.0  19.9   21:19   WSW
07   2.2   4.6   00:00  -0.5   22:32  16.1   0.0   1.0   6.6  23.0   18:53     N
08   0.5   2.8   20:49  -2.4   06:00  17.8   0.0   0.0   8.2  22.8   00:01    NW
09   3.6   6.6   14:20   1.7   18:28  14.7   0.0   3.0  16.6  32.7   08:51     W
10   3.2   4.6   10:28   1.7   05:42  15.1   0.0  10.7   8.1  28.4   05:27   WNW
11   2.4   4.0   00:00   1.2   17:51  15.9   0.0   5.3   7.9  30.4   23:26   NNW
12   2.3   3.9   12:14   1.1   08:55  16.0   0.0   1.0   8.6  25.3   12:15   NNW
13   3.0   5.0   18:40   0.9   07:24  15.3   0.0   0.0   7.0  24.2   23:57     E
14   5.6   6.1   11:12   5.0   00:00  12.7   0.0   1.0  22.6  37.1   18:16   SSE
15   5.6   6.6   13:11   4.5   21:06  12.7   0.0   1.0  14.2  44.5   23:54     S
16   5.9   7.1   18:04   4.7   07:25  12.4   0.0  13.7  27.3  50.8   05:59   SSW
17   5.9   6.5   04:34   4.8   11:36  12.4   0.0   3.0  19.1  37.8   00:28     W
18   4.2   5.8   11:37   2.4   05:39  14.1   0.0   5.3  17.6  41.8   05:29     W
19   4.0   5.8   12:42   1.2   22:22  14.3   0.0  10.7   9.2  23.9   00:39   WSW
20   3.1   4.4   10:23   1.0   02:43  15.2   0.0  12.4  12.3  33.3   16:46   ENE
21   3.6   4.1   01:37   2.9   14:14  14.7   0.0  21.1  21.3  37.8   16:56     N
22   2.4   4.3   12:23   0.2   22:28  15.9   0.0   2.3  14.5  30.6   06:56   NNW
23   1.6   3.7   12:31   0.2   01:07  16.7   0.0   0.0   9.1  25.1   12:58   WNW
24   2.3   4.0   18:29   1.0   02:22  16.0   0.0   0.0   9.1  34.7   14:59     W
25   2.1   5.1   12:49  -0.2   08:39  16.2   0.0   0.0   3.6  13.9   18:53     N
26   1.8   3.5   21:53  -0.5   03:14  16.5   0.0   0.0   5.2  17.7   16:16     E
27   1.9   4.9   13:27  -1.3   22:27  16.4   0.0   0.0   3.9  15.4   04:46    NE
28   0.8   2.9   11:06  -1.5   00:16   8.4   0.0   0.0   5.8  18.8   11:18   ENE
29   0.7   1.6   19:54  -0.3   22:59   3.4   0.0   0.0   3.9  14.3   23:19    NE
30   1.6   4.0   14:13  -0.8   21:14  16.7   0.0   0.0   4.3  17.4   12:44   NNE
31   0.6   3.8   11:24  -1.7   21:07  17.7   0.0   2.0   2.8  13.0   09:36    NW
----------------------------------------------------------------------------------
     3.0   7.1    16    -2.4     8   452.0   0.0 104.2  10.0  50.8    16     WNW

Max >=  27.0  0
Max <=   0.0  0
Min <=   0.0  9
Min <= -18.0  0
Max Rain: 21.1 on day 21
Days of Rain: 19 (>= 0.2 mm)  15 (>= 2.0 mm)  1 (>= 20.0 mm)
Heat Base: 18.3  Cool Base: 18.3  Method: Integration
:Home::now::gauges::today: :yesterday::this month::this year::records::monthly records::reports::trends::forum:


Page updated 09/04/2015 12:35:00
powered by Cumulus v1.9.4 (1099)