Holm, Orkney weather

 Latitude N 59° 29' 09"    Longitude W 02° 53' 30"    Elevation 33 ft

NOAA Style Reports for xulih weather

Select a Year or Month report
V/Λ2021 > Jan Feb Mar Apr May Jun Jul Aug Sep Oct Nov Dec
V/Λ2020 > Jan Feb Mar Apr May Jun Jul Aug Sep Oct Nov Dec
V/Λ2019 > Jan Feb Mar Apr May Jun Jul Aug Sep Oct Nov Dec
V/Λ2018 > Jan Feb Mar Apr May Jun Jul Aug Sep Oct Nov Dec
V/Λ2017 > Jan Feb Mar Apr May Jun Jul Aug Sep Oct Nov Dec
V/Λ2016 > Jan Feb Mar Apr May Jun Jul Aug Sep Oct Nov Dec
V/Λ2015 > Jan Feb Mar Apr May Jun Jul Aug Sep Oct Nov Dec

Report for 2020 Nov
                   Monthly Climatological Summary for Nov 2020

Name: xulih weather   City: Holm   State: Orkney
Elevation: 33 ft  Lat: N 58 53 53   Lon: W 002 53 30

                  Temperature (C), Rain (mm), Wind Speed (mph)

                                      Heat  Cool        Avg
    Mean                              Deg   Deg         Wind                 Dom
Day Temp  High   Time   Low    Time   Days  Days  Rain  Speed High   Time    Dir
----------------------------------------------------------------------------------
01   9.5  11.1   12:42   8.4   01:33   8.8   0.0   3.3  26.0  49.7   07:11   SSW
02   8.8  10.2   01:10   7.6   17:09   9.5   0.0   3.0  14.7  33.3   00:32     W
03   8.1   9.7   11:11   5.7   22:55  10.2   0.0   3.3  15.8  36.9   19:38     W
04   8.5  11.5   23:49   5.6   01:59   9.8   0.0   1.0  18.2  39.8   22:33   WNW
05  12.0  13.3   05:29  10.7   19:43   6.3   0.0   0.0  23.8  40.0   00:04     W
06  10.6  13.2   12:40   8.0   23:48   7.7   0.0   0.0   7.4  29.3   01:02    SW
07   7.8  11.6   12:12   3.2   23:35  10.5   0.0   0.0   1.2   8.5   12:25    NW
08   9.3  11.0   13:17   3.2   00:05   9.0   0.0   2.0  15.2  29.3   18:40   SSE
09  10.8  11.4   10:28   9.9   23:48   7.5   0.0   0.0   9.4  17.7   07:34   SSE
10  10.8  11.7   14:34   9.9   00:00   7.5   0.0   0.0  15.9  29.3   20:47   SSE
11  10.8  11.2   21:53  10.3   02:51   7.5   0.0   3.3  25.4  44.1   16:28   SSE
12  10.4  11.4   09:16   9.2   16:01   7.9   0.0   0.0  16.4  39.6   23:04     S
13   9.2  10.9   05:03   7.2   23:49   9.1   0.0   2.0  19.9  42.9   01:07   SSW
14   9.6  10.7   12:44   7.2   00:00   8.7   0.0   1.0  18.2  30.6   16:19     S
15   9.9  11.7   12:22   7.5   22:21   8.4   0.0   2.0   9.9  28.9   02:45     S
16   8.9   9.7   08:53   8.0   19:21   9.4   0.0   1.0  19.1  40.9   06:55     W
17  10.6  12.4   12:09   9.0   00:00   7.7   0.0   5.3   8.5  22.8   02:58    SW
18   9.4  12.1   09:06   3.0   23:18   8.9   0.0  15.7  14.9  35.6   21:00   WSW
19   3.0   4.7   12:21   1.3   07:05  15.3   0.0   1.0  14.4  37.8   12:54   NNW
20   7.7  11.5   20:47   3.6   01:30  10.6   0.0   5.3  19.0  41.6   22:53   SSW
21   7.6  10.4   00:00   4.8   09:32  10.7   0.0   6.4  30.8  54.1   18:44     W
22   6.9   8.5   08:05   4.5   16:42  11.4   0.0   5.3  24.6  57.0   03:29   WNW
23   7.7   8.8   19:52   6.4   00:00  10.6   0.0   1.0  16.9  34.0   15:25   SSW
24   7.5   9.0   12:22   5.9   18:31  10.8   0.0   4.3   9.8  19.7   01:47    SW
25   6.5   8.7   12:49   4.7   23:37  11.8   0.0   0.0   7.5  17.9   05:20    SW
26   5.2   7.7   12:39   0.8   06:37  13.1   0.0   0.0   6.1  18.1   20:38    SW
27   7.8   8.6   18:20   6.7   09:38  10.5   0.0   0.0   6.6  20.6   23:12     S
28   7.5   9.7   12:56   4.2   18:38  10.8   0.0   0.0   7.0  24.2   01:58   SSW
29   6.3   8.8   22:45   1.0   09:05  12.0   0.0   0.0   8.7  24.4   23:29    SW
30   6.5   8.7   04:06   2.7   23:25  11.8   0.0  10.4  11.7  35.3   10:02    NW
----------------------------------------------------------------------------------
     8.5  13.3     5     0.8    26   293.8   0.0  76.6  14.8  57.0    22      SW

Max >=  27.0  0
Max <=   0.0  0
Min <=   0.0  0
Min <= -18.0  0
Max Rain: 15.7 on day 18
Days of Rain: 19 (>= 0.2 mm)  14 (>= 2.0 mm)  0 (>= 20.0 mm)
Heat Base: 18.3  Cool Base: 18.3  Method: Integration
:Home::now::gauges::today: :yesterday::this month::this year::records::monthly records::reports::trends::forum:


Page updated 09/04/2015 12:35:00
powered by Cumulus v1.9.4 (1099)