Holm, Orkney weather

 Latitude N 59° 29' 09"    Longitude W 02° 53' 30"    Elevation 33 ft

NOAA Style Reports for xulih weather


Report for 2020 Sep
                   Monthly Climatological Summary for Sep 2020

Name: xulih weather   City: Holm   State: Orkney
Elevation: 33 ft  Lat: N 58 53 53   Lon: W 002 53 30

                  Temperature (C), Rain (mm), Wind Speed (mph)

                                      Heat  Cool        Avg
    Mean                              Deg   Deg         Wind                 Dom
Day Temp  High   Time   Low    Time   Days  Days  Rain  Speed High   Time    Dir
----------------------------------------------------------------------------------
01  14.2  18.6   17:09  11.0   06:14   4.1   0.0   0.0  11.2  18.8   10:24     S
02  14.6  18.2   17:23  13.6   02:42   3.7   0.0   1.0  20.0  36.7   15:50     S
03  14.5  18.7   14:43  11.8   05:01   3.8   0.0   2.0  10.0  30.9   23:42    SW
04  12.9  16.2   12:17   9.8   23:55   5.4   0.0   2.3  20.3  40.9   03:24     W
05  10.7  14.0   13:48   8.6   23:59   7.6   0.0   2.0  14.1  28.0   14:13   WNW
06  10.2  13.7   13:45   6.1   05:45   8.1   0.0   0.0   7.0  19.9   23:50   WNW
07  13.4  16.3   12:45  11.6   00:00   4.9   0.0   1.0  15.1  32.9   21:53   WSW
08  13.6  16.8   13:43  11.7   22:30   4.7   0.0   7.4  15.6  32.9   04:23     W
09  11.8  14.3   12:34   7.1   23:32   6.5   0.0   3.3  18.1  40.0   15:21   WNW
10  11.3  13.6   12:55   7.6   00:00   7.0   0.0   0.0  12.1  23.5   22:23    SW
11  12.9  15.7   15:28  10.8   23:59   5.4   0.0   4.1  19.9  39.8   07:54    SW
12  11.4  14.4   15:04   8.7   07:04   6.9   0.0   2.0  21.2  42.5   14:28   WSW
13  12.7  14.6   20:43  10.5   00:32   5.6   0.0   6.3   5.9  17.0   20:48   SSW
14  15.6  20.1   15:05  13.8   06:50   2.8   0.1   0.0   5.2  17.2   03:27    SW
15  13.5  16.1   14:09   9.7   23:38   4.8   0.0   1.3   4.5  19.7   17:29    NE
16  11.2  15.5   15:59   5.8   05:35   7.1   0.0   0.0   7.0  17.9   23:00   ESE
17  13.6  17.6   14:21  11.0   00:21   4.7   0.0   0.0   7.2  22.8   05:25     S
18  14.2  15.8   12:09  13.5   05:58   4.1   0.0   1.0   5.2  21.9   04:34   WNW
19  14.4  18.6   14:05   9.9   23:58   3.9   0.0   0.0   3.3   9.4   16:03   SSE
20  12.7  15.8   14:58   9.8   04:41   5.6   0.0   0.0   3.8  13.6   08:58   WSW
21  12.5  14.3   13:02  10.7   01:17   5.8   0.0   3.0   8.5  29.3   10:37   WSW
22  12.2  13.3   17:20   8.1   23:36   6.1   0.0   7.4  13.1  25.1   11:51   SSW
23   9.5  16.2   15:00   5.0   07:20   8.8   0.0   1.0   4.5  18.8   01:15   NNW
24   8.0  11.7   14:24   4.2   04:18  10.3   0.0   0.0   4.9  15.2   15:10     N
25   8.3  11.5   12:25   4.9   22:58  10.0   0.0   1.0   9.1  27.7   16:51   NNW
26   9.3  13.1   14:32   6.0   02:57   9.0   0.0   1.3   9.2  27.3   12:18   NNE
27   9.3  14.6   13:49   5.4   07:05   9.0   0.0   0.0   4.3  16.1   23:55    SE
28  11.6  14.5   16:19   9.9   00:00   6.7   0.0   0.0  11.6  22.1   11:00   SSW
29  11.8  15.6   16:57   9.3   05:46   6.5   0.0   0.0  10.3  27.3   23:50     S
30  11.6  13.0   14:32   8.7   23:55   6.7   0.0   6.1  20.6  41.2   09:41   SSE
----------------------------------------------------------------------------------
    12.1  20.1    14     4.2    24   185.6   0.1  53.5  10.8  42.5    12      SW

Max >=  27.0  0
Max <=   0.0  0
Min <=   0.0  0
Min <= -18.0  0
Max Rain: 7.4 on day 8
Days of Rain: 18 (>= 0.2 mm)  11 (>= 2.0 mm)  0 (>= 20.0 mm)
Heat Base: 18.3  Cool Base: 18.3  Method: Integration
:Home::now::gauges::today: :yesterday::this month::this year::records::monthly records::reports::trends::forum:


Page updated 09/04/2015 12:35:00
powered by Cumulus v1.9.4 (1099)