Holm, Orkney weather

 Latitude N 59° 29' 09"    Longitude W 02° 53' 30"    Elevation 33 ft

NOAA Style Reports for xulih weather

Select a Year or Month report

Report for 2020 Jul
                   Monthly Climatological Summary for Jul 2020

Name: xulih weather   City: Holm   State: Orkney
Elevation: 33 ft  Lat: N 58 53 53   Lon: W 002 53 30

                  Temperature (C), Rain (mm), Wind Speed (mph)

                                      Heat  Cool        Avg
    Mean                              Deg   Deg         Wind                 Dom
Day Temp  High   Time   Low    Time   Days  Days  Rain  Speed High   Time    Dir
----------------------------------------------------------------------------------
01  11.9  15.9   14:32   7.1   23:54   6.4   0.0   0.0   7.9  23.7   01:51   NNE
02  10.2  14.0   14:25   5.6   02:23   8.1   0.0   0.0   9.3  20.6   15:11   WNW
03  11.9  16.5   11:54   8.5   02:58   6.4   0.0   3.3   7.2  21.0   15:14    SE
04  12.6  16.8   19:32  10.0   03:18   5.7   0.0   2.0   3.9  13.6   11:48     S
05  11.5  14.0   18:15  10.2   04:50   6.8   0.0  10.4  10.1  23.9   22:29    NW
06  10.9  14.1   16:03   7.9   22:54   7.4   0.0   4.3  18.1  36.0   16:32    NW
07  10.5  14.3   19:35   8.0   22:43   7.8   0.0   0.0   9.3  20.6   03:44   NNW
08  11.7  18.5   19:33   6.5   01:16   6.6   0.0   0.0   3.3  11.0   08:31    SW
09  13.3  19.8   16:24   6.0   01:26   5.0   0.0   0.0   2.8  13.9   16:14     W
10  12.2  15.1   18:08   8.9   04:35   6.1   0.0   1.0   9.2  21.9   10:49   WNW
11  12.2  15.2   14:11   9.7   00:11   6.1   0.0   0.0  15.2  33.3   23:13   WNW
12  13.8  20.2   16:53  10.7   04:53   4.6   0.1   1.0  14.7  35.3   00:28     W
13  13.8  16.4   16:49  11.9   22:14   4.5   0.0   3.3  10.2  26.4   21:47   WSW
14  12.7  14.6   14:34   9.5   23:57   5.6   0.0   1.0  14.0  25.1   00:22   WNW
15  13.2  17.3   16:37   9.1   00:16   5.1   0.0   0.0   6.5  17.4   12:16   SSW
16  14.8  20.5   14:57  11.7   00:00   3.6   0.1   2.0   5.9  17.4   16:23   WSW
17  14.2  18.7   17:19  12.3   02:12   4.1   0.0   0.0   8.8  23.7   10:05     W
18  13.7  17.2   15:25  11.0   04:18   4.6   0.0   0.0  13.7  25.9   12:50   WSW
19  12.7  15.7   12:52  10.1   23:58   5.6   0.0   0.0  13.6  25.3   01:20     W
20  11.7  13.9   18:38   8.4   02:28   6.6   0.0   6.4   2.7  12.3   09:45     W
21  12.3  15.9   13:34   8.4   04:26   6.0   0.0   3.0   6.9  17.0   09:34     W
22  14.5  19.2   18:48  10.7   03:30   3.9   0.0   1.3   8.5  19.7   13:55    SE
23  13.7  16.1   15:24  12.9   04:55   4.6   0.0   0.0   8.0  14.1   07:31   ESE
24  15.5  20.5   16:36  11.4   04:41   3.1   0.3   1.0   6.6  22.8   22:58   SSE
25  14.3  18.8   15:26  11.5   23:57   4.0   0.0   3.0  12.0  25.9   02:42   SSE
26  14.3  19.0   12:59  10.7   00:52   4.0   0.0   4.3   6.0  21.3   13:26     S
27  13.2  17.1   12:31  11.3   23:26   5.1   0.0   8.4   9.6  19.2   04:22     S
28  11.0  12.5   16:42  10.0   09:56   7.3   0.0   8.4  25.9  45.4   15:28    NW
29  11.3  13.7   13:56  10.3   05:21   7.0   0.0   0.0  20.6  30.9   14:13    NW
30  13.2  18.3   13:36  10.3   04:48   5.0   0.0   0.0   9.7  25.3   22:53    SE
31  15.5  19.3   17:44  12.9   00:00   2.9   0.1   0.0  16.5  27.1   08:51   SSE
----------------------------------------------------------------------------------
    12.8  20.5    16     5.6     2   169.6   0.6  64.1  10.2  45.4    28       W

Max >=  27.0  0
Max <=   0.0  0
Min <=   0.0  0
Min <= -18.0  0
Max Rain: 10.4 on day 5
Days of Rain: 17 (>= 0.2 mm)  12 (>= 2.0 mm)  0 (>= 20.0 mm)
Heat Base: 18.3  Cool Base: 18.3  Method: Integration
:Home::now::gauges::today: :yesterday::this month::this year::records::monthly records::reports::trends::forum:


Page updated 09/04/2015 12:35:00
powered by Cumulus v1.9.4 (1099)