Holm, Orkney weather

 Latitude N 59° 29' 09"    Longitude W 02° 53' 30"    Elevation 33 ft

NOAA Style Reports for xulih weather

Select a Year or Month report

Report for 2020 Jun
                   Monthly Climatological Summary for Jun 2020

Name: xulih weather   City: Holm   State: Orkney
Elevation: 33 ft  Lat: N 58 53 53   Lon: W 002 53 30

                  Temperature (C), Rain (mm), Wind Speed (mph)

                                      Heat  Cool        Avg
    Mean                              Deg   Deg         Wind                 Dom
Day Temp  High   Time   Low    Time   Days  Days  Rain  Speed High   Time    Dir
----------------------------------------------------------------------------------
01  15.4  22.2   18:52  10.6   04:59   3.6   0.7   0.0   5.8  12.3   01:02   SSE
02  10.4  11.4   00:00   8.7   22:03   7.9   0.0   3.3   6.7  15.9   21:14   NNE
03   9.4  12.5   12:46   6.0   23:44   8.9   0.0   0.0   6.8  17.0   06:37     N
04   8.9  13.1   18:20   5.7   00:21   9.4   0.0   1.0   5.5  17.4   14:00     N
05   8.2  10.1   15:44   5.4   05:13  10.1   0.0  11.4  14.0  32.0   13:17     N
06  10.2  14.5   12:50   8.5   23:46   8.1   0.0   2.3   7.5  25.7   23:47     N
07   8.3  11.0   13:38   6.0   22:57  10.0   0.0   1.0   9.9  24.6   00:18     N
08  10.0  15.8   19:21   5.3   01:59   8.3   0.0   0.0   5.2  11.4   11:04    NE
09  11.4  15.8   15:14   7.2   03:45   6.9   0.0   0.0  11.6  22.6   17:06   SSE
10  11.3  13.9   18:29   9.0   22:39   7.0   0.0   1.0  12.9  23.0   14:00   ESE
11  11.5  15.6   17:36   6.8   03:47   6.8   0.0   0.0   9.4  17.9   11:50    NE
14  10.1  12.0   12:03   8.9   05:00   4.3   0.0   0.0  ----  16.8   12:23    NE
15  18.2  21.8   18:04   0.0   11:06   0.6   0.6   1.0   7.9  13.0   13:14    SE
16  15.1  21.1   18:07  11.0   03:58   3.3   0.1   0.0   6.7  14.8   13:21    SE
17  17.2  23.3   17:27  12.6   05:29   2.4   1.3   0.0   2.6   9.6   21:01   SSE
18  14.0  17.7   13:00  10.4   04:29   4.3   0.0   0.0   6.9  14.8   17:45   ESE
19  13.4  16.7   15:21  11.4   05:07   4.9   0.0   0.0   9.5  18.8   23:23    SE
20  14.8  19.8   16:32  11.6   02:32   3.6   0.1   0.0   9.5  22.6   22:21    SE
21  13.5  18.2   16:32  11.8   23:56   4.8   0.0   2.0  13.7  27.7   06:37   SSE
22  13.7  18.0   16:15  11.0   02:21   4.6   0.0   0.0  14.3  33.3   14:49   SSE
23  14.2  19.0   17:13  10.6   02:28   4.1   0.0   1.3   9.1  35.8   01:22   SSE
24  15.9  21.9   18:01  12.7   23:53   2.7   0.3   0.0   6.8  15.9   11:37   SSE
25  15.7  19.8   13:25  12.5   00:02   2.8   0.2   0.0  11.2  21.0   15:49   ESE
26  16.1  22.1   15:54  13.0   02:42   2.5   0.4   0.0  11.1  20.8   13:16   SSE
27  14.6  18.5   13:59  13.2   04:47   3.7   0.0   3.0  13.8  25.1   20:33    SE
28  14.3  16.5   11:55  12.8   05:32   4.0   0.0   0.0  15.0  27.1   12:35    SE
29  13.2  15.5   14:45  11.9   03:59   5.1   0.0   0.0  12.9  21.9   14:08     E
30  13.9  18.4   15:12  10.8   23:56   4.4   0.0   1.0   7.3  19.0   20:21     N
----------------------------------------------------------------------------------
    13.0  23.3    17     0.0    15   149.1   3.7  28.3   9.4  35.8    23     ESE

Max >=  27.0  0
Max <=   0.0  0
Min <=   0.0  1
Min <= -18.0  0
Max Rain: 11.4 on day 5
Days of Rain: 11 (>= 0.2 mm)  5 (>= 2.0 mm)  0 (>= 20.0 mm)
Heat Base: 18.3  Cool Base: 18.3  Method: Integration
:Home::now::gauges::today: :yesterday::this month::this year::records::monthly records::reports::trends::forum:


Page updated 09/04/2015 12:35:00
powered by Cumulus v1.9.4 (1099)