Holm, Orkney weather

 Latitude N 59° 29' 09"    Longitude W 02° 53' 30"    Elevation 33 ft

NOAA Style Reports for xulih weather

Select a Year or Month report

Report for 2020 Jan
                   Monthly Climatological Summary for Jan 2020

Name: xulih weather   City: Holm   State: Orkney
Elevation: 33 ft  Lat: N 58 53 53   Lon: W 002 53 30

                  Temperature (C), Rain (mm), Wind Speed (mph)

                                      Heat  Cool        Avg
    Mean                              Deg   Deg         Wind                 Dom
Day Temp  High   Time   Low    Time   Days  Days  Rain  Speed High   Time    Dir
----------------------------------------------------------------------------------
01   6.1   8.1   13:12   2.9   05:35  12.2   0.0   0.0  10.0  25.7   21:57   SSW
02   7.9   9.2   11:02   4.9   19:40  10.4   0.0   1.3  21.3  37.8   13:13    SW
03   5.5   7.0   13:27   3.9   03:59  12.8   0.0   2.0  29.1  51.0   15:36   WNW
04   4.6   7.8   22:41   1.2   08:11  13.7   0.0   2.0  10.4  27.1   00:12   WSW
05   8.9   9.6   22:00   7.8   00:00   9.4   0.0   2.0  15.7  30.2   06:44    SW
06   8.4   9.7   02:32   6.3   23:56   9.9   0.0   1.3  19.3  33.3   10:18    SW
07   8.4  11.2   15:38   5.8   02:08   9.9   0.0   7.4  22.9  44.5   23:57    SW
08   5.0   7.2   00:00   2.4   07:56  13.3   0.0   3.0  27.8  57.3   01:12     W
09   2.8   4.7   01:27   0.0   20:40  15.5   0.0   0.0   4.3  23.7   00:21    SW
10   4.9   7.6   23:58   0.7   04:06  13.4   0.0   3.0  15.5  38.9   19:58   SSW
11   7.2   8.8   04:55   3.5   22:41  11.1   0.0   5.3  18.4  42.3   22:27   WSW
12   4.4   5.7   13:43   3.5   05:14  13.9   0.0   1.0  21.9  40.9   04:38   WSW
13   5.9   7.6   19:17   4.4   00:00  12.4   0.0   0.0  30.8  66.9   16:17     S
14   4.5   6.5   00:13   3.4   22:34  13.8   0.0   0.0  24.9  38.5   03:23   SSW
15   6.0   7.8   20:35   3.6   00:00  11.1   0.0   1.0  23.3  37.1   03:57    SW
16   6.8   7.8   20:13   4.8   07:41  11.5   0.0   3.3  22.1  44.3   16:50     S
17   6.2   7.6   13:12   5.1   08:36  12.1   0.0   1.0  23.8  39.6   17:18    SW
18   4.9   6.6   00:00   2.3   07:46  13.4   0.0   2.0  19.2  46.1   14:41    NW
19   7.1   9.3   23:46   5.2   00:32  11.2   0.0   0.0  14.5  39.1   00:25   WSW
20   9.6  11.6   13:32   9.0   00:37   8.7   0.0   0.0  18.0  40.0   14:43   WSW
21   6.8   9.7   00:02   4.0   06:44  11.5   0.0   0.0   7.1  29.5   00:22   WNW
22   8.3   9.1   14:36   7.0   00:00  10.0   0.0   2.3   8.8  39.6   22:40     W
23   8.3   9.4   14:13   6.9   23:33  10.0   0.0   0.0  18.7  39.8   00:31     W
24   6.2   6.9   00:00   5.5   05:12  12.1   0.0   2.0  14.6  29.5   00:18     W
25   7.1   7.8   11:43   6.6   00:19  11.2   0.0   0.0  13.5  22.8   23:12   SSW
26   6.2   7.9   10:47   2.9   23:44  12.1   0.0   0.0  15.2  28.6   03:46    SW
27   4.2   5.3   13:21   2.9   00:09  14.1   0.0   0.0  17.7  36.2   05:07   SSW
28   3.1   4.8   15:31  -0.2   21:28  15.2   0.0   3.0   5.2  20.1   23:28   SSW
29   4.7   6.4   10:16   2.5   03:39  13.6   0.0   3.3  12.9  35.6   10:18     W
30   6.7   8.6   16:50   4.9   00:00  11.6   0.0   6.3  19.6  46.8   20:02   WSW
31   6.8   8.2   18:44   5.4   08:55  11.5   0.0   1.0  15.4  42.7   01:22   WSW
----------------------------------------------------------------------------------
     6.2  11.6    20    -0.2    28   372.6   0.0  53.5  17.5  66.9    13      SW

Max >=  27.0  0
Max <=   0.0  0
Min <=   0.0  2
Min <= -18.0  0
Max Rain: 7.4 on day 7
Days of Rain: 20 (>= 0.2 mm)  14 (>= 2.0 mm)  0 (>= 20.0 mm)
Heat Base: 18.3  Cool Base: 18.3  Method: Integration
:Home::now::gauges::today: :yesterday::this month::this year::records::monthly records::reports::trends::forum:


Page updated 09/04/2015 12:35:00
powered by Cumulus v1.9.4 (1099)