Holm, Orkney weather

 Latitude N 59° 29' 09"    Longitude W 02° 53' 30"    Elevation 33 ft

NOAA Style Reports for xulih weather


Report for 2019 Dec
                   Monthly Climatological Summary for Dec 2019

Name: xulih weather   City: Holm   State: Orkney
Elevation: 33 ft  Lat: N 58 53 53   Lon: W 002 53 30

                  Temperature (C), Rain (mm), Wind Speed (mph)

                                      Heat  Cool        Avg
    Mean                              Deg   Deg         Wind                 Dom
Day Temp  High   Time   Low    Time   Days  Days  Rain  Speed High   Time    Dir
----------------------------------------------------------------------------------
01   5.4   7.2   12:28   3.1   00:23  12.9   0.0   0.0  10.0  26.2   04:50    NW
02   7.8   9.7   21:45   6.5   00:26  10.5   0.0   0.0  14.5  38.9   23:09   WNW
03   8.5   9.8   10:46   6.2   22:04   9.8   0.0   0.0  16.4  40.5   03:16     W
04   7.4   8.6   11:33   5.5   18:20  10.9   0.0   0.0  20.4  39.6   17:17   WNW
05   7.9   9.1   09:10   6.4   00:40  10.3   0.0   0.0  19.3  47.0   04:09     W
06   6.7   8.4   06:33   3.8   21:42  11.6   0.0   5.3   5.6  19.7   21:51   NNW
07   5.8   9.5   22:51   3.0   02:37  12.5   0.0   0.0  12.3  32.7   17:19     S
08   6.9   9.7   01:27   4.3   23:30  11.4   0.0   1.0  24.0  49.9   04:18   WNW
09   3.6   5.7   23:53  -0.4   18:29  14.6   0.0   1.0  12.8  32.9   07:04   NNW
10   7.3   9.2   14:07   5.2   23:56  11.0   0.0   3.0  29.6  48.1   09:59   SSW
11   4.9   5.8   01:10   3.7   07:45  13.4   0.0   4.1  30.3  48.1   20:12    NW
12   4.4   5.2   12:56   3.6   01:43  13.9   0.0   3.0  14.8  38.0   00:45   WNW
13   5.4   5.9   09:23   4.1   00:25  12.9   0.0   2.3   7.3  18.3   11:46    NE
14   4.7   6.1   06:37   3.0   19:08  13.6   0.0   0.0  14.2  31.5   09:01   WNW
15   4.0   4.9   14:33   3.4   01:11  14.3   0.0   0.0  11.8  19.0   13:13     W
16   3.4   6.2   13:20   1.3   20:50  14.9   0.0   0.0   5.2  18.6   08:25   SSE
17   1.8   3.9   13:22   0.2   01:00  16.5   0.0   0.0   1.2  11.0   23:02   NNW
18   4.9   7.4   21:47   2.4   00:00  12.3   0.0   1.0  13.1  37.8   21:55     S
19   8.1   8.9   12:21   0.0   06:29   7.4   0.0   0.0  13.0  25.5   07:36   NNE
20   7.9   8.5   00:00   6.2   23:48  10.2   0.0   0.0  15.7  32.4   01:14     N
21   6.5   7.4   12:51   5.2   19:02  11.5   0.0   0.0  12.6  23.9   11:01   NNW
22   6.1   7.0   03:12   4.5   09:27   6.1   0.0   0.0   3.4  16.6   05:40     N
23  -0.1   0.4   07:15  -0.7   07:36   0.7   0.0   0.0   0.0   0.0   06:39     N
24   4.1   4.9   23:47   0.0   21:06   1.7   0.0   0.0   1.8   6.9   23:06   WNW
25   3.7   5.6   13:48   2.0   08:21  14.6   0.0   0.0   1.3   8.7   13:48    NW
26   6.1   7.5   18:12   2.2   00:00  10.5   0.0   0.0  16.4  32.4   21:36   SSE
27   7.8   8.6   23:43   7.2   00:09   9.2   0.0   5.3  25.2  42.1   06:46     S
28   9.4  10.6   22:36   8.5   00:09   7.8   0.0   3.0  13.3  26.2   06:03   SSW
29  10.2  11.1   04:25   8.8   23:59   6.9   0.0   3.0  18.1  39.4   04:49    SW
30   8.0   8.9   01:31   6.4   22:07   4.0   0.0   0.0  16.7  28.4   02:05     W
31   5.4   7.7   13:19   0.0   13:17   2.6   0.0   0.0   8.9  14.8   14:10    SW
----------------------------------------------------------------------------------
     5.9  11.1    29    -0.7    23   320.5   0.0  32.0  14.2  49.9     8       W

Max >=  27.0  0
Max <=   0.0  0
Min <=   0.0  5
Min <= -18.0  0
Max Rain: 5.3 on day 6
Days of Rain: 11 (>= 0.2 mm)  8 (>= 2.0 mm)  0 (>= 20.0 mm)
Heat Base: 18.3  Cool Base: 18.3  Method: Integration
:Home::now::gauges::today: :yesterday::this month::this year::records::monthly records::reports::trends::forum:


Page updated 09/04/2015 12:35:00
powered by Cumulus v1.9.4 (1099)