Holm, Orkney weather

 Latitude N 59° 29' 09"    Longitude W 02° 53' 30"    Elevation 33 ft

NOAA Style Reports for xulih weather


Report for 2019 Nov
                   Monthly Climatological Summary for Nov 2019

Name: xulih weather   City: Holm   State: Orkney
Elevation: 33 ft  Lat: N 58 53' 54"   Lon: W 002 53' 31"

                  Temperature (C), Rain (mm), Wind Speed (mph)

                                      Heat  Cool        Avg
    Mean                              Deg   Deg         Wind                 Dom
Day Temp  High   Time   Low    Time   Days  Days  Rain  Speed High   Time    Dir
----------------------------------------------------------------------------------
 1   9.0   9.5   10:25   8.1   02:53   9.3   0.0   2.0  17.6  27.7   20:15    SE
 2   8.2   9.0   01:35   7.5   18:01  10.1   0.0  10.4  26.1  42.7   07:30     E
 3   8.5   9.4   11:59   7.6   03:02   9.8   0.0   0.0  17.4  25.9   19:28     E
 4   7.8   8.6   02:34   7.1   22:27  10.5   0.0   1.0  15.1  26.2   00:08   ENE
 5   6.4   8.8   11:55   2.6   23:55  11.9   0.0   0.0   7.5  17.7   01:48    NE
 6   4.3   5.7   14:02   2.3   00:16  14.0   0.0   1.0   5.9  13.6   17:43   ENE
 7   5.0   7.4   11:37   2.0   22:58  13.3   0.0   1.0  10.7  24.6   09:45   ENE
 8   3.5   6.9   13:49   0.8   18:07  14.8   0.0   1.0   4.7  19.0   02:05   ENE
 9   5.0   6.9   12:39   3.7   17:04  13.3   0.0   1.0  10.3  27.3   05:49   ESE
10   5.0   6.5   13:02   1.5   08:33  13.3   0.0   0.0  11.7  37.8   23:51   ESE
11   6.3   7.3   16:50   5.4   03:16  12.0   0.0  15.5  23.7  40.0   06:11     E
12   4.9   6.9   00:19   1.0   23:42  13.4   0.0   0.0  11.8  28.4   03:35    NE
13   1.5   4.7   14:00  -1.1   08:07  16.8   0.0   0.0   3.0  13.6   18:58    NE
14   3.5   6.4   13:08   0.5   02:03  14.8   0.0  18.0   6.6  20.6   20:32     N
15   4.7   7.9   12:56   2.2   22:54  13.6   0.0   0.0   5.5  14.1   05:20    NE
16   3.4   6.4   12:46   1.6   23:26  14.9   0.0   0.0   1.2  11.9   11:24     N
17   3.9   6.2   11:49   1.1   22:53  14.4   0.0   0.0   4.7  18.3   06:05   WNW
18   1.7   5.7   12:47  -0.8   22:56  16.6   0.0   0.0   3.0  13.6   11:39   NNW
19   3.8   7.1   23:45  -0.8   01:14  14.5   0.0   0.0  12.6  36.5   20:43   SSE
20   8.5   9.2   11:12   7.0   00:00   9.8   0.0   0.0  23.7  34.7   13:42     S
21   8.5   8.9   12:48   8.0   09:22   9.8   0.0   1.0  23.1  33.8   02:40   SSE
22   8.4   9.4   12:28   7.2   04:39   9.9   0.0   1.0  14.4  25.7   00:26   ESE
23   8.8   9.3   12:09   8.0   02:23   9.5   0.0   1.0  14.0  23.7   21:42   ESE
24   9.2   9.5   09:56   8.8   00:20   9.1   0.0   2.0  20.7  32.4   09:03    SE
25   9.3   9.8   12:10   8.8   03:01   9.0   0.0   1.0  12.3  26.4   22:56    SE
26   8.7   9.3   00:31   7.5   23:51   9.6   0.0   0.0  17.1  29.1   19:46     E
27   7.2   7.9   02:37   5.3   23:19  11.1   0.0   0.0  18.6  33.6   22:20   ENE
28   4.5   5.8   00:00   2.5   18:57  13.8   0.0   0.0  13.4  31.5   00:45    NE
29   3.5   5.1   19:40   2.0   08:26  14.8   0.0   0.0   8.1  22.4   19:13   NNW
30   3.0   5.3   12:37   0.4   08:19  15.3   0.0   0.0   2.0  11.9   01:26    NW
----------------------------------------------------------------------------------
     5.9   9.8    25    -1.1    13   373.0   0.0  56.9  12.2  42.7     2       E

Max >=  27.0:  0
Max <=   0.0:  0
Min <=   0.0:  3
Min <= -18.0:  0
Max Rain: 18.0 on day 14
Days of Rain: 14 (>= 0.2 mm)  5 (>= 2.0 mm)  0 (>= 20.0 mm)
Heat Base: 18.3  Cool Base: 18.3  Method: Integration
:Home::now::gauges::today: :yesterday::this month::this year::records::monthly records::reports::trends::forum:


Page updated 09/04/2015 12:35:00
powered by Cumulus v1.9.4 (1099)