Holm, Orkney weather

 Latitude N 59° 29' 09"    Longitude W 02° 53' 30"    Elevation 33 ft

NOAA Style Reports for xulih weather


Report for 2019 Oct
                   Monthly Climatological Summary for Oct 2019

Name: xulih weather   City: Holm   State: Orkney
Elevation: 33 ft  Lat: N 58 53' 54"   Lon: W 002 53' 31"

                  Temperature (C), Rain (mm), Wind Speed (mph)

                                      Heat  Cool        Avg
    Mean                              Deg   Deg         Wind                 Dom
Day Temp  High   Time   Low    Time   Days  Days  Rain  Speed High   Time    Dir
----------------------------------------------------------------------------------
 1   6.7  10.1   12:08   4.2   01:36  11.6   0.0   0.0   7.9  25.9   13:44   NNW
 2   8.8  11.8   12:23   6.4   00:15   9.5   0.0   0.0  14.0  28.4   05:08   NNW
 3   9.7  11.7   12:01   7.5   00:00   8.6   0.0   0.0  11.7  27.3   21:01     E
 4  10.1  12.9   14:02   8.0   07:40   8.2   0.0   0.0  12.9  25.9   01:42     E
 5  11.3  12.6   13:22   9.9   00:59   7.0   0.0   0.0  25.5  38.7   20:58    SE
 6  12.0  13.4   14:25  11.1   05:55   6.3   0.0   0.0  28.2  38.5   03:52    SE
 7  11.9  13.7   15:52  10.7   20:15   6.4   0.0   0.0  30.4  45.2   04:21   SSE
 8  10.9  13.0   15:57   9.9   05:52   7.4   0.0   0.0  15.0  26.2   13:47   SSW
 9  11.2  12.9   16:42  10.1   00:00   7.1   0.0   0.0  18.3  28.6   22:28    NW
10  10.5  11.7   15:30   9.0   07:28   7.8   0.0   0.0  17.3  37.1   07:45     W
11  10.6  13.8   13:36   8.6   19:25   7.7   0.0   8.9   8.8  17.4   15:44    NW
12   9.1  10.8   13:26   7.2   23:22   9.2   0.0   3.0   5.1  24.2   07:10   WNW
13   9.0  14.0   14:25   6.2   04:30   9.3   0.0   0.0   3.8  13.6   12:39   ENE
14   9.0  13.0   13:21   4.2   07:07   9.3   0.0   0.0   4.2  12.8   13:42   SSE
15  10.8  12.9   12:27   9.6   21:33   7.5   0.0   0.0  11.9  19.2   06:56   ESE
16  10.3  12.8   11:55   7.0   23:18   8.0   0.0   3.0   8.2  27.3   12:14   SSE
17   9.3  13.2   15:00   3.8   08:02   9.0   0.0   0.0   5.8  15.9   23:50     S
18  10.7  11.8   12:07   9.9   19:59   7.6   0.0   0.0  12.3  21.7   10:05   ESE
19   9.4  12.1   15:15   7.4   22:00   8.9   0.0   0.0  12.3  27.7   16:36    NE
20   7.7   9.8   12:22   6.5   23:50  10.6   0.0   0.0   8.6  20.4   07:31   NNE
21   8.4  10.6   23:24   6.6   00:00   9.9   0.0   0.0  13.2  33.6   23:11    NW
22  11.4  12.3   13:18  10.2   01:46   6.9   0.0   0.0  15.7  33.1   00:13     W
23  10.9  11.7   12:56  10.4   04:30   7.4   0.0   0.0  16.0  31.5   23:45   SSW
24   9.6  12.8   12:12   6.0   20:47   8.7   0.0   0.0  19.5  33.6   14:28   WSW
25   6.3   8.6   14:21   4.2   05:04  12.0   0.0   0.0  28.5  45.9   13:41    NW
26   7.4   9.5   13:33   6.2   02:03  10.9   0.0   4.1  20.1  39.4   19:34   WNW
27   7.0   9.3   13:00   4.8   22:16  11.8   0.0   4.1  16.1  40.0   02:44   NNW
28   5.6   8.6   13:47   3.6   23:31  12.7   0.0   4.1   7.5  23.0   01:27   NNW
29   5.1   9.6   13:59   2.4   20:40  13.2   0.0   0.0   2.1   7.8   14:05   NNE
30   5.9  10.0   14:32   2.2   04:36  12.4   0.0   0.0   2.5  13.6   22:58     W
31   8.4  10.5   13:50   6.5   06:31   9.9   0.0   0.0  12.3  25.7   17:59     S
----------------------------------------------------------------------------------
     9.2  14.0    13     2.2    30   282.8   0.0  27.2  13.4  45.9    25     WSW

Max >=  27.0:  0
Max <=   0.0:  0
Min <=   0.0:  0
Min <= -18.0:  0
Max Rain: 8.9 on day 11
Days of Rain: 6 (>= 0.2 mm)  6 (>= 2.0 mm)  0 (>= 20.0 mm)
Heat Base: 18.3  Cool Base: 18.3  Method: Integration
:Home::now::gauges::today: :yesterday::this month::this year::records::monthly records::reports::trends::forum:


Page updated 09/04/2015 12:35:00
powered by Cumulus v1.9.4 (1099)