Holm, Orkney weather

 Latitude N 59° 29' 09"    Longitude E 03° 29' 02"    Elevation 33 ft

NOAA Style Reports for xulih weather

Select a Year or Month report

Report for 2019 Aug
                   Monthly Climatological Summary for Aug 2019

Name: xulih weather   City: Holm   State: Orkney
Elevation: 33 ft  Lat: N 58 53' 54"   Lon: W 002 53' 31"

                  Temperature (C), Rain (mm), Wind Speed (mph)

                                      Heat  Cool        Avg
    Mean                              Deg   Deg         Wind                 Dom
Day Temp  High   Time   Low    Time   Days  Days  Rain  Speed High   Time    Dir
----------------------------------------------------------------------------------
 1  15.7  18.0   14:18  13.7   23:03   2.6   0.0   0.0   3.6  11.0   14:25    NW
 2  16.7  21.0   14:47  13.4   23:32   2.0   0.4   0.0   3.2  10.7   14:12   NNE
 3  15.9  20.2   14:13  11.5   05:11   2.7   0.3   0.0   4.1  11.0   17:07   ENE
 4  15.5  19.1   12:43  13.1   00:00   2.9   0.0   0.0   8.8  15.0   18:34   ESE
 5  16.1  20.4   18:07  13.9   02:03   2.5   0.2  14.7  11.0  20.6   05:32   ESE
 6  16.6  21.2   14:20  14.2   01:02   2.1   0.4   0.0   3.3  11.9   15:09     E
 7  14.9  19.1   14:31  13.2   04:45   3.4   0.0   0.0   7.3  15.7   21:20   NNE
 8  13.9  16.9   14:15  10.2   23:55   4.4   0.0   0.0   8.9  16.1   03:43   NNE
 9  12.2  15.3   12:43   7.6   03:38   6.1   0.0   2.0  13.2  30.4   11:52   ENE
10  15.3  19.3   16:26  13.0   00:10   3.1   0.0   0.0   6.6  26.4   01:08    NE
11  12.0  13.4   00:00  10.4   21:31   6.3   0.0   3.3  11.4  23.5   05:27   NNW
12  13.3  19.4   15:17   9.1   04:01   5.1   0.1   0.0   4.5  11.9   17:37     S
13  12.9  16.4   18:22   8.1   05:25   5.4   0.0   0.0   7.7  18.3   21:54     W
14  14.0  18.7   14:48  10.5   03:30   4.3   0.0   1.0  12.3  21.0   22:44     S
15  13.9  15.6   14:09  11.0   23:28   4.4   0.0   3.0  13.8  31.3   14:38     W
16  14.3  17.7   16:05  12.2   00:00   4.0   0.0   4.1  17.2  33.3   15:59   SSE
17  14.6  19.2   17:10  12.5   05:17   3.7   0.0   5.1   8.9  26.4   20:29   SSW
18  14.5  19.6   15:14  12.5   22:32   3.8   0.0   1.0  12.7  27.5   01:48   SSW
19  13.5  16.3   16:11  10.6   23:34   4.8   0.0   1.0  15.9  26.4   08:30     W
20  12.1  15.5   19:00   8.9   04:28   6.2   0.0   0.0  10.5  24.6   05:19   WNW
21  14.2  18.7   14:22  11.8   01:16   4.1   0.0   2.0  13.7  24.8   19:39   SSE
22  13.9  17.2   15:43  11.1   04:19   4.4   0.0   1.0  14.2  34.7   20:30    SW
23  14.9  18.9   16:53  12.8   07:20   3.5   0.0   2.0   8.7  23.5   03:33    SW
24  16.0  19.2   14:37  13.6   05:50   2.4   0.1   0.0   7.8  20.6   10:33     S
25  16.3  21.9   17:17  11.5   06:41   2.5   0.5   0.0   5.4  16.3   20:50   ESE
26  15.8  23.4   16:29  10.9   05:04   3.2   0.7   0.0   3.4  11.9   16:47   ESE
27  16.0  21.6   15:55  12.7   05:39   2.6   0.3   1.0   5.2  16.3   20:37    SE
28  15.0  20.3   12:41  11.5   23:29   3.4   0.1   1.0  11.2  20.6   17:04   SSW
29  13.7  16.7   16:28  10.6   03:43   4.6   0.0   0.0  13.4  30.0   15:34     S
30  14.2  16.7   14:01  12.7   23:00   4.1   0.0   5.1  10.3  26.6   02:14   WSW
31  11.2  13.0   00:00   9.8   15:45   7.1   0.0  14.7  12.5  27.3   16:52   NNW
----------------------------------------------------------------------------------
    14.5  23.4    26     7.6     9   121.7   3.1  62.0   9.4  34.7    22     SSW

Max >=  27.0:  0
Max <=   0.0:  0
Min <=   0.0:  0
Min <= -18.0:  0
Max Rain: 14.7 on day 5
Days of Rain: 16 (>= 0.2 mm)  10 (>= 2.0 mm)  0 (>= 20.0 mm)
Heat Base: 18.3  Cool Base: 18.3  Method: Integration
:Home::now::gauges::today::yesterday::this month::this year::records::monthly records::reports::trends::forum:


Page updated 09/04/2015 12:35:00
powered by Cumulus v1.9.4 (1099)