Holm, Orkney weather

 Latitude N 59° 29' 09"    Longitude E 03° 29' 02"    Elevation 33 ft

NOAA Style Reports for xulih weather

Select a Year or Month report

Report for 2019 Jul
                   Monthly Climatological Summary for Jul 2019

Name: xulih weather   City: Holm   State: Orkney
Elevation: 33 ft  Lat: N 58 53' 54"   Lon: W 002 53' 31"

                  Temperature (C), Rain (mm), Wind Speed (mph)

                                      Heat  Cool        Avg
    Mean                              Deg   Deg         Wind                 Dom
Day Temp  High   Time   Low    Time   Days  Days  Rain  Speed High   Time    Dir
----------------------------------------------------------------------------------
 1  11.0  12.5   01:42   8.3   22:10   7.3   0.0   2.0  17.3  30.6   01:13    NW
 2  11.2  14.6   14:35   8.3   23:28   7.1   0.0   2.0  11.3  27.1   14:01   WNW
 3  11.5  13.7   10:15   8.4   00:00   5.3   0.0   3.0  14.6  33.6   23:11   WNW
 4  12.0  12.7   16:34  11.4   22:55   6.3   0.0   3.0  19.8  36.0   04:15     W
 5  11.8  13.8   18:00  10.4   02:19   6.5   0.0   4.1  12.8  28.4   18:26   WNW
 6  11.4  15.8   11:52   8.1   23:59   6.9   0.0   0.0  11.4  22.1   00:27   NNW
 7  11.1  14.5   17:05   7.8   00:10   7.2   0.0   1.0  13.3  24.6   10:48    NW
 8  13.9  20.7   14:55   8.7   05:12   4.6   0.2   0.0   7.4  13.6   10:53     W
 9  12.2  14.2   11:16   9.5   01:58   6.1   0.0   3.0  11.8  20.6   09:41   ESE
10  15.3  21.8   15:54  11.9   00:00   3.4   0.4   0.0   4.5  11.6   00:36    SE
11  13.1  15.7   13:27  11.8   23:35   5.2   0.0   6.1  11.9  20.1   13:41     E
12  13.1  16.9   16:13  10.9   03:29   5.2   0.0   0.0   6.4  14.1   02:15    NE
13  13.4  15.8   13:01  11.6   04:22   4.9   0.0   1.0   8.3  18.3   13:41   WNW
14  13.1  15.8   17:20  11.5   01:31   5.2   0.0   1.0   5.8  15.0   14:36    NW
15  16.3  21.9   15:37  11.7   04:04   2.9   0.8   0.0   3.6  10.1   15:06   SSE
16  15.2  20.4   14:20  10.0   03:57   3.3   0.1   0.0   3.4  10.7   10:57    SE
17  14.7  18.1   11:51  11.9   03:52   3.6   0.0   1.0   8.1  19.7   13:31   SSE
18  14.7  19.1   12:39  12.2   23:48   3.6   0.0   2.0   4.7  15.7   13:13     S
19  15.5  20.1   19:58  11.9   00:15   3.0   0.1   0.0   5.9  13.4   15:54   SSE
20  14.6  17.3   14:08  12.8   22:12   3.7   0.0   0.0  11.2  21.7   20:36   NNW
21  15.4  20.3   15:41  11.7   00:37   3.1   0.2   0.0   8.3  22.8   23:42     S
22  15.9  19.0   13:32  13.8   05:58   2.4   0.0   0.0   5.9  20.4   01:09     S
23  19.2  24.0   19:20  14.7   00:46   1.0   1.9   0.0   7.4  16.3   14:41   SSE
24  17.5  23.4   18:40  14.8   00:25   1.6   0.9   1.0   7.5  22.6   07:17    SE
25  17.6  21.7   16:52  13.4   02:15   1.6   0.9   0.0  11.7  32.0   23:22    SE
26  17.6  22.3   15:53  15.3   05:50   1.4   0.6   4.3  11.2  28.2   00:33    SE
27  17.8  21.6   16:33  14.9   03:53   1.2   0.7   0.0  10.4  22.1   19:12   ESE
28  18.2  22.0   15:40  15.3   01:25   1.1   1.0   1.0  12.4  23.9   13:26     E
29  16.7  20.0   17:09  14.5   21:20   1.7   0.1   1.8   6.0  13.6   18:20   ESE
30  16.7  20.9   15:16  14.6   00:00   1.9   0.3   0.0   5.9  15.4   09:37   ESE
31  16.1  20.1   12:18  14.1   02:59   2.3   0.1   0.0   2.1  11.2   13:43   NNW
----------------------------------------------------------------------------------
    14.6  24.0    23     7.8     7   120.6   8.3  37.3   9.1  36.0     4      SW

Max >=  27.0:  0
Max <=   0.0:  0
Min <=   0.0:  0
Min <= -18.0:  0
Max Rain: 6.1 on day 11
Days of Rain: 16 (>= 0.2 mm)  9 (>= 2.0 mm)  0 (>= 20.0 mm)
Heat Base: 18.3  Cool Base: 18.3  Method: Integration
:Home::now::gauges::today::yesterday::this month::this year::records::monthly records::reports::trends::forum:


Page updated 09/04/2015 12:35:00
powered by Cumulus v1.9.4 (1099)