Holm, Orkney weather

 Latitude N 59° 29' 09"    Longitude E 03° 29' 02"    Elevation 33 ft

NOAA Style Reports for xulih weather

Select a Year or Month report

Report for 2019 Apr
                   Monthly Climatological Summary for Apr 2019

Name: xulih weather   City: Holm   State: Orkney
Elevation: 33 ft  Lat: N 58 53' 54"   Lon: W 002 53' 31"

                  Temperature (C), Rain (mm), Wind Speed (mph)

                                      Heat  Cool        Avg
    Mean                              Deg   Deg         Wind                 Dom
Day Temp  High   Time   Low    Time   Days  Days  Rain  Speed High   Time    Dir
----------------------------------------------------------------------------------
 1   6.7   9.8   15:42   4.3   03:18  11.6   0.0   0.0  18.0  37.4   17:07     S
 2   5.3   7.6   14:43   3.6   21:52  13.0   0.0   4.3  10.7  30.0   21:07     N
 3   5.2   8.0   16:58   3.4   01:58  13.1   0.0  12.4  19.8  39.4   11:27    NE
 4   6.7   7.9   12:42   5.8   00:00  11.6   0.0   1.0  16.7  30.6   08:13     E
 5   8.1  13.0   16:55   4.6   21:35  10.2   0.0   0.0   7.4  15.0   00:44   ESE
 6   8.0  10.8   12:40   6.3   00:01  10.3   0.0   0.0  14.9  28.2   15:55   ENE
 7   7.2   9.1   15:01   5.7   23:04  11.1   0.0   0.0  17.7  29.1   13:28   ENE
 8   7.1  10.0   14:41   5.1   03:33  11.2   0.0   0.0  13.7  24.2   22:32     E
 9   7.1   9.7   12:55   3.4   23:29  11.2   0.0   0.0  12.7  20.8   00:00     E
10   6.4   9.3   13:41   3.4   00:01  11.9   0.0   0.0   6.0  11.6   01:55     E
11   6.5  10.2   16:13   3.2   23:27  11.8   0.0   0.0   1.9   9.4   15:21   ESE
12   6.7  11.3   16:55   0.6   02:55  11.6   0.0   0.0  16.5  34.7   12:42   SSE
13   7.6  11.1   17:11   5.4   05:41  10.7   0.0   0.0  23.6  34.4   15:15   SSE
14   7.3  10.0   12:24   5.8   03:22  11.0   0.0   0.0  23.1  31.1   12:22   SSE
15   7.3  10.2   14:16   5.8   04:15  11.0   0.0   0.0  27.3  38.5   22:44    SE
16   8.1  10.6   16:36   6.8   22:58  10.2   0.0   0.0  26.5  40.3   00:07    SE
17   8.9  12.6   16:52   6.2   04:31   9.4   0.0   0.0  19.8  30.9   00:18   SSE
18   9.5  12.6   12:34   7.0   04:29   8.8   0.0   0.0  13.6  21.0   10:11   SSE
19  10.6  14.9   16:23   7.9   04:31   7.7   0.0   0.0  15.7  26.2   10:46   SSE
20  11.2  13.5   11:51   8.4   05:46   7.1   0.0   0.0   7.3  23.3   11:58   WNW
21  11.6  16.3   15:44   8.8   04:58   6.7   0.0   2.0   8.0  20.1   22:47    SE
22  11.7  15.2   13:46   9.2   23:40   6.6   0.0   0.0  16.1  28.9   17:24   SSE
23  10.2  13.3   13:43   8.6   05:25   8.1   0.0   0.0  20.3  32.0   12:00    SE
24   9.9  12.3   13:36   8.8   22:54   8.4   0.0   0.0  22.3  32.9   08:53   ESE
25  10.2  13.8   17:11   8.5   04:59   8.1   0.0   2.0  17.8  26.6   16:08   ESE
26  10.7  13.7   17:20   8.5   06:18   7.6   0.0   0.0  21.9  32.4   14:20    SE
27   9.5  10.9   13:02   8.5   20:58   8.8   0.0   0.0  13.0  25.1   00:08   ESE
28  11.1  16.3   16:55   8.4   05:23   7.2   0.0   0.0   7.0  13.6   20:12    SE
29  10.4  14.3   17:18   8.2   03:58   7.9   0.0   0.0  14.2  20.6   06:05    SE
30  10.5  15.6   15:32   7.5   23:27   7.8   0.0   0.0  10.5  19.2   00:40    SE
----------------------------------------------------------------------------------
     8.6  16.3    21     0.6    12   291.7   0.0  21.7  15.5  40.3    16      SE

Max >=  27.0:  0
Max <=   0.0:  0
Min <=   0.0:  0
Min <= -18.0:  0
Max Rain: 12.4 on day 3
Days of Rain: 5 (>= 0.2 mm)  4 (>= 2.0 mm)  0 (>= 20.0 mm)
Heat Base: 18.3  Cool Base: 18.3  Method: Integration
:Home::now::gauges::today::yesterday::this month::this year::records::monthly records::reports::trends::forum:


Page updated 09/04/2015 12:35:00
powered by Cumulus v1.9.4 (1099)