Holm, Orkney weather

 Latitude N 59° 29' 09"    Longitude E 03° 29' 02"    Elevation 33 ft

NOAA Style Reports for xulih weather

Select a Year or Month report

Report for 2019 Feb
                   Monthly Climatological Summary for Feb 2019

Name: xulih weather   City: Holm   State: Orkney
Elevation: 33 ft  Lat: N 58 53' 54"   Lon: W 002 53' 31"

                  Temperature (C), Rain (mm), Wind Speed (mph)

                                      Heat  Cool        Avg
    Mean                              Deg   Deg         Wind                 Dom
Day Temp  High   Time   Low    Time   Days  Days  Rain  Speed High   Time    Dir
----------------------------------------------------------------------------------
 1   1.5   2.8   15:23  -0.3   00:00  16.8   0.0   5.1   6.2  15.9   20:42   NNE
 2   1.4   3.6   12:27   0.0   06:05  16.9   0.0   0.0   9.1  19.7   11:59    NW
 3   2.9   5.2   14:51   1.1   04:38  15.4   0.0   1.0  13.4  26.6   14:27   WSW
 4   4.3   6.8   11:41   1.9   23:05  14.0   0.0   1.0  11.7  24.8   12:57    NW
 5   3.6   6.6   13:11  -1.1   06:44  14.7   0.0   4.1  14.5  43.4   20:41   SSE
 6   5.5   7.6   14:38   4.5   21:45  12.8   0.0   0.0  14.3  25.9   18:41     W
 7   3.7   5.3   13:05   1.7   18:31  14.6   0.0   0.0   4.1  15.0   23:29   WSW
 8   6.0   7.8   14:37   3.3   02:19  12.3   0.0   3.0  23.8  41.8   10:29     S
 9   6.2   7.5   10:10   5.2   16:23  12.1   0.0  13.7  28.6  49.9   16:29     W
10   5.2   7.2   13:10   2.6   23:33  13.1   0.0   9.1  14.5  41.2   01:00    NW
11   3.1   5.1   14:14   0.2   05:13  15.2   0.0   1.0   5.9  23.0   23:55    SW
12   7.8  10.7   14:21   4.8   00:00  10.5   0.0   0.8  19.2  45.4   18:26    SW
13   8.6  11.9   12:38   6.2   04:34   9.7   0.0   2.0  13.8  31.1   23:27   SSW
14   8.7   9.7   12:54   7.7   23:13   9.6   0.0   1.0  12.0  33.1   02:04   SSW
15   8.5   9.7   11:31   7.0   01:37   9.8   0.0   4.3  13.0  25.3   09:56   SSW
16   8.0  10.1   15:20   6.9   05:59  10.3   0.0   6.1   6.9  16.3   10:01   SSE
17   7.9   9.7   15:34   6.3   20:09  10.4   0.0   0.0  18.8  37.1   14:58     S
18   7.1   9.0   11:48   5.0   23:46  11.2   0.0   3.0  19.2  34.9   23:41    SW
19   5.5   7.5   14:30   3.7   07:25  12.8   0.0   0.0  11.7  32.4   00:07   WNW
20   8.2   9.4   12:14   6.6   00:12  10.1   0.0   2.0  15.5  30.4   20:04   SSW
21   8.8  11.9   14:57   6.7   03:59   9.5   0.0   0.0   6.3  20.8   00:09   SSE
22   8.9  10.8   13:41   7.2   03:17   9.4   0.0   0.0  13.1  28.9   19:28     S
23   9.2  10.7   16:42   7.2   23:53   9.1   0.0   0.0  16.7  31.5   11:26     S
24   7.4   9.0   13:51   4.3   06:58  10.9   0.0   0.0   9.4  23.3   15:02     S
25   8.5   9.7   13:24   7.5   23:15   9.8   0.0   2.3   4.2  20.8   18:22    SE
26   9.1  12.0   12:59   6.0   03:44   9.2   0.0   0.0   8.0  31.5   07:51     W
27   7.6  11.4   13:18   3.9   05:32  10.7   0.0   0.0   3.7  21.5   14:29    NW
28   7.5  11.7   13:05   5.1   23:44  10.8   0.0   0.0   6.1  11.4   09:30     E
----------------------------------------------------------------------------------
     6.5  12.0    26    -1.1     5   331.7   0.0  59.5  12.3  49.9     9      SW

Max >=  27.0:  0
Max <=   0.0:  0
Min <=   0.0:  3
Min <= -18.0:  0
Max Rain: 13.7 on day 9
Days of Rain: 16 (>= 0.2 mm)  11 (>= 2.0 mm)  0 (>= 20.0 mm)
Heat Base: 18.3  Cool Base: 18.3  Method: Integration
:Home::now::gauges::today::yesterday::this month::this year::records::monthly records::reports::trends::forum:


Page updated 09/04/2015 12:35:00
powered by Cumulus v1.9.4 (1099)