Holm, Orkney weather

 Latitude N 59° 29' 09"    Longitude E 03° 29' 02"    Elevation 33 ft

NOAA Style Reports for xulih weather

Select a Year or Month report

Report for 2019 Jan
                   Monthly Climatological Summary for Jan 2019

Name: xulih weather   City: Holm   State: Orkney
Elevation: 33 ft  Lat: N 58 53' 54"   Lon: W 002 53' 31"

                  Temperature (C), Rain (mm), Wind Speed (mph)

                                      Heat  Cool        Avg
    Mean                              Deg   Deg         Wind                 Dom
Day Temp  High   Time   Low    Time   Days  Days  Rain  Speed High   Time    Dir
----------------------------------------------------------------------------------
 1   4.4   5.7   00:04   3.2   08:30  13.9   0.0   0.0  17.1  40.3   00:38   NNW
 2   4.1   5.1   14:19   3.0   07:11  14.2   0.0   0.0   6.1  16.1   16:58   WNW
 3   5.8   7.3   20:41   3.8   01:03  12.5   0.0   0.0   7.8  13.9   23:36   WSW
 4   8.3   9.1   11:11   6.9   02:44  10.0   0.0   0.0  14.0  26.4   08:16     W
 5   7.7   8.7   00:00   6.9   23:18  10.6   0.0   0.0   8.5  18.6   04:35     W
 6   5.1   8.7   03:22   0.7   20:58  13.3   0.0   1.0   5.7  24.2   23:59   WNW
 7   7.2   9.4   07:48   5.0   22:50  11.1   0.0   4.1  34.7  71.6   16:07     W
 8   4.9   6.2   01:33   3.5   18:05  13.4   0.0   0.0  15.7  40.9   00:50   NNW
 9   5.1   9.2   23:38   2.5   07:38  13.2   0.0   0.0   6.9  22.8   21:33    NW
10   8.7   9.3   01:43   7.9   22:32   9.6   0.0   1.0  16.8  31.1   16:17   WNW
11   7.6   8.2   13:57   6.7   09:11  10.7   0.0   2.0  15.1  32.2   22:53   WNW
12   7.6   9.0   20:48   6.2   08:32  10.7   0.0   7.1  23.7  43.2   22:47   WNW
13   5.5   9.0   00:00   1.2   20:26  12.8   0.0  11.2  20.9  43.2   07:53    NW
14   3.7   7.6   23:54   0.5   01:54  14.6   0.0   5.3  13.1  38.3   14:06    NW
15   7.1   9.3   02:27   5.5   17:19  11.2   0.0  10.4  14.9  35.8   23:41     W
16   3.8   7.8   00:00   0.1   20:56  14.5   0.0   2.0  14.5  42.5   02:38    NW
17   1.9   4.7   12:15   0.5   19:23  16.4   0.0   2.0   9.3  32.4   04:11     N
18   3.2   5.5   23:57  -1.4   05:46  15.1   0.0   0.0  13.4  30.4   13:55     S
20   5.7   7.1   14:21   4.4   09:30  15.8   0.0   1.0   6.5  22.1   00:18    SE
21   5.6   5.9   00:00   3.6   23:27  12.7   0.0   9.1   9.7  35.6   19:51    SE
22   2.9   4.4   12:33   1.2   17:20  15.4   0.0   3.0   9.8  27.7   15:49   WNW
23   2.1   3.5   10:51   0.3   21:31  16.2   0.0   1.0   8.1  21.7   06:39     W
24   1.8   4.4   22:59  -1.6   06:22  16.5   0.0   1.0   4.9  19.9   22:09    SW
25   6.0   8.1   12:30   4.0   00:04  12.3   0.0   3.0  19.4  46.8   17:00   WNW
26   3.6   4.6   00:00   2.3   23:51  14.7   0.0  10.4   9.7  23.7   15:17   NNE
27   2.5   3.9   11:16   0.7   21:49  15.8   0.0   9.4  12.0  25.1   12:42   NNE
28   1.8   3.2   16:52  -0.2   06:33  16.5   0.0   1.0   9.4  25.7   19:41   WNW
29   1.4   3.3   14:48   0.3   23:00  16.9   0.0   4.1   6.8  20.4   01:12     W
30   1.6   3.7   14:18   0.4   00:00  16.7   0.0   3.0   7.9  22.8   13:10     S
31   1.5   3.7   14:23  -0.6   22:49  16.8   0.0   2.0   6.6  17.7   13:12    NW
----------------------------------------------------------------------------------
     4.6   9.4     7    -1.6    24   414.1   0.0  94.1  12.4  71.6     7     WNW

Max >=  27.0:  0
Max <=   0.0:  0
Min <=   0.0:  4
Min <= -18.0:  0
Max Rain: 11.2 on day 13
Days of Rain: 22 (>= 0.2 mm)  16 (>= 2.0 mm)  0 (>= 20.0 mm)
Heat Base: 18.3  Cool Base: 18.3  Method: Integration
:Home::now::gauges::today::yesterday::this month::this year::records::monthly records::reports::trends::forum:


Page updated 09/04/2015 12:35:00
powered by Cumulus v1.9.4 (1099)