Holm, Orkney weather

 Latitude N 59° 29' 09"    Longitude E 03° 29' 02"    Elevation 33 ft

NOAA Style Reports for xulih weather

Select a Year or Month report

Report for 2018 Aug
                   Monthly Climatological Summary for Aug 2018

Name: xulih weather   City: Holm   State: Orkney
Elevation: 33 ft  Lat: N 58 53' 54"   Lon: W 002 53' 31"

                  Temperature (C), Rain (mm), Wind Speed (mph)

                                      Heat  Cool        Avg
    Mean                              Deg   Deg         Wind                 Dom
Day Temp  High   Time   Low    Time   Days  Days  Rain  Speed High   Time    Dir
----------------------------------------------------------------------------------
 1  16.5  21.6   16:51  14.2   05:27   2.1   0.3   2.0  10.6  20.6   07:27     S
 2  17.6  24.8   15:55  14.0   04:11   1.7   1.1   0.0   6.1  16.6   03:47   SSE
 3  16.2  20.0   12:14  12.4   23:34   2.3   0.2   1.0   4.1  19.0   22:44     W
 4  14.0  16.9   11:51  12.1   01:05   4.3   0.0   2.0  11.2  23.0   20:08   WNW
 5  13.8  18.1   15:14  11.7   03:14   4.5   0.0   3.0   8.9  16.8   10:45   WSW
 6  15.0  18.2   12:17  13.1   01:21   3.3   0.0   5.1   9.6  23.3   16:47     W
 7  15.8  20.2   18:03  12.6   02:49   2.7   0.2   0.0   6.9  17.4   11:52     S
 8  14.4  19.9   18:42   9.1   04:32   3.9   0.1   0.0   5.5  16.8   10:36   WSW
 9  13.5  18.5   13:38   8.5   23:51   4.8   0.0   1.0   8.1  23.0   12:48   SSW
10  12.8  19.5   16:28   6.7   04:28   5.5   0.0   1.0   2.8  13.0   12:38   NNW
11  14.0  19.4   14:40   9.2   05:55   4.3   0.0   0.0   6.2  16.6   11:11     W
12  13.7  18.0   15:14  10.1   01:36   4.6   0.0   0.0  11.5  20.1   16:17     E
13  15.4  19.7   16:23  13.0   01:17   3.0   0.1   0.0   9.1  14.1   10:48   ESE
14  15.1  17.9   14:49  13.9   04:16   3.2   0.0   4.1   4.8  16.8   21:41   SSW
15  14.8  19.8   12:28  12.5   23:57   3.6   0.0   3.0   8.8  28.9   22:07    SW
16  14.2  19.4   13:48   9.8   06:00   4.1   0.0   0.0   9.3  21.3   15:53     W
17  14.3  18.4   12:24  11.5   05:53   4.0   0.0   0.0  12.8  21.3   14:14   WSW
18  13.6  16.5   13:00  11.8   22:12   4.7   0.0   1.0  18.6  44.7   10:28     W
19  13.4  17.8   18:32   9.2   23:08   4.9   0.0   0.0   3.2  13.0   00:08   NNE
20  13.1  15.7   12:49   9.6   00:00   5.2   0.0   1.0   3.8  12.3   11:53   WNW
21  14.1  17.0   14:51  10.6   00:17   4.2   0.0   2.0  12.6  27.1   14:11   SSE
22  13.8  16.5   14:19  11.4   07:06   4.5   0.0   1.0  11.1  22.6   03:42   WNW
23  13.1  16.9   15:05  10.4   05:09   5.1   0.0   1.0  10.2  21.3   04:32     W
24  11.5  15.4   12:58   8.6   05:25   6.8   0.0   3.0  10.9  24.2   13:19    NW
25  10.5  14.1   16:40   7.5   23:37   7.8   0.0   6.1  10.6  23.7   08:03   NNW
26  12.6  15.6   16:05   9.2   00:00   5.7   0.0   3.0  13.0  24.6   17:42   SSE
27  13.0  17.2   17:14   7.8   23:41   5.3   0.0   0.0   4.5  15.0   00:00     N
28  13.4  16.5   13:03   7.1   00:48   4.9   0.0   1.0   9.6  21.3   15:58   SSW
29  13.1  17.2   14:45  10.5   06:49   5.2   0.0   1.0  12.2  25.9   16:32     W
30  12.3  16.0   16:52   6.9   23:57   6.0   0.0   3.0   7.4  18.1   00:38   WNW
31  13.2  18.2   17:16   6.3   00:05   5.0   0.0   0.0  15.2  30.0   18:07   SSE
----------------------------------------------------------------------------------
    13.9  24.8     2     6.3    31   137.2   2.0  45.3   9.0  44.7    18     WSW

Max >=  27.0:  0
Max <=   0.0:  0
Min <=   0.0:  0
Min <= -18.0:  0
Max Rain: 6.1 on day 25
Days of Rain: 20 (>= 0.2 mm)  11 (>= 2.0 mm)  0 (>= 20.0 mm)
Heat Base: 18.3  Cool Base: 18.3  Method: Integration
:Home::now::gauges::today::yesterday::this month::this year::records::monthly records::reports::trends::forum:


Page updated 09/04/2015 12:35:00
powered by Cumulus v1.9.4 (1099)