Holm, Orkney weather

 Latitude N 59° 29' 09"    Longitude W 02° 53' 30"    Elevation 33 ft

NOAA Style Reports for xulih weather

Select a Year or Month report
V/Λ2020 > Jan Feb Mar Apr May Jun Jul Aug Sep Oct Nov Dec
V/Λ2019 > Jan Feb Mar Apr May Jun Jul Aug Sep Oct Nov Dec
V/Λ2018 > Jan Feb Mar Apr May Jun Jul Aug Sep Oct Nov Dec
V/Λ2017 > Jan Feb Mar Apr May Jun Jul Aug Sep Oct Nov Dec
V/Λ2016 > Jan Feb Mar Apr May Jun Jul Aug Sep Oct Nov Dec
V/Λ2015 > Jan Feb Mar Apr May Jun Jul Aug Sep Oct Nov Dec

Report for 2018 Jul
                   Monthly Climatological Summary for Jul 2018

Name: xulih weather   City: Holm   State: Orkney
Elevation: 33 ft  Lat: N 58 53' 54"   Lon: W 002 53' 31"

                  Temperature (C), Rain (mm), Wind Speed (mph)

                                      Heat  Cool        Avg
    Mean                              Deg   Deg         Wind                 Dom
Day Temp  High   Time   Low    Time   Days  Days  Rain  Speed High   Time    Dir
----------------------------------------------------------------------------------
 1  15.9  22.8   17:21  12.0   23:58   3.0   0.7   0.0  11.1  20.1   06:54     S
 2  14.2  21.6   15:23   8.0   03:59   4.3   0.2   0.0   5.4  17.7   00:06   WNW
 3  17.7  23.7   16:11  10.8   04:32   2.3   1.6   0.0   4.1  11.0   18:26   SSE
 4  16.9  21.0   17:16  11.6   04:22   2.0   0.6   0.0   9.1  21.0   16:34   SSE
 5  14.0  15.9   14:36   9.4   23:08   4.3   0.0   0.0  13.9  28.0   10:08    NW
 6  14.2  17.8   15:57  10.2   00:00   4.1   0.0   0.0   7.1  15.9   16:19   WNW
 7  16.9  21.9   13:45   9.5   05:15   2.4   1.0   0.0   5.2  14.3   16:36   SSE
 8  14.6  17.0   09:52  11.6   23:40   3.7   0.0   0.0   9.0  23.0   09:13   WNW
 9  13.0  15.4   16:58  11.4   00:17   5.3   0.0   0.0   8.0  18.3   07:21   WNW
10  13.8  15.2   12:37  12.8   00:03   4.5   0.0   6.1   2.7   8.7   17:28   WNW
11  13.5  14.6   11:04  12.3   22:31   4.8   0.0   1.0   2.6  11.2   18:14   NNW
12  14.1  16.8   13:23  10.8   23:57   4.2   0.0   0.0   3.0  10.5   01:31     N
13  14.4  20.4   15:37   7.4   04:09   4.1   0.2   0.0   3.5  12.5   17:25    SE
14  15.4  20.4   11:51  12.3   04:00   3.0   0.1   4.3   6.0  15.4   23:21   SSE
15  16.7  21.8   13:59  14.1   00:23   2.0   0.3   4.8   3.8  11.6   14:14    SE
16  14.7  16.9   15:14  12.9   22:48   3.6   0.0   1.0   6.6  15.0   05:22   ESE
17  14.6  17.8   13:38  12.8   23:50   3.7   0.0   5.3   2.3  10.1   15:14   ENE
18  14.2  17.2   13:51  12.1   03:35   4.1   0.0   1.0   6.0  14.8   10:55   WNW
19  16.5  23.8   16:33  12.7   00:00   2.6   0.8   0.0   4.4  12.5   07:26    SE
20  15.2  19.5   15:26  12.2   22:58   3.1   0.0   1.0   5.2  17.7   17:57   WNW
21  14.1  17.0   14:12  12.0   06:12   4.2   0.0   1.0   7.7  17.4   13:41     W
22  15.0  17.9   14:54  13.7   00:00   3.3   0.0   1.0  10.2  24.8   13:20   WNW
23  15.9  19.2   14:33  13.6   03:04   2.4   0.0   1.0   6.0  19.0   15:12     W
24  16.1  20.9   14:35  12.6   05:57   2.5   0.3   0.0   5.2  13.6   17:49   SSE
25  15.1  19.6   19:38  10.3   02:58   3.2   0.0   1.0   5.3  16.1   15:15   SSE
26  16.7  20.9   19:15  12.4   01:29   2.1   0.5   0.0  14.5  25.3   17:56    SE
27  17.5  21.6   14:35  15.5   04:44   1.2   0.4   4.1  14.9  30.9   18:18    SE
28  16.3  18.2   09:46  13.7   22:53   2.0   0.0   1.0  19.4  37.1   23:44   ESE
29  14.5  18.7   13:46  12.6   23:16   3.8   0.0   2.0  24.0  47.4   02:34   SSE
30  15.8  21.0   16:55  11.9   03:03   2.9   0.4   3.0  12.0  24.6   16:04   SSE
31  16.6  20.7   18:03  13.9   02:49   2.2   0.4   2.0  11.5  26.6   15:54   SSE
----------------------------------------------------------------------------------
    15.3  23.8    19     7.4    13   100.9   7.5  40.6   8.1  47.4    29       S

Max >=  27.0:  0
Max <=   0.0:  0
Min <=   0.0:  0
Min <= -18.0:  0
Max Rain: 6.1 on day 10
Days of Rain: 17 (>= 0.2 mm)  8 (>= 2.0 mm)  0 (>= 20.0 mm)
Heat Base: 18.3  Cool Base: 18.3  Method: Integration
:Home::now::gauges::today: :yesterday::this month::this year::records::monthly records::reports::trends::forum:


Page updated 09/04/2015 12:35:00
powered by Cumulus v1.9.4 (1099)