Holm, Orkney weather

 Latitude N 59° 29' 09"    Longitude E 03° 29' 02"    Elevation 33 ft

NOAA Style Reports for xulih weather

Select a Year or Month report

Report for 2018 Jun
                   Monthly Climatological Summary for Jun 2018

Name: xulih weather   City: Holm   State: Orkney
Elevation: 33 ft  Lat: N 58 53' 54"   Lon: W 002 53' 31"

                  Temperature (C), Rain (mm), Wind Speed (mph)

                                      Heat  Cool        Avg
    Mean                              Deg   Deg         Wind                 Dom
Day Temp  High   Time   Low    Time   Days  Days  Rain  Speed High   Time    Dir
----------------------------------------------------------------------------------
 1  14.3  20.0   17:00  11.0   04:07   4.1   0.1   0.0   5.8  11.9   00:23   SSE
 2  14.7  20.2   13:04  10.7   03:17   3.7   0.2   0.0   3.1  12.5   14:04   ENE
 3  11.8  13.7   15:06   9.6   23:50   6.5   0.0   0.0   7.2  13.9   14:26   NNW
 4  11.2  14.1   14:52   8.4   23:59   7.1   0.0   0.0   6.9  13.9   14:54    NE
 5  11.0  14.8   15:18   5.3   03:50   7.3   0.0   0.0  10.3  21.3   12:28   ENE
 6  12.6  16.9   13:31   7.9   01:09   5.7   0.0   0.0   7.3  15.9   17:53   ESE
 7  12.8  17.7   14:46   8.2   02:11   5.5   0.0   0.0   8.8  17.4   15:06     E
 8  11.9  14.4   13:43  10.4   04:04   6.4   0.0   0.0   6.5  12.5   10:41     E
 9  11.4  14.4   14:08  10.0   03:57   6.9   0.0   0.0   4.6  11.0   19:23   ESE
10  12.5  16.6   13:18  10.3   04:43   5.8   0.0   0.0   4.8  11.2   00:04   ESE
11  13.0  16.9   17:53   9.6   23:27   5.3   0.0   0.0   3.8  15.0   18:14     N
12  11.7  14.3   11:51   9.8   23:37   6.6   0.0   0.0   8.5  19.0   14:47   NNW
13  12.0  15.4   11:58   9.7   01:35   6.3   0.0   0.0   9.6  25.7   23:31     S
14  11.9  15.5   08:47   9.3   21:08   6.4   0.0   0.0  25.8  50.3   15:18     W
15  12.2  15.0   14:16   9.5   03:39   6.1   0.0   0.0  13.5  36.2   01:14     W
16  12.9  17.7   15:04   8.5   02:52   5.4   0.0   0.0   8.1  18.8   15:40   SSE
17  13.3  19.6   13:51   6.2   04:25   5.1   0.1   0.0   6.0  16.1   19:04     S
18  13.3  15.0   13:44  10.4   23:15   4.9   0.0   0.0  17.1  38.5   21:10     W
19  11.6  14.9   16:48   9.6   23:54   6.6   0.0   0.0  21.7  44.7   02:21   WNW
20  11.1  14.2   13:17   7.4   23:39   7.2   0.0   1.0   7.7  22.6   16:01    NW
21   9.9  13.5   16:32   6.7   00:45   8.4   0.0   1.0  19.1  39.6   14:35   NNW
22  10.9  14.1   15:43   8.5   00:21   7.4   0.0   0.0  18.0  32.9   14:43    NW
23  11.5  12.3   11:17  10.6   03:44   6.8   0.0   1.0  17.9  29.1   00:59   WNW
24  13.4  15.9   17:29  11.0   02:44   4.9   0.0   0.0  14.6  26.4   14:38   WNW
25  12.9  16.7   15:38   7.2   03:46   5.4   0.0   0.0   6.6  22.4   14:47    NW
26  14.3  19.3   11:42  10.9   05:39   4.0   0.0   0.0   4.0  16.3   12:50    SW
27  15.6  21.5   18:38  10.2   02:48   3.3   0.6   0.0   6.0  11.6   12:57   SSE
28  15.2  21.0   13:02  10.4   04:48   3.4   0.3   0.0   5.7  18.8   16:44     E
29  13.7  17.5   16:32  11.4   04:19   4.6   0.0   0.0  10.1  16.1   13:54    SE
30  15.0  19.5   19:48  11.4   00:05   3.4   0.1   0.0  12.7  19.7   08:34   SSE
----------------------------------------------------------------------------------
    12.7  21.5    27     5.3     5   170.5   1.4   3.0  10.1  50.3    14     WNW

Max >=  27.0:  0
Max <=   0.0:  0
Min <=   0.0:  0
Min <= -18.0:  0
Max Rain: 1.0 on day 20
Days of Rain: 3 (>= 0.2 mm)  0 (>= 2.0 mm)  0 (>= 20.0 mm)
Heat Base: 18.3  Cool Base: 18.3  Method: Integration
:Home::now::gauges::today::yesterday::this month::this year::records::monthly records::reports::trends::forum:


Page updated 09/04/2015 12:35:00
powered by Cumulus v1.9.4 (1099)