Holm, Orkney weather

 Latitude N 59° 29' 09"    Longitude E 03° 29' 02"    Elevation 33 ft

NOAA Style Reports for xulih weather

Select a Year or Month report

Report for 2018 May
                   Monthly Climatological Summary for May 2018

Name: xulih weather   City: Holm   State: Orkney
Elevation: 33 ft  Lat: N 58 53' 54"   Lon: W 002 53' 31"

                  Temperature (C), Rain (mm), Wind Speed (mph)

                                      Heat  Cool        Avg
    Mean                              Deg   Deg         Wind                 Dom
Day Temp  High   Time   Low    Time   Days  Days  Rain  Speed High   Time    Dir
----------------------------------------------------------------------------------
 1   8.2  11.7   15:07   4.9   04:19  10.1   0.0   1.0  11.6  25.3   23:51     S
 2   8.2  10.8   16:41   6.0   23:51  10.1   0.0   0.8  16.3  25.9   07:18   WNW
 3   8.3  11.1   14:02   5.4   05:25  10.0   0.0   1.0  13.9  24.6   00:22    NW
 4  11.0  18.0   14:37   8.4   03:21   7.3   0.0   3.3   6.2  17.7   23:59     W
 5  13.1  19.4   15:48   9.2   05:26   5.2   0.0   0.0  12.1  23.3   08:33   WSW
 6   9.5  13.1   17:45   5.8   05:54   8.8   0.0   0.0   7.5  20.8   23:38   SSE
 7   8.5  11.3   19:50   6.7   02:25   9.8   0.0   1.0  10.7  23.3   14:28    SE
 8  10.7  16.6   13:26   7.0   01:16   7.6   0.0   0.0   5.7  17.4   11:57   SSW
 9   9.2  10.9   10:06   7.0   03:43   9.1   0.0   1.8  12.1  26.6   17:50     S
10  10.2  13.8   17:03   7.4   04:22   8.1   0.0   0.0  10.9  23.7   12:43    NW
11   9.9  12.0   13:38   7.9   00:00   8.4   0.0   0.0  21.5  40.9   15:22   SSE
12  10.6  16.1   16:29   8.7   05:00   7.7   0.0   1.0  13.7  26.6   04:15   SSE
13   9.8  12.3   12:29   7.4   23:54   8.5   0.0  10.4   7.5  18.8   09:58   SSE
14  10.8  17.1   18:30   3.8   03:07   7.5   0.0   0.0   5.8  16.3   16:53   SSE
15  11.0  15.6   12:33   8.1   23:07   7.3   0.0   0.0  10.2  32.4   18:46   WSW
16   9.4  12.7   14:43   5.3   04:46   8.9   0.0   0.0  11.9  21.3   09:15    NW
17  11.2  18.1   17:10   6.1   03:10   7.1   0.0   0.0   7.0  14.1   11:55     W
18  11.4  15.8   13:49   8.1   03:52   6.9   0.0   0.0   5.6  14.1   11:18     S
19  12.5  17.5   15:49   8.1   02:06   5.8   0.0   0.0  10.8  25.3   17:23     S
20  12.6  15.0   13:16  10.5   05:26   5.7   0.0   1.0  12.3  25.9   03:20     S
21   9.1  12.1   00:00   6.9   20:13   9.2   0.0   8.4   8.2  21.5   13:23    NE
22   9.6  12.5   15:00   6.9   01:47   8.7   0.0   0.0   9.8  20.6   07:15   ENE
23  11.9  16.2   17:24   8.6   03:44   6.4   0.0   0.0   8.4  17.7   23:36     S
24  10.6  14.5   20:06   8.0   23:57   7.7   0.0   0.0  11.4  22.8   16:40     S
25  11.4  15.5   13:45   6.4   01:35   6.9   0.0   0.0   8.1  21.0   21:49    NE
26  10.0  12.0   15:26   8.2   23:46   8.3   0.0   0.0   8.8  15.2   04:32     E
27  12.0  17.8   19:03   5.8   03:29   6.3   0.0   0.0   6.7  15.9   23:33    SE
28  14.1  19.7   16:49  10.3   01:21   4.3   0.1   0.0   6.9  15.9   00:37   SSE
29  14.4  21.2   16:11  10.4   02:10   4.1   0.3   0.0   6.6  15.9   21:13   ESE
30  14.0  19.7   16:39   9.6   03:24   4.4   0.1   0.0   7.0  14.8   00:09   ENE
31  15.0  19.5   13:55  12.2   02:39   3.4   0.1   1.0   6.3  14.1   18:23    SE
----------------------------------------------------------------------------------
    10.9  21.2    29     3.8    14   229.6   0.6  30.7   9.7  40.9    11       S

Max >=  27.0:  0
Max <=   0.0:  0
Min <=   0.0:  0
Min <= -18.0:  0
Max Rain: 10.4 on day 13
Days of Rain: 11 (>= 0.2 mm)  3 (>= 2.0 mm)  0 (>= 20.0 mm)
Heat Base: 18.3  Cool Base: 18.3  Method: Integration
:Home::now::gauges::today::yesterday::this month::this year::records::monthly records::reports::trends::forum:


Page updated 09/04/2015 12:35:00
powered by Cumulus v1.9.4 (1099)