Holm, Orkney weather

 Latitude N 59° 29' 09"    Longitude E 03° 29' 02"    Elevation 33 ft

NOAA Style Reports for xulih weather

Select a Year or Month report

Report for 2018 Apr
                   Monthly Climatological Summary for Apr 2018

Name: xulih weather   City: Holm   State: Orkney
Elevation: 33 ft  Lat: N 58 53' 54"   Lon: W 002 53' 31"

                  Temperature (C), Rain (mm), Wind Speed (mph)

                                      Heat  Cool        Avg
    Mean                              Deg   Deg         Wind                 Dom
Day Temp  High   Time   Low    Time   Days  Days  Rain  Speed High   Time    Dir
----------------------------------------------------------------------------------
 1   3.2   8.3   17:12  -0.7   06:21  15.1   0.0   1.0   6.9  21.7   21:12   NNE
 2   3.1   6.1   17:12  -0.3   07:02  15.2   0.0   0.0   9.8  22.8   23:32     E
 3   3.1   5.2   11:04   1.6   06:41  15.2   0.0   2.0  12.1  22.4   17:25     E
 4   3.2   7.7   17:17   0.3   06:17  15.1   0.0   0.0   4.4  15.0   01:05   NNE
 5   3.7   7.3   13:35   0.5   23:59  14.6   0.0   1.0  13.7  37.8   14:34    NW
 6   5.0   6.9   13:52   0.4   00:03  13.3   0.0   2.0  20.6  37.4   22:21   SSE
 7   8.4  14.1   14:45   5.7   00:38   9.9   0.0   0.0  10.8  24.6   00:21   ESE
 8   8.2  11.1   12:29   6.3   05:21  10.1   0.0   2.0   3.0  12.3   00:13   ENE
 9   6.4   7.5   00:00   5.3   23:16  11.9   0.0   1.0  10.5  20.1   16:47   ESE
10   5.8   7.1   17:10   4.7   02:24  12.5   0.0   1.0  11.3  27.1   23:30   ESE
11   7.0   9.9   15:10   5.1   01:10  11.3   0.0   1.0  21.9  32.4   23:24   SSE
12   7.5  10.0   13:22   5.6   05:17  10.8   0.0   0.0  19.9  30.4   00:15   SSE
13   6.9   8.5   12:48   6.3   15:31  11.4   0.0   2.0  18.7  32.9   07:07    SE
14   7.8  13.0   15:56   5.7   23:13  10.5   0.0   0.0   9.2  17.2   00:04   SSE
15   7.5  11.4   14:44   5.7   02:39  10.8   0.0   0.0  12.6  23.5   21:15    SE
16   7.4   9.1   15:26   5.8   00:04  10.9   0.0   0.0  17.5  27.7   23:52   SSE
17  10.0  15.2   17:38   7.6   00:35   8.3   0.0   0.0  20.5  49.4   07:16     S
18  11.1  16.3   14:15   7.8   05:23   7.2   0.0   0.0  14.4  27.5   11:06     S
19  12.0  17.1   14:16   8.7   06:29   6.3   0.0   0.0   7.1  23.3   02:07     S
20  10.3  14.5   12:32   7.4   23:42   8.0   0.0   0.0  10.4  25.7   16:03   WNW
21   9.2  14.1   14:00   6.5   05:15   9.1   0.0   0.0   9.9  19.0   16:51     S
22   9.4  15.2   12:31   7.4   22:52   8.9   0.0   2.0   9.2  23.3   02:22   SSW
23   8.8  11.5   12:49   7.1   22:44   9.5   0.0   2.0  14.7  29.1   10:59   WNW
24   8.4  11.0   16:18   6.5   23:36   9.9   0.0   2.0  16.0  34.0   10:55   WNW
25   8.8  14.5   16:50   6.5   23:50   9.5   0.0   2.0   7.8  15.7   11:48   WSW
26   7.4  10.3   16:09   4.3   23:51  10.9   0.0   2.0  12.6  24.8   08:00   WNW
27   6.3  12.2   13:04   1.4   05:30  12.0   0.0   8.1   3.2  10.3   16:23   ESE
28   7.3  11.1   14:20   2.8   23:41  11.0   0.0   3.3   5.1  14.1   18:07   ENE
29   6.4  11.6   13:10   1.5   04:28  11.9   0.0   0.0   3.9  13.2   12:08   ENE
30   7.7  14.3   18:11   0.8   05:30  10.6   0.0   0.0   4.9  14.1   14:35   SSE
----------------------------------------------------------------------------------
     7.2  17.1    19    -0.7     1   331.7   0.0  34.4  11.4  49.4    17     SSE

Max >=  27.0:  0
Max <=   0.0:  0
Min <=   0.0:  2
Min <= -18.0:  0
Max Rain: 8.1 on day 27
Days of Rain: 16 (>= 0.2 mm)  11 (>= 2.0 mm)  0 (>= 20.0 mm)
Heat Base: 18.3  Cool Base: 18.3  Method: Integration
:Home::now::gauges::today::yesterday::this month::this year::records::monthly records::reports::trends::forum:


Page updated 09/04/2015 12:35:00
powered by Cumulus v1.9.4 (1099)